216.73.217.137 - - [12/May/2026:20:22:19 +0700] "GET /view/item/012223518212 HTTP/1.1" 500 - "-" "Mozilla/5.0 AppleWebKit/537.36 (KHTML, like Gecko; compatible; ClaudeBot/1.0; +claudebot@anthropic.com)"
216.73.217.137 - - [12/May/2026:20:22:24 +0700] "GET /view/item/011904367930 HTTP/1.1" 500 - "-" "Mozilla/5.0 AppleWebKit/537.36 (KHTML, like Gecko; compatible; ClaudeBot/1.0; +claudebot@anthropic.com)"
66.249.71.69 - - [12/May/2026:20:22:25 +0700] "GET /?jp/096044834.html HTTP/1.1" 200 811761 "-" "Mozilla/5.0 (Linux; Android 6.0.1; Nexus 5X Build/MMB29P) AppleWebKit/537.36 (KHTML, like Gecko) Chrome/147.0.7727.137 Mobile Safari/537.36 (compatible; Googlebot/2.1; +http://www.google.com/bot.html)"
66.249.71.69 - - [12/May/2026:20:22:24 +0700] "POST /kaunet/categoryshop/office/sitemap/KWf_CGmNaviPlusAjaxAction.jsp HTTP/1.1" 200 798161 "https://win678z.net/?goods/041037907" "Mozilla/5.0 (Linux; Android 6.0.1; Nexus 5X Build/MMB29P) AppleWebKit/537.36 (KHTML, like Gecko) Chrome/147.0.7727.137 Mobile Safari/537.36 (compatible; Googlebot/2.1; +http://www.google.com/bot.html)"
66.249.71.70 - - [12/May/2026:20:22:27 +0700] "GET /?goods/178022670 HTTP/1.1" 200 798174 "-" "Mozilla/5.0 (Linux; Android 6.0.1; Nexus 5X Build/MMB29P) AppleWebKit/537.36 (KHTML, like Gecko) Chrome/147.0.7727.137 Mobile Safari/537.36 (compatible; Googlebot/2.1; +http://www.google.com/bot.html)"
216.73.217.137 - - [12/May/2026:20:22:29 +0700] "GET /view/item/012601281464 HTTP/1.1" 500 - "-" "Mozilla/5.0 AppleWebKit/537.36 (KHTML, like Gecko; compatible; ClaudeBot/1.0; +claudebot@anthropic.com)"
216.73.217.137 - - [12/May/2026:20:22:34 +0700] "GET /view/item/012506714669 HTTP/1.1" 500 - "-" "Mozilla/5.0 AppleWebKit/537.36 (KHTML, like Gecko; compatible; ClaudeBot/1.0; +claudebot@anthropic.com)"
66.249.64.34 - - [12/May/2026:20:22:34 +0700] "POST /kaunet/categoryshop/office/sitemap/KWf_CGmNaviPlusAjaxAction.jsp HTTP/1.1" 200 798161 "https://win678z.net/?goods/178022670" "Mozilla/5.0 (Linux; Android 6.0.1; Nexus 5X Build/MMB29P) AppleWebKit/537.36 (KHTML, like Gecko) Chrome/147.0.7727.137 Mobile Safari/537.36 (compatible; Googlebot/2.1; +http://www.google.com/bot.html)"
216.73.217.137 - - [12/May/2026:20:22:39 +0700] "GET /view/item/01395536516 HTTP/1.1" 500 - "-" "Mozilla/5.0 AppleWebKit/537.36 (KHTML, like Gecko; compatible; ClaudeBot/1.0; +claudebot@anthropic.com)"
57.141.2.15 - - [12/May/2026:20:22:42 +0700] "GET /view/item/013623618236 HTTP/1.1" 500 - "-" "meta-externalagent/1.1 (+https://developers.facebook.com/docs/sharing/webmasters/crawler)"
66.249.64.35 - - [12/May/2026:20:22:41 +0700] "GET /?jp/177045230.html HTTP/1.1" 200 790490 "-" "Mozilla/5.0 (Linux; Android 6.0.1; Nexus 5X Build/MMB29P) AppleWebKit/537.36 (KHTML, like Gecko) Chrome/147.0.7727.137 Mobile Safari/537.36 (compatible; Googlebot/2.1; +http://www.google.com/bot.html)"
216.73.217.137 - - [12/May/2026:20:22:44 +0700] "GET /view/item/01173719555 HTTP/1.1" 500 - "-" "Mozilla/5.0 AppleWebKit/537.36 (KHTML, like Gecko; compatible; ClaudeBot/1.0; +claudebot@anthropic.com)"
216.73.217.137 - - [12/May/2026:20:22:49 +0700] "GET /view/item/013695892500 HTTP/1.1" 500 - "-" "Mozilla/5.0 AppleWebKit/537.36 (KHTML, like Gecko; compatible; ClaudeBot/1.0; +claudebot@anthropic.com)"
66.249.71.65 - - [12/May/2026:20:22:50 +0700] "POST /kaunet/categoryshop/office/sitemap/KWf_CGmNaviPlusAjaxAction.jsp HTTP/1.1" 200 798161 "https://win678z.net/?jp/177045230.html" "Mozilla/5.0 (Linux; Android 6.0.1; Nexus 5X Build/MMB29P) AppleWebKit/537.36 (KHTML, like Gecko) Chrome/147.0.7727.137 Mobile Safari/537.36 (compatible; Googlebot/2.1; +http://www.google.com/bot.html)"
66.249.64.37 - - [12/May/2026:20:22:50 +0700] "POST /kaunet/categoryshop/office/sitemap/KWf_CGmNaviPlusAjaxAction.jsp HTTP/1.1" 200 798161 "https://win678z.net/?detail/0980474902778" "Mozilla/5.0 (Linux; Android 6.0.1; Nexus 5X Build/MMB29P) AppleWebKit/537.36 (KHTML, like Gecko) Chrome/147.0.7727.137 Mobile Safari/537.36 (compatible; Googlebot/2.1; +http://www.google.com/bot.html)"
216.73.217.137 - - [12/May/2026:20:22:54 +0700] "GET /view/item/011872239916 HTTP/1.1" 500 - "-" "Mozilla/5.0 AppleWebKit/537.36 (KHTML, like Gecko; compatible; ClaudeBot/1.0; +claudebot@anthropic.com)"
66.249.64.38 - - [12/May/2026:20:22:54 +0700] "POST /kaunet/categoryshop/office/sitemap/KWf_CGmNaviPlusAjaxAction.jsp HTTP/1.1" 200 798161 "https://win678z.net/?jp/096044834.html" "Mozilla/5.0 (Linux; Android 6.0.1; Nexus 5X Build/MMB29P) AppleWebKit/537.36 (KHTML, like Gecko) Chrome/147.0.7727.137 Mobile Safari/537.36 (compatible; Googlebot/2.1; +http://www.google.com/bot.html)"
216.73.217.137 - - [12/May/2026:20:22:59 +0700] "GET /view/item/012811737941 HTTP/1.1" 500 - "-" "Mozilla/5.0 AppleWebKit/537.36 (KHTML, like Gecko; compatible; ClaudeBot/1.0; +claudebot@anthropic.com)"
216.73.217.137 - - [12/May/2026:20:23:04 +0700] "GET /view/item/01939992983 HTTP/1.1" 500 - "-" "Mozilla/5.0 AppleWebKit/537.36 (KHTML, like Gecko; compatible; ClaudeBot/1.0; +claudebot@anthropic.com)"
216.73.217.137 - - [12/May/2026:20:23:09 +0700] "GET /view/item/011688174186 HTTP/1.1" 500 - "-" "Mozilla/5.0 AppleWebKit/537.36 (KHTML, like Gecko; compatible; ClaudeBot/1.0; +claudebot@anthropic.com)"
216.73.217.137 - - [12/May/2026:20:23:14 +0700] "GET /view/item/014060308391 HTTP/1.1" 500 - "-" "Mozilla/5.0 AppleWebKit/537.36 (KHTML, like Gecko; compatible; ClaudeBot/1.0; +claudebot@anthropic.com)"
216.73.217.137 - - [12/May/2026:20:23:19 +0700] "GET /view/item/011065726123 HTTP/1.1" 500 - "-" "Mozilla/5.0 AppleWebKit/537.36 (KHTML, like Gecko; compatible; ClaudeBot/1.0; +claudebot@anthropic.com)"
216.73.217.137 - - [12/May/2026:20:23:25 +0700] "GET /view/item/012649880531 HTTP/1.1" 500 - "-" "Mozilla/5.0 AppleWebKit/537.36 (KHTML, like Gecko; compatible; ClaudeBot/1.0; +claudebot@anthropic.com)"
66.249.71.69 - - [12/May/2026:20:23:27 +0700] "GET /?jp/215029762.html HTTP/1.1" 200 806752 "-" "Mozilla/5.0 (Linux; Android 6.0.1; Nexus 5X Build/MMB29P) AppleWebKit/537.36 (KHTML, like Gecko) Chrome/147.0.7727.137 Mobile Safari/537.36 (compatible; Googlebot/2.1; +http://www.google.com/bot.html)"
216.73.217.137 - - [12/May/2026:20:23:30 +0700] "GET /view/item/012075846973 HTTP/1.1" 500 - "-" "Mozilla/5.0 AppleWebKit/537.36 (KHTML, like Gecko; compatible; ClaudeBot/1.0; +claudebot@anthropic.com)"
66.249.64.33 - - [12/May/2026:20:23:30 +0700] "GET /?goods/008025503 HTTP/1.1" 200 789355 "-" "Mozilla/5.0 (Linux; Android 6.0.1; Nexus 5X Build/MMB29P) AppleWebKit/537.36 (KHTML, like Gecko) Chrome/147.0.7727.137 Mobile Safari/537.36 (compatible; Googlebot/2.1; +http://www.google.com/bot.html)"
216.73.217.137 - - [12/May/2026:20:23:35 +0700] "GET /view/item/011711291398 HTTP/1.1" 500 - "-" "Mozilla/5.0 AppleWebKit/537.36 (KHTML, like Gecko; compatible; ClaudeBot/1.0; +claudebot@anthropic.com)"
66.249.71.69 - - [12/May/2026:20:23:37 +0700] "POST /kaunet/categoryshop/office/sitemap/KWf_CGmNaviPlusAjaxAction.jsp HTTP/1.1" 200 798161 "https://win678z.net/?jp/215029762.html" "Mozilla/5.0 (Linux; Android 6.0.1; Nexus 5X Build/MMB29P) AppleWebKit/537.36 (KHTML, like Gecko) Chrome/147.0.7727.137 Mobile Safari/537.36 (compatible; Googlebot/2.1; +http://www.google.com/bot.html)"
216.73.217.137 - - [12/May/2026:20:23:40 +0700] "GET /view/item/012211571096 HTTP/1.1" 500 - "-" "Mozilla/5.0 AppleWebKit/537.36 (KHTML, like Gecko; compatible; ClaudeBot/1.0; +claudebot@anthropic.com)"
216.73.217.137 - - [12/May/2026:20:23:45 +0700] "GET /view/item/011078546218 HTTP/1.1" 500 - "-" "Mozilla/5.0 AppleWebKit/537.36 (KHTML, like Gecko; compatible; ClaudeBot/1.0; +claudebot@anthropic.com)"
57.141.2.4 - - [12/May/2026:20:23:49 +0700] "GET /view/item/012192738442 HTTP/1.1" 500 - "-" "meta-externalagent/1.1 (+https://developers.facebook.com/docs/sharing/webmasters/crawler)"
216.73.217.137 - - [12/May/2026:20:23:50 +0700] "GET /view/item/013651459437 HTTP/1.1" 500 - "-" "Mozilla/5.0 AppleWebKit/537.36 (KHTML, like Gecko; compatible; ClaudeBot/1.0; +claudebot@anthropic.com)"
216.73.217.137 - - [12/May/2026:20:23:55 +0700] "GET /view/item/012241478216 HTTP/1.1" 500 - "-" "Mozilla/5.0 AppleWebKit/537.36 (KHTML, like Gecko; compatible; ClaudeBot/1.0; +claudebot@anthropic.com)"
37.27.51.142 - - [12/May/2026:20:23:56 +0700] "GET /robots.txt HTTP/1.1" 200 77 "-" "Mozilla/5.0 (compatible; SERankingBacklinksBot/1.0; +https://seranking.com/backlinks-crawler)"
66.249.64.34 - - [12/May/2026:20:23:55 +0700] "GET /?jp/241042426.html HTTP/1.1" 200 814617 "-" "Mozilla/5.0 (Linux; Android 6.0.1; Nexus 5X Build/MMB29P) AppleWebKit/537.36 (KHTML, like Gecko) Chrome/147.0.7727.137 Mobile Safari/537.36 (compatible; Googlebot/2.1; +http://www.google.com/bot.html)"
37.27.51.142 - - [12/May/2026:20:23:57 +0700] "GET /view/item/018628625 HTTP/1.1" 500 - "-" "Mozilla/5.0 (compatible; SERankingBacklinksBot/1.0; +https://seranking.com/backlinks-crawler)"
216.73.217.137 - - [12/May/2026:20:24:00 +0700] "GET /view/item/012560261604 HTTP/1.1" 500 - "-" "Mozilla/5.0 AppleWebKit/537.36 (KHTML, like Gecko; compatible; ClaudeBot/1.0; +claudebot@anthropic.com)"
216.73.217.137 - - [12/May/2026:20:24:05 +0700] "GET /view/item/013409542464 HTTP/1.1" 500 - "-" "Mozilla/5.0 AppleWebKit/537.36 (KHTML, like Gecko; compatible; ClaudeBot/1.0; +claudebot@anthropic.com)"
66.249.71.70 - - [12/May/2026:20:24:07 +0700] "POST /kaunet/categoryshop/office/sitemap/KWf_CGmNaviPlusAjaxAction.jsp HTTP/1.1" 200 798161 "https://win678z.net/?jp/241042426.html" "Mozilla/5.0 (Linux; Android 6.0.1; Nexus 5X Build/MMB29P) AppleWebKit/537.36 (KHTML, like Gecko) Chrome/147.0.7727.137 Mobile Safari/537.36 (compatible; Googlebot/2.1; +http://www.google.com/bot.html)"
216.73.217.137 - - [12/May/2026:20:24:10 +0700] "GET /view/item/011587706981 HTTP/1.1" 500 - "-" "Mozilla/5.0 AppleWebKit/537.36 (KHTML, like Gecko; compatible; ClaudeBot/1.0; +claudebot@anthropic.com)"
216.73.217.137 - - [12/May/2026:20:24:15 +0700] "GET /view/item/013666390277 HTTP/1.1" 500 - "-" "Mozilla/5.0 AppleWebKit/537.36 (KHTML, like Gecko; compatible; ClaudeBot/1.0; +claudebot@anthropic.com)"
216.73.217.137 - - [12/May/2026:20:24:20 +0700] "GET /view/item/012458279109 HTTP/1.1" 500 - "-" "Mozilla/5.0 AppleWebKit/537.36 (KHTML, like Gecko; compatible; ClaudeBot/1.0; +claudebot@anthropic.com)"
216.73.217.137 - - [12/May/2026:20:24:25 +0700] "GET /view/item/011085722727 HTTP/1.1" 500 - "-" "Mozilla/5.0 AppleWebKit/537.36 (KHTML, like Gecko; compatible; ClaudeBot/1.0; +claudebot@anthropic.com)"
216.73.217.137 - - [12/May/2026:20:24:30 +0700] "GET /view/item/012429669911 HTTP/1.1" 500 - "-" "Mozilla/5.0 AppleWebKit/537.36 (KHTML, like Gecko; compatible; ClaudeBot/1.0; +claudebot@anthropic.com)"
216.73.217.137 - - [12/May/2026:20:24:35 +0700] "GET /view/item/011915221167 HTTP/1.1" 500 - "-" "Mozilla/5.0 AppleWebKit/537.36 (KHTML, like Gecko; compatible; ClaudeBot/1.0; +claudebot@anthropic.com)"
66.249.64.32 - - [12/May/2026:20:24:34 +0700] "GET /?goods/149029749 HTTP/1.1" 200 796270 "-" "Mozilla/5.0 (Linux; Android 6.0.1; Nexus 5X Build/MMB29P) AppleWebKit/537.36 (KHTML, like Gecko) Chrome/147.0.7727.137 Mobile Safari/537.36 (compatible; Googlebot/2.1; +http://www.google.com/bot.html)"
216.73.217.137 - - [12/May/2026:20:24:40 +0700] "GET /view/item/011439750079 HTTP/1.1" 500 - "-" "Mozilla/5.0 AppleWebKit/537.36 (KHTML, like Gecko; compatible; ClaudeBot/1.0; +claudebot@anthropic.com)"
66.249.64.34 - - [12/May/2026:20:24:42 +0700] "GET /?jp/044027654.html HTTP/1.1" 200 823836 "-" "Mozilla/5.0 (Linux; Android 6.0.1; Nexus 5X Build/MMB29P) AppleWebKit/537.36 (KHTML, like Gecko) Chrome/147.0.7727.137 Mobile Safari/537.36 (compatible; Googlebot/2.1; +http://www.google.com/bot.html)"
216.73.217.137 - - [12/May/2026:20:24:45 +0700] "GET /view/item/011485168030 HTTP/1.1" 500 - "-" "Mozilla/5.0 AppleWebKit/537.36 (KHTML, like Gecko; compatible; ClaudeBot/1.0; +claudebot@anthropic.com)"
216.73.217.137 - - [12/May/2026:20:24:50 +0700] "GET /view/item/013469272551 HTTP/1.1" 500 - "-" "Mozilla/5.0 AppleWebKit/537.36 (KHTML, like Gecko; compatible; ClaudeBot/1.0; +claudebot@anthropic.com)"
66.249.71.71 - - [12/May/2026:20:24:52 +0700] "POST /kaunet/categoryshop/office/sitemap/KWf_CGmNaviPlusAjaxAction.jsp HTTP/1.1" 200 798161 "https://win678z.net/?jp/044027654.html" "Mozilla/5.0 (Linux; Android 6.0.1; Nexus 5X Build/MMB29P) AppleWebKit/537.36 (KHTML, like Gecko) Chrome/147.0.7727.137 Mobile Safari/537.36 (compatible; Googlebot/2.1; +http://www.google.com/bot.html)"
66.249.64.36 - - [12/May/2026:20:24:53 +0700] "POST /kaunet/categoryshop/office/sitemap/KWf_CGmNaviPlusAjaxAction.jsp HTTP/1.1" 200 798161 "https://win678z.net/?goods/149029749" "Mozilla/5.0 (Linux; Android 6.0.1; Nexus 5X Build/MMB29P) AppleWebKit/537.36 (KHTML, like Gecko) Chrome/147.0.7727.137 Mobile Safari/537.36 (compatible; Googlebot/2.1; +http://www.google.com/bot.html)"
216.73.217.137 - - [12/May/2026:20:24:55 +0700] "GET /view/item/013090026390 HTTP/1.1" 500 - "-" "Mozilla/5.0 AppleWebKit/537.36 (KHTML, like Gecko; compatible; ClaudeBot/1.0; +claudebot@anthropic.com)"
57.141.2.59 - - [12/May/2026:20:24:56 +0700] "GET /view/item/013278615528 HTTP/1.1" 500 - "-" "meta-externalagent/1.1 (+https://developers.facebook.com/docs/sharing/webmasters/crawler)"
216.73.217.137 - - [12/May/2026:20:25:00 +0700] "GET /view/item/011258548081 HTTP/1.1" 500 - "-" "Mozilla/5.0 AppleWebKit/537.36 (KHTML, like Gecko; compatible; ClaudeBot/1.0; +claudebot@anthropic.com)"
216.73.217.137 - - [12/May/2026:20:25:05 +0700] "GET /view/item/013829183807 HTTP/1.1" 500 - "-" "Mozilla/5.0 AppleWebKit/537.36 (KHTML, like Gecko; compatible; ClaudeBot/1.0; +claudebot@anthropic.com)"
216.73.217.137 - - [12/May/2026:20:25:10 +0700] "GET /view/item/013016297505 HTTP/1.1" 500 - "-" "Mozilla/5.0 AppleWebKit/537.36 (KHTML, like Gecko; compatible; ClaudeBot/1.0; +claudebot@anthropic.com)"
216.73.217.137 - - [12/May/2026:20:25:15 +0700] "GET /view/item/012872342643 HTTP/1.1" 500 - "-" "Mozilla/5.0 AppleWebKit/537.36 (KHTML, like Gecko; compatible; ClaudeBot/1.0; +claudebot@anthropic.com)"
216.73.217.137 - - [12/May/2026:20:25:20 +0700] "GET /view/item/011188896888 HTTP/1.1" 500 - "-" "Mozilla/5.0 AppleWebKit/537.36 (KHTML, like Gecko; compatible; ClaudeBot/1.0; +claudebot@anthropic.com)"
216.73.217.137 - - [12/May/2026:20:25:25 +0700] "GET /view/item/011532152300 HTTP/1.1" 500 - "-" "Mozilla/5.0 AppleWebKit/537.36 (KHTML, like Gecko; compatible; ClaudeBot/1.0; +claudebot@anthropic.com)"
216.73.217.137 - - [12/May/2026:20:25:30 +0700] "GET /view/item/012475431911 HTTP/1.1" 500 - "-" "Mozilla/5.0 AppleWebKit/537.36 (KHTML, like Gecko; compatible; ClaudeBot/1.0; +claudebot@anthropic.com)"
66.249.71.71 - - [12/May/2026:20:25:33 +0700] "GET /review/goods/W2180464867/ HTTP/1.1" 200 795874 "-" "Mozilla/5.0 (Linux; Android 6.0.1; Nexus 5X Build/MMB29P) AppleWebKit/537.36 (KHTML, like Gecko) Chrome/147.0.7727.137 Mobile Safari/537.36 (compatible; Googlebot/2.1; +http://www.google.com/bot.html)"
216.73.217.137 - - [12/May/2026:20:25:35 +0700] "GET /view/item/011976507025 HTTP/1.1" 500 - "-" "Mozilla/5.0 AppleWebKit/537.36 (KHTML, like Gecko; compatible; ClaudeBot/1.0; +claudebot@anthropic.com)"
216.73.217.137 - - [12/May/2026:20:25:40 +0700] "GET /view/item/01122739515 HTTP/1.1" 500 - "-" "Mozilla/5.0 AppleWebKit/537.36 (KHTML, like Gecko; compatible; ClaudeBot/1.0; +claudebot@anthropic.com)"
66.249.64.32 - - [12/May/2026:20:25:40 +0700] "GET /?jp/217001671.html HTTP/1.1" 200 829469 "-" "Mozilla/5.0 (Linux; Android 6.0.1; Nexus 5X Build/MMB29P) AppleWebKit/537.36 (KHTML, like Gecko) Chrome/147.0.7727.137 Mobile Safari/537.36 (compatible; Googlebot/2.1; +http://www.google.com/bot.html)"
216.73.217.137 - - [12/May/2026:20:25:45 +0700] "GET /view/item/012143944842 HTTP/1.1" 500 - "-" "Mozilla/5.0 AppleWebKit/537.36 (KHTML, like Gecko; compatible; ClaudeBot/1.0; +claudebot@anthropic.com)"
66.249.64.33 - - [12/May/2026:20:25:48 +0700] "POST /kaunet/categoryshop/office/sitemap/KWf_CGmNaviPlusAjaxAction.jsp HTTP/1.1" 200 798161 "https://win678z.net/?jp/217001671.html" "Mozilla/5.0 (Linux; Android 6.0.1; Nexus 5X Build/MMB29P) AppleWebKit/537.36 (KHTML, like Gecko) Chrome/147.0.7727.137 Mobile Safari/537.36 (compatible; Googlebot/2.1; +http://www.google.com/bot.html)"
216.73.217.137 - - [12/May/2026:20:25:50 +0700] "GET /view/item/011247196150 HTTP/1.1" 500 - "-" "Mozilla/5.0 AppleWebKit/537.36 (KHTML, like Gecko; compatible; ClaudeBot/1.0; +claudebot@anthropic.com)"
216.73.217.137 - - [12/May/2026:20:25:55 +0700] "GET /view/item/012339037661 HTTP/1.1" 500 - "-" "Mozilla/5.0 AppleWebKit/537.36 (KHTML, like Gecko; compatible; ClaudeBot/1.0; +claudebot@anthropic.com)"
216.73.217.137 - - [12/May/2026:20:26:00 +0700] "GET /view/item/013774197514 HTTP/1.1" 500 - "-" "Mozilla/5.0 AppleWebKit/537.36 (KHTML, like Gecko; compatible; ClaudeBot/1.0; +claudebot@anthropic.com)"
57.141.2.5 - - [12/May/2026:20:26:02 +0700] "GET /view/item/011504220109 HTTP/1.1" 500 - "-" "meta-externalagent/1.1 (+https://developers.facebook.com/docs/sharing/webmasters/crawler)"
216.73.217.137 - - [12/May/2026:20:26:05 +0700] "GET /view/item/012033614998 HTTP/1.1" 500 - "-" "Mozilla/5.0 AppleWebKit/537.36 (KHTML, like Gecko; compatible; ClaudeBot/1.0; +claudebot@anthropic.com)"
216.73.217.137 - - [12/May/2026:20:26:10 +0700] "GET /view/item/011531988761 HTTP/1.1" 500 - "-" "Mozilla/5.0 AppleWebKit/537.36 (KHTML, like Gecko; compatible; ClaudeBot/1.0; +claudebot@anthropic.com)"
216.73.217.137 - - [12/May/2026:20:26:15 +0700] "GET /view/item/011216959785 HTTP/1.1" 500 - "-" "Mozilla/5.0 AppleWebKit/537.36 (KHTML, like Gecko; compatible; ClaudeBot/1.0; +claudebot@anthropic.com)"
216.73.217.137 - - [12/May/2026:20:26:20 +0700] "GET /view/item/011002917956 HTTP/1.1" 500 - "-" "Mozilla/5.0 AppleWebKit/537.36 (KHTML, like Gecko; compatible; ClaudeBot/1.0; +claudebot@anthropic.com)"
216.73.217.137 - - [12/May/2026:20:26:25 +0700] "GET /view/item/012171599812 HTTP/1.1" 500 - "-" "Mozilla/5.0 AppleWebKit/537.36 (KHTML, like Gecko; compatible; ClaudeBot/1.0; +claudebot@anthropic.com)"
216.73.217.137 - - [12/May/2026:20:26:30 +0700] "GET /view/item/011390578979 HTTP/1.1" 500 - "-" "Mozilla/5.0 AppleWebKit/537.36 (KHTML, like Gecko; compatible; ClaudeBot/1.0; +claudebot@anthropic.com)"
216.73.217.137 - - [12/May/2026:20:26:35 +0700] "GET /view/item/013327130826 HTTP/1.1" 500 - "-" "Mozilla/5.0 AppleWebKit/537.36 (KHTML, like Gecko; compatible; ClaudeBot/1.0; +claudebot@anthropic.com)"
66.249.71.70 - - [12/May/2026:20:26:36 +0700] "GET /review/goods/W1264814801/ HTTP/1.1" 200 830234 "-" "Mozilla/5.0 (Linux; Android 6.0.1; Nexus 5X Build/MMB29P) AppleWebKit/537.36 (KHTML, like Gecko) Chrome/147.0.7727.137 Mobile Safari/537.36 (compatible; Googlebot/2.1; +http://www.google.com/bot.html)"
216.73.217.137 - - [12/May/2026:20:26:40 +0700] "GET /view/item/012181110271 HTTP/1.1" 500 - "-" "Mozilla/5.0 AppleWebKit/537.36 (KHTML, like Gecko; compatible; ClaudeBot/1.0; +claudebot@anthropic.com)"
216.73.217.137 - - [12/May/2026:20:26:45 +0700] "GET /view/item/013864807677 HTTP/1.1" 500 - "-" "Mozilla/5.0 AppleWebKit/537.36 (KHTML, like Gecko; compatible; ClaudeBot/1.0; +claudebot@anthropic.com)"
216.73.217.137 - - [12/May/2026:20:26:50 +0700] "GET /view/item/011073055984 HTTP/1.1" 500 - "-" "Mozilla/5.0 AppleWebKit/537.36 (KHTML, like Gecko; compatible; ClaudeBot/1.0; +claudebot@anthropic.com)"
216.73.217.137 - - [12/May/2026:20:26:55 +0700] "GET /view/item/012802243912 HTTP/1.1" 500 - "-" "Mozilla/5.0 AppleWebKit/537.36 (KHTML, like Gecko; compatible; ClaudeBot/1.0; +claudebot@anthropic.com)"
216.73.217.137 - - [12/May/2026:20:27:00 +0700] "GET /view/item/013271927614 HTTP/1.1" 500 - "-" "Mozilla/5.0 AppleWebKit/537.36 (KHTML, like Gecko; compatible; ClaudeBot/1.0; +claudebot@anthropic.com)"
216.73.217.137 - - [12/May/2026:20:27:05 +0700] "GET /view/item/012330264966 HTTP/1.1" 500 - "-" "Mozilla/5.0 AppleWebKit/537.36 (KHTML, like Gecko; compatible; ClaudeBot/1.0; +claudebot@anthropic.com)"
57.141.2.22 - - [12/May/2026:20:27:09 +0700] "GET /view/item/013533108711 HTTP/1.1" 500 - "-" "meta-externalagent/1.1 (+https://developers.facebook.com/docs/sharing/webmasters/crawler)"
216.73.217.137 - - [12/May/2026:20:27:10 +0700] "GET /view/item/011489756818 HTTP/1.1" 500 - "-" "Mozilla/5.0 AppleWebKit/537.36 (KHTML, like Gecko; compatible; ClaudeBot/1.0; +claudebot@anthropic.com)"
216.73.217.137 - - [12/May/2026:20:27:15 +0700] "GET /view/item/012977701827 HTTP/1.1" 500 - "-" "Mozilla/5.0 AppleWebKit/537.36 (KHTML, like Gecko; compatible; ClaudeBot/1.0; +claudebot@anthropic.com)"
216.73.217.137 - - [12/May/2026:20:27:20 +0700] "GET /view/item/012527205038 HTTP/1.1" 500 - "-" "Mozilla/5.0 AppleWebKit/537.36 (KHTML, like Gecko; compatible; ClaudeBot/1.0; +claudebot@anthropic.com)"
216.73.217.137 - - [12/May/2026:20:27:25 +0700] "GET /view/item/013621211108 HTTP/1.1" 500 - "-" "Mozilla/5.0 AppleWebKit/537.36 (KHTML, like Gecko; compatible; ClaudeBot/1.0; +claudebot@anthropic.com)"
216.73.217.137 - - [12/May/2026:20:27:30 +0700] "GET /view/item/012904628712 HTTP/1.1" 500 - "-" "Mozilla/5.0 AppleWebKit/537.36 (KHTML, like Gecko; compatible; ClaudeBot/1.0; +claudebot@anthropic.com)"
216.73.217.137 - - [12/May/2026:20:27:35 +0700] "GET /view/item/011222924195 HTTP/1.1" 500 - "-" "Mozilla/5.0 AppleWebKit/537.36 (KHTML, like Gecko; compatible; ClaudeBot/1.0; +claudebot@anthropic.com)"
216.73.217.137 - - [12/May/2026:20:27:40 +0700] "GET /view/item/013311175817 HTTP/1.1" 500 - "-" "Mozilla/5.0 AppleWebKit/537.36 (KHTML, like Gecko; compatible; ClaudeBot/1.0; +claudebot@anthropic.com)"
216.73.217.137 - - [12/May/2026:20:27:46 +0700] "GET /view/item/013648133584 HTTP/1.1" 500 - "-" "Mozilla/5.0 AppleWebKit/537.36 (KHTML, like Gecko; compatible; ClaudeBot/1.0; +claudebot@anthropic.com)"
216.73.217.137 - - [12/May/2026:20:27:51 +0700] "GET /view/item/011803573611 HTTP/1.1" 500 - "-" "Mozilla/5.0 AppleWebKit/537.36 (KHTML, like Gecko; compatible; ClaudeBot/1.0; +claudebot@anthropic.com)"
216.73.217.137 - - [12/May/2026:20:27:56 +0700] "GET /view/item/012550276826 HTTP/1.1" 500 - "-" "Mozilla/5.0 AppleWebKit/537.36 (KHTML, like Gecko; compatible; ClaudeBot/1.0; +claudebot@anthropic.com)"
216.73.217.137 - - [12/May/2026:20:28:01 +0700] "GET /view/item/011618710866 HTTP/1.1" 500 - "-" "Mozilla/5.0 AppleWebKit/537.36 (KHTML, like Gecko; compatible; ClaudeBot/1.0; +claudebot@anthropic.com)"
216.73.217.137 - - [12/May/2026:20:28:06 +0700] "GET /view/item/013985549299 HTTP/1.1" 500 - "-" "Mozilla/5.0 AppleWebKit/537.36 (KHTML, like Gecko; compatible; ClaudeBot/1.0; +claudebot@anthropic.com)"
216.73.217.137 - - [12/May/2026:20:28:15 +0700] "GET /view/item/013837312791 HTTP/1.1" 500 - "-" "Mozilla/5.0 AppleWebKit/537.36 (KHTML, like Gecko; compatible; ClaudeBot/1.0; +claudebot@anthropic.com)"
57.141.2.57 - - [12/May/2026:20:28:16 +0700] "GET /view/item/013422311494 HTTP/1.1" 500 - "-" "meta-externalagent/1.1 (+https://developers.facebook.com/docs/sharing/webmasters/crawler)"
216.73.217.137 - - [12/May/2026:20:28:20 +0700] "GET /view/item/011334871051 HTTP/1.1" 500 - "-" "Mozilla/5.0 AppleWebKit/537.36 (KHTML, like Gecko; compatible; ClaudeBot/1.0; +claudebot@anthropic.com)"
66.249.71.70 - - [12/May/2026:20:28:20 +0700] "GET /?detail/299003065220 HTTP/1.1" 200 767486 "-" "Mozilla/5.0 (Linux; Android 6.0.1; Nexus 5X Build/MMB29P) AppleWebKit/537.36 (KHTML, like Gecko) Chrome/147.0.7727.137 Mobile Safari/537.36 (compatible; Googlebot/2.1; +http://www.google.com/bot.html)"
66.249.64.32 - - [12/May/2026:20:28:24 +0700] "GET /?h=dwryc4fjsofdq1w HTTP/1.1" 200 857172 "-" "Mozilla/5.0 (Linux; Android 6.0.1; Nexus 5X Build/MMB29P) AppleWebKit/537.36 (KHTML, like Gecko) Chrome/147.0.7727.137 Mobile Safari/537.36 (compatible; Googlebot/2.1; +http://www.google.com/bot.html)"
66.249.71.70 - - [12/May/2026:20:28:26 +0700] "GET /?h=fiuwf7ibvoy818f HTTP/1.1" 200 857355 "-" "Mozilla/5.0 (Linux; Android 6.0.1; Nexus 5X Build/MMB29P) AppleWebKit/537.36 (KHTML, like Gecko) Chrome/147.0.7727.137 Mobile Safari/537.36 (compatible; Googlebot/2.1; +http://www.google.com/bot.html)"
216.73.217.137 - - [12/May/2026:20:28:28 +0700] "GET /view/item/013226155427 HTTP/1.1" 500 - "-" "Mozilla/5.0 AppleWebKit/537.36 (KHTML, like Gecko; compatible; ClaudeBot/1.0; +claudebot@anthropic.com)"
66.249.64.32 - - [12/May/2026:20:28:27 +0700] "GET /?h=eqhzq65y6q5ri3m HTTP/1.1" 200 826253 "-" "Mozilla/5.0 (Linux; Android 6.0.1; Nexus 5X Build/MMB29P) AppleWebKit/537.36 (KHTML, like Gecko) Chrome/147.0.7727.137 Mobile Safari/537.36 (compatible; Googlebot/2.1; +http://www.google.com/bot.html)"
66.249.71.70 - - [12/May/2026:20:28:29 +0700] "GET /?h=fyebn32b39usygb HTTP/1.1" 200 857201 "-" "Mozilla/5.0 (Linux; Android 6.0.1; Nexus 5X Build/MMB29P) AppleWebKit/537.36 (KHTML, like Gecko) Chrome/147.0.7727.137 Mobile Safari/537.36 (compatible; Googlebot/2.1; +http://www.google.com/bot.html)"
66.249.71.69 - - [12/May/2026:20:28:30 +0700] "GET /?h=e7l56y95mi977vq HTTP/1.1" 200 857355 "-" "Mozilla/5.0 (Linux; Android 6.0.1; Nexus 5X Build/MMB29P) AppleWebKit/537.36 (KHTML, like Gecko) Chrome/147.0.7727.137 Mobile Safari/537.36 (compatible; Googlebot/2.1; +http://www.google.com/bot.html)"
66.249.71.64 - - [12/May/2026:20:28:31 +0700] "GET /?h=emn1wcb2cwbxc9s HTTP/1.1" 200 859226 "-" "Mozilla/5.0 (Linux; Android 6.0.1; Nexus 5X Build/MMB29P) AppleWebKit/537.36 (KHTML, like Gecko) Chrome/147.0.7727.137 Mobile Safari/537.36 (compatible; Googlebot/2.1; +http://www.google.com/bot.html)"
216.73.217.137 - - [12/May/2026:20:28:33 +0700] "GET /view/item/011765001888 HTTP/1.1" 500 - "-" "Mozilla/5.0 AppleWebKit/537.36 (KHTML, like Gecko; compatible; ClaudeBot/1.0; +claudebot@anthropic.com)"
66.249.71.71 - - [12/May/2026:20:28:30 +0700] "GET /?h=eyvdswj48gjtat0 HTTP/1.1" 200 870184 "-" "Mozilla/5.0 (Linux; Android 6.0.1; Nexus 5X Build/MMB29P) AppleWebKit/537.36 (KHTML, like Gecko) Chrome/147.0.7727.137 Mobile Safari/537.36 (compatible; Googlebot/2.1; +http://www.google.com/bot.html)"
66.249.71.65 - - [12/May/2026:20:28:33 +0700] "GET /?h=e4jfgk7bw47hhho HTTP/1.1" 200 857172 "-" "Mozilla/5.0 (Linux; Android 6.0.1; Nexus 5X Build/MMB29P) AppleWebKit/537.36 (KHTML, like Gecko) Chrome/147.0.7727.137 Mobile Safari/537.36 (compatible; Googlebot/2.1; +http://www.google.com/bot.html)"
66.249.71.68 - - [12/May/2026:20:28:34 +0700] "POST /kaunet/categoryshop/office/sitemap/KWf_CGmNaviPlusAjaxAction.jsp HTTP/1.1" 200 798161 "https://win678z.net/?detail/299003065220" "Mozilla/5.0 (Linux; Android 6.0.1; Nexus 5X Build/MMB29P) AppleWebKit/537.36 (KHTML, like Gecko) Chrome/147.0.7727.137 Mobile Safari/537.36 (compatible; Googlebot/2.1; +http://www.google.com/bot.html)"
66.249.64.37 - - [12/May/2026:20:28:37 +0700] "GET /?h=eyqvzfeifze0jcv HTTP/1.1" 500 - "-" "Mozilla/5.0 (Linux; Android 6.0.1; Nexus 5X Build/MMB29P) AppleWebKit/537.36 (KHTML, like Gecko) Chrome/147.0.7727.137 Mobile Safari/537.36 (compatible; Googlebot/2.1; +http://www.google.com/bot.html)"
66.249.64.34 - - [12/May/2026:20:28:35 +0700] "GET /?h=ewjigk7vw47hhho HTTP/1.1" 200 857355 "-" "Mozilla/5.0 (Linux; Android 6.0.1; Nexus 5X Build/MMB29P) AppleWebKit/537.36 (KHTML, like Gecko) Chrome/147.0.7727.137 Mobile Safari/537.36 (compatible; Googlebot/2.1; +http://www.google.com/bot.html)"
66.249.64.33 - - [12/May/2026:20:28:36 +0700] "GET /?h=e49tumxza6xvvje HTTP/1.1" 200 825605 "-" "Mozilla/5.0 (Linux; Android 6.0.1; Nexus 5X Build/MMB29P) AppleWebKit/537.36 (KHTML, like Gecko) Chrome/147.0.7727.137 Mobile Safari/537.36 (compatible; Googlebot/2.1; +http://www.google.com/bot.html)"
66.249.64.35 - - [12/May/2026:20:28:38 +0700] "GET /?h=f3id3v6bj4mw7w3 HTTP/1.1" 200 825940 "-" "Mozilla/5.0 (Linux; Android 6.0.1; Nexus 5X Build/MMB29P) AppleWebKit/537.36 (KHTML, like Gecko) Chrome/147.0.7727.137 Mobile Safari/537.36 (compatible; Googlebot/2.1; +http://www.google.com/bot.html)"
216.73.217.137 - - [12/May/2026:20:28:41 +0700] "GET /view/item/012543145741 HTTP/1.1" 500 - "-" "Mozilla/5.0 AppleWebKit/537.36 (KHTML, like Gecko; compatible; ClaudeBot/1.0; +claudebot@anthropic.com)"
66.249.71.71 - - [12/May/2026:20:28:40 +0700] "GET /?h=en18y2piempz4z6 HTTP/1.1" 200 825929 "-" "Mozilla/5.0 (Linux; Android 6.0.1; Nexus 5X Build/MMB29P) AppleWebKit/537.36 (KHTML, like Gecko) Chrome/147.0.7727.137 Mobile Safari/537.36 (compatible; Googlebot/2.1; +http://www.google.com/bot.html)"
66.249.64.40 - - [12/May/2026:20:28:41 +0700] "GET /?h=fgclxp0bdogqnqx HTTP/1.1" 500 - "-" "Mozilla/5.0 (Linux; Android 6.0.1; Nexus 5X Build/MMB29P) AppleWebKit/537.36 (KHTML, like Gecko) Chrome/147.0.7727.137 Mobile Safari/537.36 (compatible; Googlebot/2.1; +http://www.google.com/bot.html)"
66.249.71.66 - - [12/May/2026:20:28:41 +0700] "GET /?h=fgaq7bybna2o30j HTTP/1.1" 200 857355 "-" "Mozilla/5.0 (Linux; Android 6.0.1; Nexus 5X Build/MMB29P) AppleWebKit/537.36 (KHTML, like Gecko) Chrome/147.0.7727.137 Mobile Safari/537.36 (compatible; Googlebot/2.1; +http://www.google.com/bot.html)"
66.249.71.69 - - [12/May/2026:20:28:42 +0700] "GET /?jp/286044231.html HTTP/1.1" 200 768524 "-" "Mozilla/5.0 (Linux; Android 6.0.1; Nexus 5X Build/MMB29P) AppleWebKit/537.36 (KHTML, like Gecko) Chrome/147.0.7727.137 Mobile Safari/537.36 (compatible; Googlebot/2.1; +http://www.google.com/bot.html)"
66.249.71.69 - - [12/May/2026:20:28:41 +0700] "GET /?h=eux4ialzyulj372 HTTP/1.1" 200 857172 "-" "Mozilla/5.0 (Linux; Android 6.0.1; Nexus 5X Build/MMB29P) AppleWebKit/537.36 (KHTML, like Gecko) Chrome/147.0.7727.137 Mobile Safari/537.36 (compatible; Googlebot/2.1; +http://www.google.com/bot.html)"
66.249.64.41 - - [12/May/2026:20:28:42 +0700] "POST /kaunet/categoryshop/office/sitemap/KWf_CGmNaviPlusAjaxAction.jsp HTTP/1.1" 200 798161 "https://win678z.net/?h=eyvdswj48gjtat0" "Mozilla/5.0 (Linux; Android 6.0.1; Nexus 5X Build/MMB29P) AppleWebKit/537.36 (KHTML, like Gecko) Chrome/147.0.7727.137 Mobile Safari/537.36 (compatible; Googlebot/2.1; +http://www.google.com/bot.html)"
66.249.64.35 - - [12/May/2026:20:28:44 +0700] "GET /?h=f6tk2ihbih979vq HTTP/1.1" 200 857209 "-" "Mozilla/5.0 (Linux; Android 6.0.1; Nexus 5X Build/MMB29P) AppleWebKit/537.36 (KHTML, like Gecko) Chrome/147.0.7727.137 Mobile Safari/537.36 (compatible; Googlebot/2.1; +http://www.google.com/bot.html)"
216.73.217.137 - - [12/May/2026:20:28:46 +0700] "GET /view/item/012850081926 HTTP/1.1" 500 - "-" "Mozilla/5.0 AppleWebKit/537.36 (KHTML, like Gecko; compatible; ClaudeBot/1.0; +claudebot@anthropic.com)"
66.249.64.41 - - [12/May/2026:20:28:45 +0700] "POST /kaunet/categoryshop/office/sitemap/KWf_CGmNaviPlusAjaxAction.jsp HTTP/1.1" 200 798161 "https://win678z.net/?h=e49tumxza6xvvje" "Mozilla/5.0 (Linux; Android 6.0.1; Nexus 5X Build/MMB29P) AppleWebKit/537.36 (KHTML, like Gecko) Chrome/147.0.7727.137 Mobile Safari/537.36 (compatible; Googlebot/2.1; +http://www.google.com/bot.html)"
66.249.64.39 - - [12/May/2026:20:28:45 +0700] "GET /?detail/125021134350 HTTP/1.1" 200 820153 "-" "Mozilla/5.0 (Linux; Android 6.0.1; Nexus 5X Build/MMB29P) AppleWebKit/537.36 (KHTML, like Gecko) Chrome/147.0.7727.137 Mobile Safari/537.36 (compatible; Googlebot/2.1; +http://www.google.com/bot.html)"
66.249.64.43 - - [12/May/2026:20:28:49 +0700] "GET /?h=e0j9gk7ow47h2ho HTTP/1.1" 500 - "-" "Mozilla/5.0 (Linux; Android 6.0.1; Nexus 5X Build/MMB29P) AppleWebKit/537.36 (KHTML, like Gecko) Chrome/147.0.7727.137 Mobile Safari/537.36 (compatible; Googlebot/2.1; +http://www.google.com/bot.html)"
66.249.64.42 - - [12/May/2026:20:28:47 +0700] "GET /?h=f75jeutbu4ljm72 HTTP/1.1" 200 825605 "-" "Mozilla/5.0 (Linux; Android 6.0.1; Nexus 5X Build/MMB29P) AppleWebKit/537.36 (KHTML, like Gecko) Chrome/147.0.7727.137 Mobile Safari/537.36 (compatible; Googlebot/2.1; +http://www.google.com/bot.html)"
66.249.71.69 - - [12/May/2026:20:28:49 +0700] "GET /?h=erhgq65z6q5rh3m HTTP/1.1" 200 826253 "-" "Mozilla/5.0 (Linux; Android 6.0.1; Nexus 5X Build/MMB29P) AppleWebKit/537.36 (KHTML, like Gecko) Chrome/147.0.7727.137 Mobile Safari/537.36 (compatible; Googlebot/2.1; +http://www.google.com/bot.html)"
66.249.64.44 - - [12/May/2026:20:28:49 +0700] "GET /?h=fm2kbrqbrqig74z HTTP/1.1" 200 826820 "-" "Mozilla/5.0 (Linux; Android 6.0.1; Nexus 5X Build/MMB29P) AppleWebKit/537.36 (KHTML, like Gecko) Chrome/147.0.7727.137 Mobile Safari/537.36 (compatible; Googlebot/2.1; +http://www.google.com/bot.html)"
66.249.71.70 - - [12/May/2026:20:28:50 +0700] "GET /?h=eymjjna6z7akrkr HTTP/1.1" 200 857209 "-" "Mozilla/5.0 (Linux; Android 6.0.1; Nexus 5X Build/MMB29P) AppleWebKit/537.36 (KHTML, like Gecko) Chrome/147.0.7727.137 Mobile Safari/537.36 (compatible; Googlebot/2.1; +http://www.google.com/bot.html)"
66.249.64.41 - - [12/May/2026:20:28:52 +0700] "GET /?h=fhdoae1bqh5r73m_gkind14524006 HTTP/1.1" 200 859268 "-" "Mozilla/5.0 (Linux; Android 6.0.1; Nexus 5X Build/MMB29P) AppleWebKit/537.36 (KHTML, like Gecko) Chrome/147.0.7727.137 Mobile Safari/537.36 (compatible; Googlebot/2.1; +http://www.google.com/bot.html)"
66.249.64.34 - - [12/May/2026:20:28:52 +0700] "POST /kaunet/categoryshop/office/sitemap/KWf_CGmNaviPlusAjaxAction.jsp HTTP/1.1" 200 798161 "https://win678z.net/review/goods/W1264814801/" "Mozilla/5.0 (Linux; Android 6.0.1; Nexus 5X Build/MMB29P) AppleWebKit/537.36 (KHTML, like Gecko) Chrome/147.0.7727.137 Mobile Safari/537.36 (compatible; Googlebot/2.1; +http://www.google.com/bot.html)"
66.249.64.37 - - [12/May/2026:20:28:55 +0700] "POST /kaunet/categoryshop/office/sitemap/KWf_CGmNaviPlusAjaxAction.jsp HTTP/1.1" 200 798161 "https://win678z.net/?h=fyebn32b39usygb" "Mozilla/5.0 (Linux; Android 6.0.1; Nexus 5X Build/MMB29P) AppleWebKit/537.36 (KHTML, like Gecko) Chrome/147.0.7727.137 Mobile Safari/537.36 (compatible; Googlebot/2.1; +http://www.google.com/bot.html)"
66.249.64.39 - - [12/May/2026:20:28:56 +0700] "POST /kaunet/categoryshop/office/sitemap/KWf_CGmNaviPlusAjaxAction.jsp HTTP/1.1" 200 798161 "https://win678z.net/?jp/286044231.html" "Mozilla/5.0 (Linux; Android 6.0.1; Nexus 5X Build/MMB29P) AppleWebKit/537.36 (KHTML, like Gecko) Chrome/147.0.7727.137 Mobile Safari/537.36 (compatible; Googlebot/2.1; +http://www.google.com/bot.html)"
216.73.217.137 - - [12/May/2026:20:29:01 +0700] "GET /view/item/011352718857 HTTP/1.1" 500 - "-" "Mozilla/5.0 AppleWebKit/537.36 (KHTML, like Gecko; compatible; ClaudeBot/1.0; +claudebot@anthropic.com)"
216.73.217.137 - - [12/May/2026:20:29:06 +0700] "GET /view/item/011170329735 HTTP/1.1" 500 - "-" "Mozilla/5.0 AppleWebKit/537.36 (KHTML, like Gecko; compatible; ClaudeBot/1.0; +claudebot@anthropic.com)"
66.249.71.70 - - [12/May/2026:20:29:05 +0700] "GET /?o=3382814233 HTTP/1.1" 200 805976 "-" "Mozilla/5.0 (Linux; Android 6.0.1; Nexus 5X Build/MMB29P) AppleWebKit/537.36 (KHTML, like Gecko) Chrome/147.0.7727.137 Mobile Safari/537.36 (compatible; Googlebot/2.1; +http://www.google.com/bot.html)"
66.249.71.71 - - [12/May/2026:20:29:07 +0700] "GET /?goods/202013738 HTTP/1.1" 200 800067 "-" "Mozilla/5.0 (Linux; Android 6.0.1; Nexus 5X Build/MMB29P) AppleWebKit/537.36 (KHTML, like Gecko) Chrome/147.0.7727.137 Mobile Safari/537.36 (compatible; Googlebot/2.1; +http://www.google.com/bot.html)"
66.249.64.41 - - [12/May/2026:20:29:08 +0700] "POST /kaunet/categoryshop/office/sitemap/KWf_CGmNaviPlusAjaxAction.jsp HTTP/1.1" 200 798161 "https://win678z.net/?detail/125021134350" "Mozilla/5.0 (Linux; Android 6.0.1; Nexus 5X Build/MMB29P) AppleWebKit/537.36 (KHTML, like Gecko) Chrome/147.0.7727.137 Mobile Safari/537.36 (compatible; Googlebot/2.1; +http://www.google.com/bot.html)"
66.249.64.46 - - [12/May/2026:20:29:11 +0700] "POST /kaunet/categoryshop/office/sitemap/KWf_CGmNaviPlusAjaxAction.jsp HTTP/1.1" 200 798161 "https://win678z.net/?h=f75jeutbu4ljm72" "Mozilla/5.0 (Linux; Android 6.0.1; Nexus 5X Build/MMB29P) AppleWebKit/537.36 (KHTML, like Gecko) Chrome/147.0.7727.137 Mobile Safari/537.36 (compatible; Googlebot/2.1; +http://www.google.com/bot.html)"
57.141.2.55 - - [12/May/2026:20:29:22 +0700] "GET /view/item/013769650251 HTTP/1.1" 500 - "-" "meta-externalagent/1.1 (+https://developers.facebook.com/docs/sharing/webmasters/crawler)"
66.249.64.46 - - [12/May/2026:20:29:24 +0700] "POST /kaunet/categoryshop/office/sitemap/KWf_CGmNaviPlusAjaxAction.jsp HTTP/1.1" 200 798161 "https://win678z.net/?o=3382814233" "Mozilla/5.0 (Linux; Android 6.0.1; Nexus 5X Build/MMB29P) AppleWebKit/537.36 (KHTML, like Gecko) Chrome/147.0.7727.137 Mobile Safari/537.36 (compatible; Googlebot/2.1; +http://www.google.com/bot.html)"
66.249.71.71 - - [12/May/2026:20:29:48 +0700] "GET /?o=911311192 HTTP/1.1" 200 798453 "-" "Mozilla/5.0 (Linux; Android 6.0.1; Nexus 5X Build/MMB29P) AppleWebKit/537.36 (KHTML, like Gecko) Chrome/147.0.7727.137 Mobile Safari/537.36 (compatible; Googlebot/2.1; +http://www.google.com/bot.html)"
66.249.64.43 - - [12/May/2026:20:29:47 +0700] "GET /?o=2085825986 HTTP/1.1" 200 787726 "-" "Mozilla/5.0 (Linux; Android 6.0.1; Nexus 5X Build/MMB29P) AppleWebKit/537.36 (KHTML, like Gecko) Chrome/147.0.7727.137 Mobile Safari/537.36 (compatible; Googlebot/2.1; +http://www.google.com/bot.html)"
66.249.64.32 - - [12/May/2026:20:29:49 +0700] "GET /?o=3423124082 HTTP/1.1" 200 811560 "-" "Mozilla/5.0 (Linux; Android 6.0.1; Nexus 5X Build/MMB29P) AppleWebKit/537.36 (KHTML, like Gecko) Chrome/147.0.7727.137 Mobile Safari/537.36 (compatible; Googlebot/2.1; +http://www.google.com/bot.html)"
66.249.64.32 - - [12/May/2026:20:29:50 +0700] "GET /?goods/043042200 HTTP/1.1" 200 774708 "-" "Mozilla/5.0 (Linux; Android 6.0.1; Nexus 5X Build/MMB29P) AppleWebKit/537.36 (KHTML, like Gecko) Chrome/147.0.7727.137 Mobile Safari/537.36 (compatible; Googlebot/2.1; +http://www.google.com/bot.html)"
66.249.64.40 - - [12/May/2026:20:29:51 +0700] "GET /?o=1736132195 HTTP/1.1" 200 835767 "-" "Mozilla/5.0 (Linux; Android 6.0.1; Nexus 5X Build/MMB29P) AppleWebKit/537.36 (KHTML, like Gecko) Chrome/147.0.7727.137 Mobile Safari/537.36 (compatible; Googlebot/2.1; +http://www.google.com/bot.html)"
66.249.71.68 - - [12/May/2026:20:29:53 +0700] "GET /?o=1104154342 HTTP/1.1" 200 792018 "-" "Mozilla/5.0 (Linux; Android 6.0.1; Nexus 5X Build/MMB29P) AppleWebKit/537.36 (KHTML, like Gecko) Chrome/147.0.7727.137 Mobile Safari/537.36 (compatible; Googlebot/2.1; +http://www.google.com/bot.html)"
66.249.64.35 - - [12/May/2026:20:29:55 +0700] "GET /?o=157284526 HTTP/1.1" 200 786672 "-" "Mozilla/5.0 (Linux; Android 6.0.1; Nexus 5X Build/MMB29P) AppleWebKit/537.36 (KHTML, like Gecko) Chrome/147.0.7727.137 Mobile Safari/537.36 (compatible; Googlebot/2.1; +http://www.google.com/bot.html)"
66.249.71.69 - - [12/May/2026:20:29:57 +0700] "GET /?o=636799555 HTTP/1.1" 200 785321 "-" "Mozilla/5.0 (Linux; Android 6.0.1; Nexus 5X Build/MMB29P) AppleWebKit/537.36 (KHTML, like Gecko) Chrome/147.0.7727.137 Mobile Safari/537.36 (compatible; Googlebot/2.1; +http://www.google.com/bot.html)"
66.249.64.43 - - [12/May/2026:20:29:56 +0700] "GET /?o=3584868420 HTTP/1.1" 200 794344 "-" "Mozilla/5.0 (Linux; Android 6.0.1; Nexus 5X Build/MMB29P) AppleWebKit/537.36 (KHTML, like Gecko) Chrome/147.0.7727.137 Mobile Safari/537.36 (compatible; Googlebot/2.1; +http://www.google.com/bot.html)"
66.249.71.71 - - [12/May/2026:20:30:01 +0700] "GET /?o=2240826914 HTTP/1.1" 200 791723 "-" "Mozilla/5.0 (Linux; Android 6.0.1; Nexus 5X Build/MMB29P) AppleWebKit/537.36 (KHTML, like Gecko) Chrome/147.0.7727.137 Mobile Safari/537.36 (compatible; Googlebot/2.1; +http://www.google.com/bot.html)"
66.249.64.42 - - [12/May/2026:20:30:00 +0700] "GET /?o=1984686597 HTTP/1.1" 200 802835 "-" "Mozilla/5.0 (Linux; Android 6.0.1; Nexus 5X Build/MMB29P) AppleWebKit/537.36 (KHTML, like Gecko) Chrome/147.0.7727.137 Mobile Safari/537.36 (compatible; Googlebot/2.1; +http://www.google.com/bot.html)"
66.249.64.34 - - [12/May/2026:20:30:03 +0700] "GET /category/0/1/025/025009/?SPC=0&SGC=0&STA=0&FPC=0&FGC=0&FTA=0&SFL_DF=0&CPPR=1 HTTP/1.1" 500 - "-" "Mozilla/5.0 (Linux; Android 6.0.1; Nexus 5X Build/MMB29P) AppleWebKit/537.36 (KHTML, like Gecko) Chrome/147.0.7727.137 Mobile Safari/537.36 (compatible; Googlebot/2.1; +http://www.google.com/bot.html)"
66.249.64.32 - - [12/May/2026:20:30:03 +0700] "GET /?h=egc0xp0ld90ywmh_gkind14524002 HTTP/1.1" 500 - "-" "Mozilla/5.0 (Linux; Android 6.0.1; Nexus 5X Build/MMB29P) AppleWebKit/537.36 (KHTML, like Gecko) Chrome/147.0.7727.137 Mobile Safari/537.36 (compatible; Googlebot/2.1; +http://www.google.com/bot.html)"
66.249.64.38 - - [12/May/2026:20:30:04 +0700] "POST /kaunet/categoryshop/office/sitemap/KWf_CGmNaviPlusAjaxAction.jsp HTTP/1.1" 200 798161 "https://win678z.net/?o=2085825986" "Mozilla/5.0 (Linux; Android 6.0.1; Nexus 5X Build/MMB29P) AppleWebKit/537.36 (KHTML, like Gecko) Chrome/147.0.7727.137 Mobile Safari/537.36 (compatible; Googlebot/2.1; +http://www.google.com/bot.html)"
66.249.64.32 - - [12/May/2026:20:30:05 +0700] "GET /?jp/035021483.html HTTP/1.1" 200 814934 "-" "Mozilla/5.0 (Linux; Android 6.0.1; Nexus 5X Build/MMB29P) AppleWebKit/537.36 (KHTML, like Gecko) Chrome/147.0.7727.137 Mobile Safari/537.36 (compatible; Googlebot/2.1; +http://www.google.com/bot.html)"
66.249.64.37 - - [12/May/2026:20:30:06 +0700] "GET /?jp/012027874.html HTTP/1.1" 200 807978 "-" "Mozilla/5.0 (Linux; Android 6.0.1; Nexus 5X Build/MMB29P) AppleWebKit/537.36 (KHTML, like Gecko) Chrome/147.0.7727.137 Mobile Safari/537.36 (compatible; Googlebot/2.1; +http://www.google.com/bot.html)"
66.249.64.38 - - [12/May/2026:20:30:07 +0700] "GET /?jp/274013422.html HTTP/1.1" 200 784643 "-" "Mozilla/5.0 (Linux; Android 6.0.1; Nexus 5X Build/MMB29P) AppleWebKit/537.36 (KHTML, like Gecko) Chrome/147.0.7727.137 Mobile Safari/537.36 (compatible; Googlebot/2.1; +http://www.google.com/bot.html)"
66.249.71.67 - - [12/May/2026:20:30:08 +0700] "GET /?detail/20401987884488 HTTP/1.1" 200 829996 "-" "Mozilla/5.0 (Linux; Android 6.0.1; Nexus 5X Build/MMB29P) AppleWebKit/537.36 (KHTML, like Gecko) Chrome/147.0.7727.137 Mobile Safari/537.36 (compatible; Googlebot/2.1; +http://www.google.com/bot.html)"
66.249.64.32 - - [12/May/2026:20:30:08 +0700] "POST /kaunet/categoryshop/office/sitemap/KWf_CGmNaviPlusAjaxAction.jsp HTTP/1.1" 200 798161 "https://win678z.net/?o=1104154342" "Mozilla/5.0 (Linux; Android 6.0.1; Nexus 5X Build/MMB29P) AppleWebKit/537.36 (KHTML, like Gecko) Chrome/147.0.7727.137 Mobile Safari/537.36 (compatible; Googlebot/2.1; +http://www.google.com/bot.html)"
66.249.71.66 - - [12/May/2026:20:30:10 +0700] "POST /kaunet/categoryshop/office/sitemap/KWf_CGmNaviPlusAjaxAction.jsp HTTP/1.1" 200 798161 "https://win678z.net/?o=3423124082" "Mozilla/5.0 (Linux; Android 6.0.1; Nexus 5X Build/MMB29P) AppleWebKit/537.36 (KHTML, like Gecko) Chrome/147.0.7727.137 Mobile Safari/537.36 (compatible; Googlebot/2.1; +http://www.google.com/bot.html)"
66.249.64.36 - - [12/May/2026:20:30:10 +0700] "GET /?jp/173011907.html HTTP/1.1" 200 818822 "-" "Mozilla/5.0 (Linux; Android 6.0.1; Nexus 5X Build/MMB29P) AppleWebKit/537.36 (KHTML, like Gecko) Chrome/147.0.7727.137 Mobile Safari/537.36 (compatible; Googlebot/2.1; +http://www.google.com/bot.html)"
66.249.64.41 - - [12/May/2026:20:30:12 +0700] "GET /?goods/230041683 HTTP/1.1" 200 798763 "-" "Mozilla/5.0 (Linux; Android 6.0.1; Nexus 5X Build/MMB29P) AppleWebKit/537.36 (KHTML, like Gecko) Chrome/147.0.7727.137 Mobile Safari/537.36 (compatible; Googlebot/2.1; +http://www.google.com/bot.html)"
66.249.64.37 - - [12/May/2026:20:30:13 +0700] "POST /kaunet/categoryshop/office/sitemap/KWf_CGmNaviPlusAjaxAction.jsp HTTP/1.1" 200 798161 "https://win678z.net/?goods/043042200" "Mozilla/5.0 (Linux; Android 6.0.1; Nexus 5X Build/MMB29P) AppleWebKit/537.36 (KHTML, like Gecko) Chrome/147.0.7727.137 Mobile Safari/537.36 (compatible; Googlebot/2.1; +http://www.google.com/bot.html)"
66.249.64.40 - - [12/May/2026:20:30:13 +0700] "GET /?detail/240030250666 HTTP/1.1" 200 820185 "-" "Mozilla/5.0 (Linux; Android 6.0.1; Nexus 5X Build/MMB29P) AppleWebKit/537.36 (KHTML, like Gecko) Chrome/147.0.7727.137 Mobile Safari/537.36 (compatible; Googlebot/2.1; +http://www.google.com/bot.html)"
66.249.71.70 - - [12/May/2026:20:30:15 +0700] "POST /kaunet/categoryshop/office/sitemap/KWf_CGmNaviPlusAjaxAction.jsp HTTP/1.1" 200 798161 "https://win678z.net/?o=157284526" "Mozilla/5.0 (Linux; Android 6.0.1; Nexus 5X Build/MMB29P) AppleWebKit/537.36 (KHTML, like Gecko) Chrome/147.0.7727.137 Mobile Safari/537.36 (compatible; Googlebot/2.1; +http://www.google.com/bot.html)"
66.249.64.38 - - [12/May/2026:20:30:16 +0700] "GET /?jp/026041907.html HTTP/1.1" 200 789515 "-" "Mozilla/5.0 (Linux; Android 6.0.1; Nexus 5X Build/MMB29P) AppleWebKit/537.36 (KHTML, like Gecko) Chrome/147.0.7727.137 Mobile Safari/537.36 (compatible; Googlebot/2.1; +http://www.google.com/bot.html)"
66.249.64.42 - - [12/May/2026:20:30:16 +0700] "POST /kaunet/categoryshop/office/sitemap/KWf_CGmNaviPlusAjaxAction.jsp HTTP/1.1" 200 798161 "https://win678z.net/?jp/274013422.html" "Mozilla/5.0 (Linux; Android 6.0.1; Nexus 5X Build/MMB29P) AppleWebKit/537.36 (KHTML, like Gecko) Chrome/147.0.7727.137 Mobile Safari/537.36 (compatible; Googlebot/2.1; +http://www.google.com/bot.html)"
66.249.64.35 - - [12/May/2026:20:30:17 +0700] "GET /?goods/073038695 HTTP/1.1" 200 814119 "-" "Mozilla/5.0 (Linux; Android 6.0.1; Nexus 5X Build/MMB29P) AppleWebKit/537.36 (KHTML, like Gecko) Chrome/147.0.7727.137 Mobile Safari/537.36 (compatible; Googlebot/2.1; +http://www.google.com/bot.html)"
66.249.71.68 - - [12/May/2026:20:30:19 +0700] "GET /?detail/09000622006460 HTTP/1.1" 200 764447 "-" "Mozilla/5.0 (Linux; Android 6.0.1; Nexus 5X Build/MMB29P) AppleWebKit/537.36 (KHTML, like Gecko) Chrome/147.0.7727.137 Mobile Safari/537.36 (compatible; Googlebot/2.1; +http://www.google.com/bot.html)"
66.249.64.38 - - [12/May/2026:20:30:20 +0700] "POST /kaunet/categoryshop/office/sitemap/KWf_CGmNaviPlusAjaxAction.jsp HTTP/1.1" 200 798161 "https://win678z.net/?o=1984686597" "Mozilla/5.0 (Linux; Android 6.0.1; Nexus 5X Build/MMB29P) AppleWebKit/537.36 (KHTML, like Gecko) Chrome/147.0.7727.137 Mobile Safari/537.36 (compatible; Googlebot/2.1; +http://www.google.com/bot.html)"
66.249.64.33 - - [12/May/2026:20:30:20 +0700] "GET /?jp/235049720.html HTTP/1.1" 200 835692 "-" "Mozilla/5.0 (Linux; Android 6.0.1; Nexus 5X Build/MMB29P) AppleWebKit/537.36 (KHTML, like Gecko) Chrome/147.0.7727.137 Mobile Safari/537.36 (compatible; Googlebot/2.1; +http://www.google.com/bot.html)"
66.249.71.69 - - [12/May/2026:20:30:21 +0700] "POST /kaunet/categoryshop/office/sitemap/KWf_CGmNaviPlusAjaxAction.jsp HTTP/1.1" 200 798161 "https://win678z.net/?jp/274013422.html" "Mozilla/5.0 (Linux; Android 6.0.1; Nexus 5X Build/MMB29P) AppleWebKit/537.36 (KHTML, like Gecko) Chrome/147.0.7727.137 Mobile Safari/537.36 (compatible; Googlebot/2.1; +http://www.google.com/bot.html)"
66.249.64.44 - - [12/May/2026:20:30:23 +0700] "GET /?goods/257012545 HTTP/1.1" 200 779660 "-" "Mozilla/5.0 (Linux; Android 6.0.1; Nexus 5X Build/MMB29P) AppleWebKit/537.36 (KHTML, like Gecko) Chrome/147.0.7727.137 Mobile Safari/537.36 (compatible; Googlebot/2.1; +http://www.google.com/bot.html)"
66.249.64.32 - - [12/May/2026:20:30:25 +0700] "GET /?detail/25602595563667 HTTP/1.1" 200 785925 "-" "Mozilla/5.0 (Linux; Android 6.0.1; Nexus 5X Build/MMB29P) AppleWebKit/537.36 (KHTML, like Gecko) Chrome/147.0.7727.137 Mobile Safari/537.36 (compatible; Googlebot/2.1; +http://www.google.com/bot.html)"
66.249.64.39 - - [12/May/2026:20:30:25 +0700] "POST /kaunet/categoryshop/office/sitemap/KWf_CGmNaviPlusAjaxAction.jsp HTTP/1.1" 200 798161 "https://win678z.net/?jp/274013422.html" "Mozilla/5.0 (Linux; Android 6.0.1; Nexus 5X Build/MMB29P) AppleWebKit/537.36 (KHTML, like Gecko) Chrome/147.0.7727.137 Mobile Safari/537.36 (compatible; Googlebot/2.1; +http://www.google.com/bot.html)"
57.141.2.57 - - [12/May/2026:20:30:29 +0700] "GET /view/item/01524295021 HTTP/1.1" 500 - "-" "meta-externalagent/1.1 (+https://developers.facebook.com/docs/sharing/webmasters/crawler)"
66.249.71.65 - - [12/May/2026:20:30:28 +0700] "POST /kaunet/categoryshop/office/sitemap/KWf_CGmNaviPlusAjaxAction.jsp HTTP/1.1" 200 798161 "https://win678z.net/?o=911311192" "Mozilla/5.0 (Linux; Android 6.0.1; Nexus 5X Build/MMB29P) AppleWebKit/537.36 (KHTML, like Gecko) Chrome/147.0.7727.137 Mobile Safari/537.36 (compatible; Googlebot/2.1; +http://www.google.com/bot.html)"
66.249.71.64 - - [12/May/2026:20:30:28 +0700] "GET /?goods/080020943 HTTP/1.1" 200 822313 "-" "Mozilla/5.0 (Linux; Android 6.0.1; Nexus 5X Build/MMB29P) AppleWebKit/537.36 (KHTML, like Gecko) Chrome/147.0.7727.137 Mobile Safari/537.36 (compatible; Googlebot/2.1; +http://www.google.com/bot.html)"
66.249.71.64 - - [12/May/2026:20:30:30 +0700] "POST /kaunet/categoryshop/office/sitemap/KWf_CGmNaviPlusAjaxAction.jsp HTTP/1.1" 200 798161 "https://win678z.net/?jp/035021483.html" "Mozilla/5.0 (Linux; Android 6.0.1; Nexus 5X Build/MMB29P) AppleWebKit/537.36 (KHTML, like Gecko) Chrome/147.0.7727.137 Mobile Safari/537.36 (compatible; Googlebot/2.1; +http://www.google.com/bot.html)"
66.249.71.64 - - [12/May/2026:20:30:25 +0700] "GET /?jp/278010104.html HTTP/1.1" 200 809865 "-" "Mozilla/5.0 (Linux; Android 6.0.1; Nexus 5X Build/MMB29P) AppleWebKit/537.36 (KHTML, like Gecko) Chrome/147.0.7727.137 Mobile Safari/537.36 (compatible; Googlebot/2.1; +http://www.google.com/bot.html)"
66.249.64.35 - - [12/May/2026:20:30:31 +0700] "GET /?detail/002008765269 HTTP/1.1" 200 799970 "-" "Mozilla/5.0 (Linux; Android 6.0.1; Nexus 5X Build/MMB29P) AppleWebKit/537.36 (KHTML, like Gecko) Chrome/147.0.7727.137 Mobile Safari/537.36 (compatible; Googlebot/2.1; +http://www.google.com/bot.html)"
66.249.64.38 - - [12/May/2026:20:30:33 +0700] "POST /kaunet/categoryshop/office/sitemap/KWf_CGmNaviPlusAjaxAction.jsp HTTP/1.1" 200 798161 "https://win678z.net/?jp/235049720.html" "Mozilla/5.0 (Linux; Android 6.0.1; Nexus 5X Build/MMB29P) AppleWebKit/537.36 (KHTML, like Gecko) Chrome/147.0.7727.137 Mobile Safari/537.36 (compatible; Googlebot/2.1; +http://www.google.com/bot.html)"
