66.249.64.41 - - [12/May/2026:23:38:04 +0700] "GET /view/item/01155462904 HTTP/1.1" 200 813652 "-" "Mozilla/5.0 (Linux; Android 6.0.1; Nexus 5X Build/MMB29P) AppleWebKit/537.36 (KHTML, like Gecko) Chrome/147.0.7727.137 Mobile Safari/537.36 (compatible; Googlebot/2.1; +http://www.google.com/bot.html)"
66.249.64.40 - - [12/May/2026:23:38:17 +0700] "POST /kaunet/categoryshop/office/sitemap/KWf_CGmNaviPlusAjaxAction.jsp HTTP/1.1" 200 796544 "http://win678z.net/view/item/01155462904" "Mozilla/5.0 (Linux; Android 6.0.1; Nexus 5X Build/MMB29P) AppleWebKit/537.36 (KHTML, like Gecko) Chrome/147.0.7727.137 Mobile Safari/537.36 (compatible; Googlebot/2.1; +http://www.google.com/bot.html)"
66.249.64.41 - - [12/May/2026:23:38:18 +0700] "POST /kaunet/categoryshop/office/sitemap/KWf_CGmNaviPlusAjaxAction.jsp HTTP/1.1" 200 796544 "http://win678z.net/view/item/013361554081" "Mozilla/5.0 (Linux; Android 6.0.1; Nexus 5X Build/MMB29P) AppleWebKit/537.36 (KHTML, like Gecko) Chrome/147.0.7727.137 Mobile Safari/537.36 (compatible; Googlebot/2.1; +http://www.google.com/bot.html)"
66.249.71.66 - - [12/May/2026:23:38:44 +0700] "GET /view/item/013407291220 HTTP/1.1" 200 820035 "-" "Mozilla/5.0 (Linux; Android 6.0.1; Nexus 5X Build/MMB29P) AppleWebKit/537.36 (KHTML, like Gecko) Chrome/147.0.7727.137 Mobile Safari/537.36 (compatible; Googlebot/2.1; +http://www.google.com/bot.html)"
66.249.71.64 - - [12/May/2026:23:39:03 +0700] "POST /kaunet/categoryshop/office/sitemap/KWf_CGmNaviPlusAjaxAction.jsp HTTP/1.1" 200 796544 "http://win678z.net/view/item/013407291220" "Mozilla/5.0 (Linux; Android 6.0.1; Nexus 5X Build/MMB29P) AppleWebKit/537.36 (KHTML, like Gecko) Chrome/147.0.7727.137 Mobile Safari/537.36 (compatible; Googlebot/2.1; +http://www.google.com/bot.html)"
66.249.64.41 - - [12/May/2026:23:39:27 +0700] "GET /view/item/01832396444 HTTP/1.1" 200 821171 "-" "Mozilla/5.0 (Linux; Android 6.0.1; Nexus 5X Build/MMB29P) AppleWebKit/537.36 (KHTML, like Gecko) Chrome/147.0.7727.137 Mobile Safari/537.36 (compatible; Googlebot/2.1; +http://www.google.com/bot.html)"
66.249.64.40 - - [12/May/2026:23:39:43 +0700] "GET /sitemap-sub-1184.xml HTTP/1.1" 200 336443 "-" "Mozilla/5.0 (compatible; Googlebot/2.1; +http://www.google.com/bot.html)"
66.249.64.42 - - [12/May/2026:23:39:46 +0700] "POST /kaunet/categoryshop/office/sitemap/KWf_CGmNaviPlusAjaxAction.jsp HTTP/1.1" 200 796544 "http://win678z.net/view/item/01832396444" "Mozilla/5.0 (Linux; Android 6.0.1; Nexus 5X Build/MMB29P) AppleWebKit/537.36 (KHTML, like Gecko) Chrome/147.0.7727.137 Mobile Safari/537.36 (compatible; Googlebot/2.1; +http://www.google.com/bot.html)"
66.249.64.40 - - [12/May/2026:23:40:36 +0700] "GET /view/item/011838387642 HTTP/1.1" 200 791338 "-" "Mozilla/5.0 (Linux; Android 6.0.1; Nexus 5X Build/MMB29P) AppleWebKit/537.36 (KHTML, like Gecko) Chrome/147.0.7727.137 Mobile Safari/537.36 (compatible; Googlebot/2.1; +http://www.google.com/bot.html)"
66.249.64.45 - - [12/May/2026:23:40:41 +0700] "GET /sitemap-sub-2636.xml HTTP/1.1" 200 336443 "-" "Mozilla/5.0 (compatible; Googlebot/2.1; +http://www.google.com/bot.html)"
66.249.71.66 - - [12/May/2026:23:40:49 +0700] "GET /sitemap-sub-2260.xml HTTP/1.1" 200 336443 "-" "Mozilla/5.0 (compatible; Googlebot/2.1; +http://www.google.com/bot.html)"
66.249.64.41 - - [12/May/2026:23:41:08 +0700] "POST /kaunet/categoryshop/office/sitemap/KWf_CGmNaviPlusAjaxAction.jsp HTTP/1.1" 200 796544 "http://win678z.net/view/item/011838387642" "Mozilla/5.0 (Linux; Android 6.0.1; Nexus 5X Build/MMB29P) AppleWebKit/537.36 (KHTML, like Gecko) Chrome/147.0.7727.137 Mobile Safari/537.36 (compatible; Googlebot/2.1; +http://www.google.com/bot.html)"
66.249.64.40 - - [12/May/2026:23:41:16 +0700] "GET /view/item/011102601325 HTTP/1.1" 200 777420 "-" "Mozilla/5.0 (Linux; Android 6.0.1; Nexus 5X Build/MMB29P) AppleWebKit/537.36 (KHTML, like Gecko) Chrome/147.0.7727.137 Mobile Safari/537.36 (compatible; Googlebot/2.1; +http://www.google.com/bot.html)"
66.249.64.40 - - [12/May/2026:23:41:47 +0700] "GET /view/item/011286118063 HTTP/1.1" 200 789559 "-" "Mozilla/5.0 (Linux; Android 6.0.1; Nexus 5X Build/MMB29P) AppleWebKit/537.36 (KHTML, like Gecko) Chrome/147.0.7727.137 Mobile Safari/537.36 (compatible; Googlebot/2.1; +http://www.google.com/bot.html)"
66.249.64.40 - - [12/May/2026:23:42:18 +0700] "GET /sitemap-sub-2838.xml HTTP/1.1" 200 336443 "-" "Mozilla/5.0 (compatible; Googlebot/2.1; +http://www.google.com/bot.html)"
66.249.64.40 - - [12/May/2026:23:42:29 +0700] "GET /view/item/012855836474 HTTP/1.1" 200 765880 "-" "Mozilla/5.0 (Linux; Android 6.0.1; Nexus 5X Build/MMB29P) AppleWebKit/537.36 (KHTML, like Gecko) Chrome/147.0.7727.137 Mobile Safari/537.36 (compatible; Googlebot/2.1; +http://www.google.com/bot.html)"
198.252.107.224 - - [12/May/2026:23:43:06 +0700] "GET /.well-known/acme-challenge/L0BKWDPPW3JCV96R33I0J5BS_M8Q_B-O HTTP/1.1" 200 64 "-" "Cpanel-HTTP-Client/1.0"
198.252.107.224 - - [12/May/2026:23:43:07 +0700] "GET /.well-known/acme-challenge/2UD8KE5Q1K7820PC4A51W6EVZYJ0BI76 HTTP/1.1" 200 64 "-" "Cpanel-HTTP-Client/1.0"
198.252.107.224 - - [12/May/2026:23:43:07 +0700] "GET /.well-known/acme-challenge/UPMA-XQTWL65ZX5AGF9B9SKSI3RY3J5K HTTP/1.1" 200 64 "-" "Cpanel-HTTP-Client/1.0"
66.249.71.71 - - [12/May/2026:23:43:06 +0700] "GET /view/item/011850965134 HTTP/1.1" 200 767950 "-" "Mozilla/5.0 (Linux; Android 6.0.1; Nexus 5X Build/MMB29P) AppleWebKit/537.36 (KHTML, like Gecko) Chrome/147.0.7727.137 Mobile Safari/537.36 (compatible; Googlebot/2.1; +http://www.google.com/bot.html)"
198.252.107.224 - - [12/May/2026:23:43:09 +0700] "GET /.well-known/acme-challenge/68P77P43U2-WISRK092ABECO2HAQSYX5 HTTP/1.1" 200 64 "-" "Cpanel-HTTP-Client/1.0"
198.252.107.224 - - [12/May/2026:23:43:10 +0700] "GET /.well-known/acme-challenge/XCB907AK30E7MT0F9DYJ09D90AU1NPF4 HTTP/1.1" 200 64 "-" "Cpanel-HTTP-Client/1.0"
198.252.107.224 - - [12/May/2026:23:43:10 +0700] "GET /.well-known/acme-challenge/KNXVOLAUZPLKVB85CWG6NC_I5CMPO6FV HTTP/1.1" 200 64 "-" "Cpanel-HTTP-Client/1.0"
198.252.107.224 - - [12/May/2026:23:43:12 +0700] "GET /.well-known/acme-challenge/EIPU2JT9HTZ8NX-7KD3IE2E24072W6G8 HTTP/1.1" 200 64 "-" "Cpanel-HTTP-Client/1.0"
198.252.107.224 - - [12/May/2026:23:43:12 +0700] "GET /.well-known/acme-challenge/2_3W626VP6JW8EFTI-K7YL02VUP94EAC HTTP/1.1" 200 64 "-" "Cpanel-HTTP-Client/1.0"
198.252.107.224 - - [12/May/2026:23:43:13 +0700] "GET /.well-known/acme-challenge/K476HJI-E9E87GOS_KBCAB9898D390QL HTTP/1.1" 200 64 "-" "Cpanel-HTTP-Client/1.0"
66.249.64.41 - - [12/May/2026:23:43:11 +0700] "POST /kaunet/categoryshop/office/sitemap/KWf_CGmNaviPlusAjaxAction.jsp HTTP/1.1" 200 796544 "http://win678z.net/view/item/011286118063" "Mozilla/5.0 (Linux; Android 6.0.1; Nexus 5X Build/MMB29P) AppleWebKit/537.36 (KHTML, like Gecko) Chrome/147.0.7727.137 Mobile Safari/537.36 (compatible; Googlebot/2.1; +http://www.google.com/bot.html)"
66.249.64.40 - - [12/May/2026:23:43:27 +0700] "POST /kaunet/categoryshop/office/sitemap/KWf_CGmNaviPlusAjaxAction.jsp HTTP/1.1" 200 796544 "http://win678z.net/view/item/011850965134" "Mozilla/5.0 (Linux; Android 6.0.1; Nexus 5X Build/MMB29P) AppleWebKit/537.36 (KHTML, like Gecko) Chrome/147.0.7727.137 Mobile Safari/537.36 (compatible; Googlebot/2.1; +http://www.google.com/bot.html)"
66.249.71.70 - - [12/May/2026:23:43:40 +0700] "GET /view/item/013178930416 HTTP/1.1" 200 824748 "-" "Mozilla/5.0 (Linux; Android 6.0.1; Nexus 5X Build/MMB29P) AppleWebKit/537.36 (KHTML, like Gecko) Chrome/147.0.7727.137 Mobile Safari/537.36 (compatible; Googlebot/2.1; +http://www.google.com/bot.html)"
66.249.64.44 - - [12/May/2026:23:43:51 +0700] "POST /kaunet/categoryshop/office/sitemap/KWf_CGmNaviPlusAjaxAction.jsp HTTP/1.1" 200 796544 "http://win678z.net/view/item/013178930416" "Mozilla/5.0 (Linux; Android 6.0.1; Nexus 5X Build/MMB29P) AppleWebKit/537.36 (KHTML, like Gecko) Chrome/147.0.7727.137 Mobile Safari/537.36 (compatible; Googlebot/2.1; +http://www.google.com/bot.html)"
69.30.215.34 - - [12/May/2026:23:43:53 +0700] "GET /wp-includes/wpc288e2/edit.php HTTP/1.1" 500 - "http://win678z.net/wp-includes/wpc288e2/edit.php" "Mozilla/5.0 (Windows NT 10.0; Win64; x64) AppleWebKit/537.36 (KHTML, like Gecko) Chrome/58.0.3029.110 Safari/537.3"
66.249.64.40 - - [12/May/2026:23:44:04 +0700] "GET /view/item/011945090491 HTTP/1.1" 200 818283 "-" "Mozilla/5.0 (Linux; Android 6.0.1; Nexus 5X Build/MMB29P) AppleWebKit/537.36 (KHTML, like Gecko) Chrome/147.0.7727.137 Mobile Safari/537.36 (compatible; Googlebot/2.1; +http://www.google.com/bot.html)"
66.249.71.69 - - [12/May/2026:23:44:13 +0700] "GET /view/item/01574350400 HTTP/1.1" 200 811622 "-" "Mozilla/5.0 (Linux; Android 6.0.1; Nexus 5X Build/MMB29P) AppleWebKit/537.36 (KHTML, like Gecko) Chrome/147.0.7727.137 Mobile Safari/537.36 (compatible; Googlebot/2.1; +http://www.google.com/bot.html)"
66.249.64.43 - - [12/May/2026:23:44:16 +0700] "POST /kaunet/categoryshop/office/sitemap/KWf_CGmNaviPlusAjaxAction.jsp HTTP/1.1" 200 796544 "http://win678z.net/view/item/011945090491" "Mozilla/5.0 (Linux; Android 6.0.1; Nexus 5X Build/MMB29P) AppleWebKit/537.36 (KHTML, like Gecko) Chrome/147.0.7727.137 Mobile Safari/537.36 (compatible; Googlebot/2.1; +http://www.google.com/bot.html)"
66.249.64.41 - - [12/May/2026:23:44:17 +0700] "GET /sitemap-sub-1589.xml HTTP/1.1" 200 336443 "-" "Mozilla/5.0 (compatible; Googlebot/2.1; +http://www.google.com/bot.html)"
69.30.215.34 - - [12/May/2026:23:44:19 +0700] "GET /wp-includes/wpc288e2/edit.php HTTP/1.1" 500 - "http://win678z.net/wp-includes/wpc288e2/edit.php" "Mozilla/5.0 (Windows NT 10.0; Win64; x64) AppleWebKit/537.36 (KHTML, like Gecko) Chrome/58.0.3029.110 Safari/537.3"
66.249.71.69 - - [12/May/2026:23:44:27 +0700] "POST /kaunet/categoryshop/office/sitemap/KWf_CGmNaviPlusAjaxAction.jsp HTTP/1.1" 200 796544 "http://win678z.net/view/item/01574350400" "Mozilla/5.0 (Linux; Android 6.0.1; Nexus 5X Build/MMB29P) AppleWebKit/537.36 (KHTML, like Gecko) Chrome/147.0.7727.137 Mobile Safari/537.36 (compatible; Googlebot/2.1; +http://www.google.com/bot.html)"
66.249.71.71 - - [12/May/2026:23:44:45 +0700] "GET /view/item/011430177899 HTTP/1.1" 200 829325 "-" "Mozilla/5.0 (Linux; Android 6.0.1; Nexus 5X Build/MMB29P) AppleWebKit/537.36 (KHTML, like Gecko) Chrome/147.0.7727.137 Mobile Safari/537.36 (compatible; Googlebot/2.1; +http://www.google.com/bot.html)"
66.249.64.42 - - [12/May/2026:23:45:13 +0700] "GET /view/item/013592286594 HTTP/1.1" 200 770360 "-" "Mozilla/5.0 (Linux; Android 6.0.1; Nexus 5X Build/MMB29P) AppleWebKit/537.36 (KHTML, like Gecko) Chrome/147.0.7727.137 Mobile Safari/537.36 (compatible; Googlebot/2.1; +http://www.google.com/bot.html)"
66.249.64.42 - - [12/May/2026:23:45:17 +0700] "POST /kaunet/categoryshop/office/sitemap/KWf_CGmNaviPlusAjaxAction.jsp HTTP/1.1" 200 796544 "http://win678z.net/view/item/011430177899" "Mozilla/5.0 (Linux; Android 6.0.1; Nexus 5X Build/MMB29P) AppleWebKit/537.36 (KHTML, like Gecko) Chrome/147.0.7727.137 Mobile Safari/537.36 (compatible; Googlebot/2.1; +http://www.google.com/bot.html)"
66.249.64.41 - - [12/May/2026:23:45:46 +0700] "POST /kaunet/categoryshop/office/sitemap/KWf_CGmNaviPlusAjaxAction.jsp HTTP/1.1" 200 796544 "http://win678z.net/view/item/013592286594" "Mozilla/5.0 (Linux; Android 6.0.1; Nexus 5X Build/MMB29P) AppleWebKit/537.36 (KHTML, like Gecko) Chrome/147.0.7727.137 Mobile Safari/537.36 (compatible; Googlebot/2.1; +http://www.google.com/bot.html)"
66.249.71.69 - - [12/May/2026:23:45:51 +0700] "GET /view/item/013673119656 HTTP/1.1" 200 774954 "-" "Mozilla/5.0 (Linux; Android 6.0.1; Nexus 5X Build/MMB29P) AppleWebKit/537.36 (KHTML, like Gecko) Chrome/147.0.7727.137 Mobile Safari/537.36 (compatible; Googlebot/2.1; +http://www.google.com/bot.html)"
66.249.64.40 - - [12/May/2026:23:45:58 +0700] "POST /kaunet/categoryshop/office/sitemap/KWf_CGmNaviPlusAjaxAction.jsp HTTP/1.1" 200 796544 "http://win678z.net/view/item/013673119656" "Mozilla/5.0 (Linux; Android 6.0.1; Nexus 5X Build/MMB29P) AppleWebKit/537.36 (KHTML, like Gecko) Chrome/147.0.7727.137 Mobile Safari/537.36 (compatible; Googlebot/2.1; +http://www.google.com/bot.html)"
66.249.71.69 - - [12/May/2026:23:46:29 +0700] "GET /view/item/012794449793 HTTP/1.1" 200 814447 "-" "Mozilla/5.0 (Linux; Android 6.0.1; Nexus 5X Build/MMB29P) AppleWebKit/537.36 (KHTML, like Gecko) Chrome/147.0.7727.137 Mobile Safari/537.36 (compatible; Googlebot/2.1; +http://www.google.com/bot.html)"
66.249.71.70 - - [12/May/2026:23:47:07 +0700] "GET /view/item/012006452068 HTTP/1.1" 200 821587 "-" "Mozilla/5.0 (Linux; Android 6.0.1; Nexus 5X Build/MMB29P) AppleWebKit/537.36 (KHTML, like Gecko) Chrome/147.0.7727.137 Mobile Safari/537.36 (compatible; Googlebot/2.1; +http://www.google.com/bot.html)"
66.249.71.70 - - [12/May/2026:23:47:25 +0700] "POST /kaunet/categoryshop/office/sitemap/KWf_CGmNaviPlusAjaxAction.jsp HTTP/1.1" 200 796544 "http://win678z.net/view/item/013592286594" "Mozilla/5.0 (Linux; Android 6.0.1; Nexus 5X Build/MMB29P) AppleWebKit/537.36 (KHTML, like Gecko) Chrome/147.0.7727.137 Mobile Safari/537.36 (compatible; Googlebot/2.1; +http://www.google.com/bot.html)"
66.249.64.41 - - [12/May/2026:23:47:45 +0700] "GET /view/item/012436689346 HTTP/1.1" 200 769165 "-" "Mozilla/5.0 (Linux; Android 6.0.1; Nexus 5X Build/MMB29P) AppleWebKit/537.36 (KHTML, like Gecko) Chrome/147.0.7727.137 Mobile Safari/537.36 (compatible; Googlebot/2.1; +http://www.google.com/bot.html)"
66.249.71.69 - - [12/May/2026:23:47:59 +0700] "POST /kaunet/categoryshop/office/sitemap/KWf_CGmNaviPlusAjaxAction.jsp HTTP/1.1" 200 796544 "http://win678z.net/view/item/012794449793" "Mozilla/5.0 (Linux; Android 6.0.1; Nexus 5X Build/MMB29P) AppleWebKit/537.36 (KHTML, like Gecko) Chrome/147.0.7727.137 Mobile Safari/537.36 (compatible; Googlebot/2.1; +http://www.google.com/bot.html)"
66.249.64.41 - - [12/May/2026:23:48:25 +0700] "GET /view/item/013783194015 HTTP/1.1" 200 808169 "-" "Mozilla/5.0 (Linux; Android 6.0.1; Nexus 5X Build/MMB29P) AppleWebKit/537.36 (KHTML, like Gecko) Chrome/147.0.7727.137 Mobile Safari/537.36 (compatible; Googlebot/2.1; +http://www.google.com/bot.html)"
66.249.71.69 - - [12/May/2026:23:49:06 +0700] "GET /view/item/012509076154 HTTP/1.1" 200 770772 "-" "Mozilla/5.0 (Linux; Android 6.0.1; Nexus 5X Build/MMB29P) AppleWebKit/537.36 (KHTML, like Gecko) Chrome/147.0.7727.137 Mobile Safari/537.36 (compatible; Googlebot/2.1; +http://www.google.com/bot.html)"
66.249.64.40 - - [12/May/2026:23:49:31 +0700] "GET /view/item/01113666625 HTTP/1.1" 200 839243 "-" "Mozilla/5.0 (Linux; Android 6.0.1; Nexus 5X Build/MMB29P) AppleWebKit/537.36 (KHTML, like Gecko) Chrome/147.0.7727.137 Mobile Safari/537.36 (compatible; Googlebot/2.1; +http://www.google.com/bot.html)"
66.249.71.70 - - [12/May/2026:23:49:52 +0700] "GET /view/item/012785478921 HTTP/1.1" 200 801544 "-" "Mozilla/5.0 (Linux; Android 6.0.1; Nexus 5X Build/MMB29P) AppleWebKit/537.36 (KHTML, like Gecko) Chrome/147.0.7727.137 Mobile Safari/537.36 (compatible; Googlebot/2.1; +http://www.google.com/bot.html)"
66.249.71.64 - - [12/May/2026:23:50:12 +0700] "POST /kaunet/categoryshop/office/sitemap/KWf_CGmNaviPlusAjaxAction.jsp HTTP/1.1" 200 796544 "http://win678z.net/view/item/012436689346" "Mozilla/5.0 (Linux; Android 6.0.1; Nexus 5X Build/MMB29P) AppleWebKit/537.36 (KHTML, like Gecko) Chrome/147.0.7727.137 Mobile Safari/537.36 (compatible; Googlebot/2.1; +http://www.google.com/bot.html)"
66.249.71.70 - - [12/May/2026:23:50:24 +0700] "GET /view/item/012377288968 HTTP/1.1" 200 813978 "-" "Mozilla/5.0 (Linux; Android 6.0.1; Nexus 5X Build/MMB29P) AppleWebKit/537.36 (KHTML, like Gecko) Chrome/147.0.7727.137 Mobile Safari/537.36 (compatible; Googlebot/2.1; +http://www.google.com/bot.html)"
66.249.71.69 - - [12/May/2026:23:50:38 +0700] "GET /sitemap-sub-1015.xml HTTP/1.1" 200 336443 "-" "Mozilla/5.0 (compatible; Googlebot/2.1; +http://www.google.com/bot.html)"
66.249.71.71 - - [12/May/2026:23:51:55 +0700] "GET /sitemap-sub-1537.xml HTTP/1.1" 200 336443 "-" "Mozilla/5.0 (compatible; Googlebot/2.1; +http://www.google.com/bot.html)"
20.63.83.104 - - [12/May/2026:23:52:03 +0700] "GET /wp-content/plugins/hellopress/wp_filemanager.php HTTP/1.1" 500 - "-" "-"
66.249.71.70 - - [12/May/2026:23:52:05 +0700] "GET /view/item/013845218001 HTTP/1.1" 200 793393 "-" "Mozilla/5.0 (Linux; Android 6.0.1; Nexus 5X Build/MMB29P) AppleWebKit/537.36 (KHTML, like Gecko) Chrome/147.0.7727.137 Mobile Safari/537.36 (compatible; Googlebot/2.1; +http://www.google.com/bot.html)"
20.63.83.104 - - [12/May/2026:23:52:09 +0700] "GET /shoha.php HTTP/1.1" 500 - "-" "-"
20.63.83.104 - - [12/May/2026:23:52:11 +0700] "GET /wp-thi.php HTTP/1.1" 500 - "-" "-"
20.63.83.104 - - [12/May/2026:23:52:14 +0700] "GET /wp-slss.php HTTP/1.1" 500 - "-" "-"
20.63.83.104 - - [12/May/2026:23:52:40 +0700] "GET /ftde.php HTTP/1.1" 500 - "-" "-"
20.63.83.104 - - [12/May/2026:23:52:42 +0700] "GET /tires.php HTTP/1.1" 500 - "-" "-"
20.63.83.104 - - [12/May/2026:23:52:43 +0700] "GET /ff1.php HTTP/1.1" 500 - "-" "-"
20.63.83.104 - - [12/May/2026:23:52:45 +0700] "GET /bthil.php HTTP/1.1" 500 - "-" "-"
20.63.83.104 - - [12/May/2026:23:52:48 +0700] "GET /333.php HTTP/1.1" 500 - "-" "-"
20.63.83.104 - - [12/May/2026:23:52:50 +0700] "GET /ccou.php HTTP/1.1" 500 - "-" "-"
20.63.83.104 - - [12/May/2026:23:52:56 +0700] "GET /albin.php HTTP/1.1" 500 - "-" "-"
20.63.83.104 - - [12/May/2026:23:53:01 +0700] "GET /sbhu.php HTTP/1.1" 500 - "-" "-"
20.63.83.104 - - [12/May/2026:23:53:07 +0700] "GET /xda.php HTTP/1.1" 500 - "-" "-"
66.249.71.71 - - [12/May/2026:23:53:10 +0700] "GET /view/item/01104740174 HTTP/1.1" 200 786664 "-" "Mozilla/5.0 (Linux; Android 6.0.1; Nexus 5X Build/MMB29P) AppleWebKit/537.36 (KHTML, like Gecko) Chrome/147.0.7727.137 Mobile Safari/537.36 (compatible; Googlebot/2.1; +http://www.google.com/bot.html)"
20.63.83.104 - - [12/May/2026:23:53:12 +0700] "GET /yellow.php HTTP/1.1" 500 - "-" "-"
20.63.83.104 - - [12/May/2026:23:53:14 +0700] "GET /lib.php HTTP/1.1" 500 - "-" "-"
20.63.83.104 - - [12/May/2026:23:53:30 +0700] "GET /ah25.php HTTP/1.1" 500 - "-" "-"
66.249.64.41 - - [12/May/2026:23:53:34 +0700] "POST /kaunet/categoryshop/office/sitemap/KWf_CGmNaviPlusAjaxAction.jsp HTTP/1.1" 200 796544 "http://win678z.net/view/item/012785478921" "Mozilla/5.0 (Linux; Android 6.0.1; Nexus 5X Build/MMB29P) AppleWebKit/537.36 (KHTML, like Gecko) Chrome/147.0.7727.137 Mobile Safari/537.36 (compatible; Googlebot/2.1; +http://www.google.com/bot.html)"
20.63.83.104 - - [12/May/2026:23:53:37 +0700] "GET /revealability.php HTTP/1.1" 500 - "-" "-"
20.63.83.104 - - [12/May/2026:23:53:39 +0700] "GET /file4.php HTTP/1.1" 500 - "-" "-"
20.63.83.104 - - [12/May/2026:23:53:44 +0700] "GET /atomlib.php HTTP/1.1" 500 - "-" "-"
20.63.83.104 - - [12/May/2026:23:53:49 +0700] "GET /file30.php HTTP/1.1" 500 - "-" "-"
20.63.83.104 - - [12/May/2026:23:53:58 +0700] "GET /forbidals.php HTTP/1.1" 500 - "-" "-"
20.63.83.104 - - [12/May/2026:23:54:21 +0700] "GET /shell20211028.php HTTP/1.1" 500 - "-" "-"
66.249.64.40 - - [12/May/2026:23:54:20 +0700] "GET /view/item/011013079690 HTTP/1.1" 200 831427 "-" "Mozilla/5.0 (Linux; Android 6.0.1; Nexus 5X Build/MMB29P) AppleWebKit/537.36 (KHTML, like Gecko) Chrome/147.0.7727.137 Mobile Safari/537.36 (compatible; Googlebot/2.1; +http://www.google.com/bot.html)"
20.63.83.104 - - [12/May/2026:23:54:26 +0700] "GET /wuasr.php HTTP/1.1" 500 - "-" "-"
20.63.83.104 - - [12/May/2026:23:54:32 +0700] "GET /1index.php HTTP/1.1" 500 - "-" "-"
66.249.71.69 - - [12/May/2026:23:55:03 +0700] "POST /kaunet/categoryshop/office/sitemap/KWf_CGmNaviPlusAjaxAction.jsp HTTP/1.1" 200 796544 "http://win678z.net/view/item/013845218001" "Mozilla/5.0 (Linux; Android 6.0.1; Nexus 5X Build/MMB29P) AppleWebKit/537.36 (KHTML, like Gecko) Chrome/147.0.7727.137 Mobile Safari/537.36 (compatible; Googlebot/2.1; +http://www.google.com/bot.html)"
66.249.64.41 - - [12/May/2026:23:55:06 +0700] "POST /kaunet/categoryshop/office/sitemap/KWf_CGmNaviPlusAjaxAction.jsp HTTP/1.1" 200 796544 "http://win678z.net/view/item/013783194015" "Mozilla/5.0 (Linux; Android 6.0.1; Nexus 5X Build/MMB29P) AppleWebKit/537.36 (KHTML, like Gecko) Chrome/147.0.7727.137 Mobile Safari/537.36 (compatible; Googlebot/2.1; +http://www.google.com/bot.html)"
20.63.83.104 - - [12/May/2026:23:55:14 +0700] "GET /yas.php HTTP/1.1" 500 - "-" "-"
20.63.83.104 - - [12/May/2026:23:55:18 +0700] "GET /dropdown.php HTTP/1.1" 500 - "-" "-"
20.63.83.104 - - [12/May/2026:23:55:21 +0700] "GET /wp-access.php HTTP/1.1" 500 - "-" "-"
66.249.64.41 - - [12/May/2026:23:55:20 +0700] "POST /kaunet/categoryshop/office/sitemap/KWf_CGmNaviPlusAjaxAction.jsp HTTP/1.1" 200 796544 "http://win678z.net/view/item/012377288968" "Mozilla/5.0 (Linux; Android 6.0.1; Nexus 5X Build/MMB29P) AppleWebKit/537.36 (KHTML, like Gecko) Chrome/147.0.7727.137 Mobile Safari/537.36 (compatible; Googlebot/2.1; +http://www.google.com/bot.html)"
20.63.83.104 - - [12/May/2026:23:55:30 +0700] "GET /fun.php HTTP/1.1" 500 - "-" "-"
20.63.83.104 - - [12/May/2026:23:55:32 +0700] "GET /wp-kd4xalrg7m.php HTTP/1.1" 500 - "-" "-"
66.249.64.40 - - [12/May/2026:23:55:34 +0700] "GET /view/item/01440373545 HTTP/1.1" 200 777047 "-" "Mozilla/5.0 (Linux; Android 6.0.1; Nexus 5X Build/MMB29P) AppleWebKit/537.36 (KHTML, like Gecko) Chrome/147.0.7727.137 Mobile Safari/537.36 (compatible; Googlebot/2.1; +http://www.google.com/bot.html)"
20.63.83.104 - - [12/May/2026:23:55:41 +0700] "GET /explorer/index_.php HTTP/1.1" 500 - "-" "-"
20.63.83.104 - - [12/May/2026:23:55:43 +0700] "GET /wp-trackback.php HTTP/1.1" 500 - "-" "-"
20.63.83.104 - - [12/May/2026:23:55:52 +0700] "GET /wp-admin/css/colors/blue/file.php HTTP/1.1" 500 - "-" "-"
66.249.71.69 - - [12/May/2026:23:55:52 +0700] "POST /kaunet/categoryshop/office/sitemap/KWf_CGmNaviPlusAjaxAction.jsp HTTP/1.1" 200 796544 "http://win678z.net/view/item/01104740174" "Mozilla/5.0 (Linux; Android 6.0.1; Nexus 5X Build/MMB29P) AppleWebKit/537.36 (KHTML, like Gecko) Chrome/147.0.7727.137 Mobile Safari/537.36 (compatible; Googlebot/2.1; +http://www.google.com/bot.html)"
20.63.83.104 - - [12/May/2026:23:55:54 +0700] "GET /new.php HTTP/1.1" 500 - "-" "-"
20.63.83.104 - - [12/May/2026:23:55:57 +0700] "GET /aevly.php HTTP/1.1" 500 - "-" "-"
20.63.83.104 - - [12/May/2026:23:55:59 +0700] "GET /app.php HTTP/1.1" 500 - "-" "-"
20.63.83.104 - - [12/May/2026:23:56:01 +0700] "GET /txets.php HTTP/1.1" 500 - "-" "-"
20.63.83.104 - - [12/May/2026:23:56:08 +0700] "GET /file59.php HTTP/1.1" 500 - "-" "-"
20.63.83.104 - - [12/May/2026:23:56:11 +0700] "GET /lala.php HTTP/1.1" 500 - "-" "-"
20.63.83.104 - - [12/May/2026:23:56:13 +0700] "GET /wp-at.php HTTP/1.1" 500 - "-" "-"
20.63.83.104 - - [12/May/2026:23:56:14 +0700] "GET /wp.php HTTP/1.1" 500 - "-" "-"
20.63.83.104 - - [12/May/2026:23:56:20 +0700] "GET /sys.php HTTP/1.1" 500 - "-" "-"
20.63.83.104 - - [12/May/2026:23:56:25 +0700] "GET /lv.php HTTP/1.1" 500 - "-" "-"
20.63.83.104 - - [12/May/2026:23:56:40 +0700] "GET /wp-good.php HTTP/1.1" 500 - "-" "-"
20.63.83.104 - - [12/May/2026:23:56:43 +0700] "GET /db.php HTTP/1.1" 500 - "-" "-"
20.63.83.104 - - [12/May/2026:23:56:46 +0700] "GET /z.php HTTP/1.1" 500 - "-" "-"
20.63.83.104 - - [12/May/2026:23:56:48 +0700] "GET /wp-the.php HTTP/1.1" 500 - "-" "-"
66.249.64.40 - - [12/May/2026:23:56:48 +0700] "GET /sitemap-sub-1766.xml HTTP/1.1" 200 336443 "-" "Mozilla/5.0 (compatible; Googlebot/2.1; +http://www.google.com/bot.html)"
66.249.71.69 - - [12/May/2026:23:56:51 +0700] "GET /view/item/01776368709 HTTP/1.1" 200 815723 "-" "Mozilla/5.0 (Linux; Android 6.0.1; Nexus 5X Build/MMB29P) AppleWebKit/537.36 (KHTML, like Gecko) Chrome/147.0.7727.137 Mobile Safari/537.36 (compatible; Googlebot/2.1; +http://www.google.com/bot.html)"
20.63.83.104 - - [12/May/2026:23:56:56 +0700] "GET /ok.php HTTP/1.1" 500 - "-" "-"
66.249.64.41 - - [12/May/2026:23:56:59 +0700] "GET /funding157?kg=44969 HTTP/1.1" 200 847016 "-" "Mozilla/5.0 (Linux; Android 6.0.1; Nexus 5X Build/MMB29P) AppleWebKit/537.36 (KHTML, like Gecko) Chrome/147.0.7727.137 Mobile Safari/537.36 (compatible; Googlebot/2.1; +http://www.google.com/bot.html)"
66.249.64.41 - - [12/May/2026:23:56:59 +0700] "GET /?diverse263?kg=18381 HTTP/1.1" 200 825961 "-" "Mozilla/5.0 (Linux; Android 6.0.1; Nexus 5X Build/MMB29P) AppleWebKit/537.36 (KHTML, like Gecko) Chrome/147.0.7727.137 Mobile Safari/537.36 (compatible; Googlebot/2.1; +http://www.google.com/bot.html)"
66.249.71.70 - - [12/May/2026:23:57:02 +0700] "GET /?admire132?kg=43738 HTTP/1.1" 200 829721 "-" "Mozilla/5.0 (Linux; Android 6.0.1; Nexus 5X Build/MMB29P) AppleWebKit/537.36 (KHTML, like Gecko) Chrome/147.0.7727.137 Mobile Safari/537.36 (compatible; Googlebot/2.1; +http://www.google.com/bot.html)"
20.63.83.104 - - [12/May/2026:23:57:09 +0700] "GET /samll.php HTTP/1.1" 500 - "-" "-"
66.249.64.43 - - [12/May/2026:23:57:14 +0700] "GET /view/item/011847551785 HTTP/1.1" 200 803824 "-" "Mozilla/5.0 (Linux; Android 6.0.1; Nexus 5X Build/MMB29P) AppleWebKit/537.36 (KHTML, like Gecko) Chrome/147.0.7727.137 Mobile Safari/537.36 (compatible; Googlebot/2.1; +http://www.google.com/bot.html)"
66.249.64.33 - - [12/May/2026:23:57:14 +0700] "GET /view/item/01953573029 HTTP/1.1" 200 826009 "-" "Mozilla/5.0 (Linux; Android 6.0.1; Nexus 5X Build/MMB29P) AppleWebKit/537.36 (KHTML, like Gecko) Chrome/147.0.7727.137 Mobile Safari/537.36 (compatible; Googlebot/2.1; +http://www.google.com/bot.html)"
20.63.83.104 - - [12/May/2026:23:57:16 +0700] "GET /edit.php HTTP/1.1" 500 - "-" "-"
66.249.71.71 - - [12/May/2026:23:57:15 +0700] "GET /view/item/011732290022 HTTP/1.1" 200 775896 "-" "Mozilla/5.0 (Linux; Android 6.0.1; Nexus 5X Build/MMB29P) AppleWebKit/537.36 (KHTML, like Gecko) Chrome/147.0.7727.137 Mobile Safari/537.36 (compatible; Googlebot/2.1; +http://www.google.com/bot.html)"
66.249.64.38 - - [12/May/2026:23:58:19 +0700] "POST /kaunet/categoryshop/office/sitemap/KWf_CGmNaviPlusAjaxAction.jsp HTTP/1.1" 200 796544 "http://win678z.net/funding157?kg=44969" "Mozilla/5.0 (Linux; Android 6.0.1; Nexus 5X Build/MMB29P) AppleWebKit/537.36 (KHTML, like Gecko) Chrome/147.0.7727.137 Mobile Safari/537.36 (compatible; Googlebot/2.1; +http://www.google.com/bot.html)"
66.249.64.128 - - [12/May/2026:23:58:40 +0700] "POST /kaunet/categoryshop/office/sitemap/KWf_CGmNaviPlusAjaxAction.jsp HTTP/1.1" 200 796544 "http://win678z.net/?admire132?kg=43738" "Mozilla/5.0 (Linux; Android 6.0.1; Nexus 5X Build/MMB29P) AppleWebKit/537.36 (KHTML, like Gecko) Chrome/147.0.7727.137 Mobile Safari/537.36 (compatible; Googlebot/2.1; +http://www.google.com/bot.html)"
192.178.4.104 - - [12/May/2026:23:58:49 +0700] "POST /kaunet/categoryshop/office/sitemap/KWf_CGmNaviPlusAjaxAction.jsp HTTP/1.1" 200 796544 "http://win678z.net/view/item/01440373545" "Mozilla/5.0 (Linux; Android 6.0.1; Nexus 5X Build/MMB29P) AppleWebKit/537.36 (KHTML, like Gecko) Chrome/147.0.7727.137 Mobile Safari/537.36 (compatible; Googlebot/2.1; +http://www.google.com/bot.html)"
66.249.64.162 - - [13/May/2026:00:00:05 +0700] "POST /kaunet/categoryshop/office/sitemap/KWf_CGmNaviPlusAjaxAction.jsp HTTP/1.1" 200 796544 "http://win678z.net/view/item/011013079690" "Mozilla/5.0 (Linux; Android 6.0.1; Nexus 5X Build/MMB29P) AppleWebKit/537.36 (KHTML, like Gecko) Chrome/147.0.7727.137 Mobile Safari/537.36 (compatible; Googlebot/2.1; +http://www.google.com/bot.html)"
66.249.64.37 - - [13/May/2026:00:01:00 +0700] "GET /view/item/012941455716 HTTP/1.1" 200 797839 "-" "Mozilla/5.0 (Linux; Android 6.0.1; Nexus 5X Build/MMB29P) AppleWebKit/537.36 (KHTML, like Gecko) Chrome/147.0.7727.137 Mobile Safari/537.36 (compatible; Googlebot/2.1; +http://www.google.com/bot.html)"
66.249.71.67 - - [13/May/2026:00:03:05 +0700] "POST /kaunet/categoryshop/office/sitemap/KWf_CGmNaviPlusAjaxAction.jsp HTTP/1.1" 200 796544 "http://win678z.net/view/item/012941455716" "Mozilla/5.0 (Linux; Android 6.0.1; Nexus 5X Build/MMB29P) AppleWebKit/537.36 (KHTML, like Gecko) Chrome/147.0.7727.137 Mobile Safari/537.36 (compatible; Googlebot/2.1; +http://www.google.com/bot.html)"
66.249.64.44 - - [13/May/2026:00:04:13 +0700] "GET /view/item/012599367169 HTTP/1.1" 200 827815 "-" "Mozilla/5.0 (Linux; Android 6.0.1; Nexus 5X Build/MMB29P) AppleWebKit/537.36 (KHTML, like Gecko) Chrome/147.0.7727.137 Mobile Safari/537.36 (compatible; Googlebot/2.1; +http://www.google.com/bot.html)"
66.249.64.40 - - [13/May/2026:00:04:13 +0700] "GET /view/item/014141600639 HTTP/1.1" 200 810926 "-" "Mozilla/5.0 (Linux; Android 6.0.1; Nexus 5X Build/MMB29P) AppleWebKit/537.36 (KHTML, like Gecko) Chrome/147.0.7727.137 Mobile Safari/537.36 (compatible; Googlebot/2.1; +http://www.google.com/bot.html)"
66.249.71.67 - - [13/May/2026:00:04:36 +0700] "POST /kaunet/categoryshop/office/sitemap/KWf_CGmNaviPlusAjaxAction.jsp HTTP/1.1" 200 796544 "http://win678z.net/view/item/014141600639" "Mozilla/5.0 (Linux; Android 6.0.1; Nexus 5X Build/MMB29P) AppleWebKit/537.36 (KHTML, like Gecko) Chrome/147.0.7727.137 Mobile Safari/537.36 (compatible; Googlebot/2.1; +http://www.google.com/bot.html)"
66.249.64.40 - - [13/May/2026:00:05:18 +0700] "GET /sitemap-sub-1208.xml HTTP/1.1" 200 336441 "-" "Mozilla/5.0 (compatible; Googlebot/2.1; +http://www.google.com/bot.html)"
66.249.64.36 - - [13/May/2026:00:05:26 +0700] "GET /view/item/012482514463 HTTP/1.1" 200 801879 "-" "Mozilla/5.0 (Linux; Android 6.0.1; Nexus 5X Build/MMB29P) AppleWebKit/537.36 (KHTML, like Gecko) Chrome/147.0.7727.137 Mobile Safari/537.36 (compatible; Googlebot/2.1; +http://www.google.com/bot.html)"
66.249.64.40 - - [13/May/2026:00:05:37 +0700] "GET /view/item/011971063079 HTTP/1.1" 200 815923 "-" "Mozilla/5.0 (Linux; Android 6.0.1; Nexus 5X Build/MMB29P) AppleWebKit/537.36 (KHTML, like Gecko) Chrome/147.0.7727.137 Mobile Safari/537.36 (compatible; Googlebot/2.1; +http://www.google.com/bot.html)"
66.249.64.42 - - [13/May/2026:00:05:40 +0700] "POST /kaunet/categoryshop/office/sitemap/KWf_CGmNaviPlusAjaxAction.jsp HTTP/1.1" 200 796544 "http://win678z.net/view/item/012482514463" "Mozilla/5.0 (Linux; Android 6.0.1; Nexus 5X Build/MMB29P) AppleWebKit/537.36 (KHTML, like Gecko) Chrome/147.0.7727.137 Mobile Safari/537.36 (compatible; Googlebot/2.1; +http://www.google.com/bot.html)"
66.249.64.42 - - [13/May/2026:00:06:37 +0700] "GET /view/item/012589804358 HTTP/1.1" 200 789050 "-" "Mozilla/5.0 (Linux; Android 6.0.1; Nexus 5X Build/MMB29P) AppleWebKit/537.36 (KHTML, like Gecko) Chrome/147.0.7727.137 Mobile Safari/537.36 (compatible; Googlebot/2.1; +http://www.google.com/bot.html)"
66.249.64.40 - - [13/May/2026:00:06:49 +0700] "POST /kaunet/categoryshop/office/sitemap/KWf_CGmNaviPlusAjaxAction.jsp HTTP/1.1" 200 796544 "http://win678z.net/view/item/012589804358" "Mozilla/5.0 (Linux; Android 6.0.1; Nexus 5X Build/MMB29P) AppleWebKit/537.36 (KHTML, like Gecko) Chrome/147.0.7727.137 Mobile Safari/537.36 (compatible; Googlebot/2.1; +http://www.google.com/bot.html)"
66.249.64.34 - - [13/May/2026:00:07:52 +0700] "GET /view/item/011095173693 HTTP/1.1" 200 784880 "-" "Mozilla/5.0 (Linux; Android 6.0.1; Nexus 5X Build/MMB29P) AppleWebKit/537.36 (KHTML, like Gecko) Chrome/147.0.7727.137 Mobile Safari/537.36 (compatible; Googlebot/2.1; +http://www.google.com/bot.html)"
66.249.64.36 - - [13/May/2026:00:08:12 +0700] "POST /kaunet/categoryshop/office/sitemap/KWf_CGmNaviPlusAjaxAction.jsp HTTP/1.1" 200 796544 "http://win678z.net/view/item/011095173693" "Mozilla/5.0 (Linux; Android 6.0.1; Nexus 5X Build/MMB29P) AppleWebKit/537.36 (KHTML, like Gecko) Chrome/147.0.7727.137 Mobile Safari/537.36 (compatible; Googlebot/2.1; +http://www.google.com/bot.html)"
66.249.64.37 - - [13/May/2026:00:08:16 +0700] "GET /view/item/01870633664 HTTP/1.1" 200 804153 "-" "Mozilla/5.0 (Linux; Android 6.0.1; Nexus 5X Build/MMB29P) AppleWebKit/537.36 (KHTML, like Gecko) Chrome/147.0.7727.137 Mobile Safari/537.36 (compatible; Googlebot/2.1; +http://www.google.com/bot.html)"
66.249.64.40 - - [13/May/2026:00:08:41 +0700] "GET /view/item/011781963526 HTTP/1.1" 200 799962 "-" "Mozilla/5.0 (Linux; Android 6.0.1; Nexus 5X Build/MMB29P) AppleWebKit/537.36 (KHTML, like Gecko) Chrome/147.0.7727.137 Mobile Safari/537.36 (compatible; Googlebot/2.1; +http://www.google.com/bot.html)"
66.249.71.68 - - [13/May/2026:00:09:05 +0700] "GET /view/item/011984959129 HTTP/1.1" 200 803927 "-" "Mozilla/5.0 (Linux; Android 6.0.1; Nexus 5X Build/MMB29P) AppleWebKit/537.36 (KHTML, like Gecko) Chrome/147.0.7727.137 Mobile Safari/537.36 (compatible; Googlebot/2.1; +http://www.google.com/bot.html)"
66.249.64.45 - - [13/May/2026:00:09:24 +0700] "POST /kaunet/categoryshop/office/sitemap/KWf_CGmNaviPlusAjaxAction.jsp HTTP/1.1" 200 796544 "http://win678z.net/view/item/011984959129" "Mozilla/5.0 (Linux; Android 6.0.1; Nexus 5X Build/MMB29P) AppleWebKit/537.36 (KHTML, like Gecko) Chrome/147.0.7727.137 Mobile Safari/537.36 (compatible; Googlebot/2.1; +http://www.google.com/bot.html)"
66.249.64.39 - - [13/May/2026:00:09:56 +0700] "GET /view/item/01128600203 HTTP/1.1" 200 789427 "-" "Mozilla/5.0 (Linux; Android 6.0.1; Nexus 5X Build/MMB29P) AppleWebKit/537.36 (KHTML, like Gecko) Chrome/147.0.7727.137 Mobile Safari/537.36 (compatible; Googlebot/2.1; +http://www.google.com/bot.html)"
66.249.71.71 - - [13/May/2026:00:10:06 +0700] "GET /?jp/093005113.html HTTP/1.1" 200 827521 "-" "Mozilla/5.0 (Linux; Android 6.0.1; Nexus 5X Build/MMB29P) AppleWebKit/537.36 (KHTML, like Gecko) Chrome/147.0.7727.137 Mobile Safari/537.36 (compatible; Googlebot/2.1; +http://www.google.com/bot.html)"
66.249.71.66 - - [13/May/2026:00:10:11 +0700] "GET /?refer109?kg=2377 HTTP/1.1" 200 791749 "-" "Mozilla/5.0 (Linux; Android 6.0.1; Nexus 5X Build/MMB29P) AppleWebKit/537.36 (KHTML, like Gecko) Chrome/147.0.7727.137 Mobile Safari/537.36 (compatible; Googlebot/2.1; +http://www.google.com/bot.html)"
66.249.64.45 - - [13/May/2026:00:10:14 +0700] "POST /kaunet/categoryshop/office/sitemap/KWf_CGmNaviPlusAjaxAction.jsp HTTP/1.1" 200 796544 "http://win678z.net/view/item/01128600203" "Mozilla/5.0 (Linux; Android 6.0.1; Nexus 5X Build/MMB29P) AppleWebKit/537.36 (KHTML, like Gecko) Chrome/147.0.7727.137 Mobile Safari/537.36 (compatible; Googlebot/2.1; +http://www.google.com/bot.html)"
66.249.71.65 - - [13/May/2026:00:10:18 +0700] "GET /view/item/013353286080 HTTP/1.1" 200 769139 "-" "Mozilla/5.0 (Linux; Android 6.0.1; Nexus 5X Build/MMB29P) AppleWebKit/537.36 (KHTML, like Gecko) Chrome/147.0.7727.137 Mobile Safari/537.36 (compatible; Googlebot/2.1; +http://www.google.com/bot.html)"
66.249.71.68 - - [13/May/2026:00:10:20 +0700] "GET /view/item/011478525771 HTTP/1.1" 200 778857 "-" "Mozilla/5.0 (Linux; Android 6.0.1; Nexus 5X Build/MMB29P) AppleWebKit/537.36 (KHTML, like Gecko) Chrome/147.0.7727.137 Mobile Safari/537.36 (compatible; Googlebot/2.1; +http://www.google.com/bot.html)"
66.249.64.43 - - [13/May/2026:00:10:22 +0700] "POST /kaunet/categoryshop/office/sitemap/KWf_CGmNaviPlusAjaxAction.jsp HTTP/1.1" 200 796544 "http://win678z.net/?jp/093005113.html" "Mozilla/5.0 (Linux; Android 6.0.1; Nexus 5X Build/MMB29P) AppleWebKit/537.36 (KHTML, like Gecko) Chrome/147.0.7727.137 Mobile Safari/537.36 (compatible; Googlebot/2.1; +http://www.google.com/bot.html)"
66.249.64.33 - - [13/May/2026:00:10:22 +0700] "GET /view/item/011432702923 HTTP/1.1" 200 783303 "-" "Mozilla/5.0 (Linux; Android 6.0.1; Nexus 5X Build/MMB29P) AppleWebKit/537.36 (KHTML, like Gecko) Chrome/147.0.7727.137 Mobile Safari/537.36 (compatible; Googlebot/2.1; +http://www.google.com/bot.html)"
66.249.71.65 - - [13/May/2026:00:10:35 +0700] "POST /kaunet/categoryshop/office/sitemap/KWf_CGmNaviPlusAjaxAction.jsp HTTP/1.1" 200 796544 "http://win678z.net/view/item/011478525771" "Mozilla/5.0 (Linux; Android 6.0.1; Nexus 5X Build/MMB29P) AppleWebKit/537.36 (KHTML, like Gecko) Chrome/147.0.7727.137 Mobile Safari/537.36 (compatible; Googlebot/2.1; +http://www.google.com/bot.html)"
66.249.64.40 - - [13/May/2026:00:11:08 +0700] "GET /view/item/011082124418 HTTP/1.1" 200 777245 "-" "Mozilla/5.0 (Linux; Android 6.0.1; Nexus 5X Build/MMB29P) AppleWebKit/537.36 (KHTML, like Gecko) Chrome/147.0.7727.137 Mobile Safari/537.36 (compatible; Googlebot/2.1; +http://www.google.com/bot.html)"
66.249.64.40 - - [13/May/2026:00:11:29 +0700] "GET /view/item/01277721425 HTTP/1.1" 200 840215 "-" "Mozilla/5.0 (Linux; Android 6.0.1; Nexus 5X Build/MMB29P) AppleWebKit/537.36 (KHTML, like Gecko) Chrome/147.0.7727.137 Mobile Safari/537.36 (compatible; Googlebot/2.1; +http://www.google.com/bot.html)"
66.249.64.45 - - [13/May/2026:00:11:49 +0700] "POST /kaunet/categoryshop/office/sitemap/KWf_CGmNaviPlusAjaxAction.jsp HTTP/1.1" 200 796544 "http://win678z.net/view/item/011781963526" "Mozilla/5.0 (Linux; Android 6.0.1; Nexus 5X Build/MMB29P) AppleWebKit/537.36 (KHTML, like Gecko) Chrome/147.0.7727.137 Mobile Safari/537.36 (compatible; Googlebot/2.1; +http://www.google.com/bot.html)"
66.249.71.69 - - [13/May/2026:00:11:57 +0700] "POST /kaunet/categoryshop/office/sitemap/KWf_CGmNaviPlusAjaxAction.jsp HTTP/1.1" 200 796544 "http://win678z.net/view/item/011082124418" "Mozilla/5.0 (Linux; Android 6.0.1; Nexus 5X Build/MMB29P) AppleWebKit/537.36 (KHTML, like Gecko) Chrome/147.0.7727.137 Mobile Safari/537.36 (compatible; Googlebot/2.1; +http://www.google.com/bot.html)"
66.249.64.41 - - [13/May/2026:00:12:06 +0700] "GET /view/item/01384444705 HTTP/1.1" 200 776588 "-" "Mozilla/5.0 (Linux; Android 6.0.1; Nexus 5X Build/MMB29P) AppleWebKit/537.36 (KHTML, like Gecko) Chrome/147.0.7727.137 Mobile Safari/537.36 (compatible; Googlebot/2.1; +http://www.google.com/bot.html)"
66.249.71.65 - - [13/May/2026:00:12:29 +0700] "GET /view/item/011478734947 HTTP/1.1" 200 795300 "-" "Mozilla/5.0 (Linux; Android 6.0.1; Nexus 5X Build/MMB29P) AppleWebKit/537.36 (KHTML, like Gecko) Chrome/147.0.7727.137 Mobile Safari/537.36 (compatible; Googlebot/2.1; +http://www.google.com/bot.html)"
66.249.64.41 - - [13/May/2026:00:12:32 +0700] "GET /view/item/01832645381 HTTP/1.1" 200 815825 "-" "Mozilla/5.0 (Linux; Android 6.0.1; Nexus 5X Build/MMB29P) AppleWebKit/537.36 (KHTML, like Gecko) Chrome/147.0.7727.137 Mobile Safari/537.36 (compatible; Googlebot/2.1; +http://www.google.com/bot.html)"
66.249.64.41 - - [13/May/2026:00:12:37 +0700] "POST /kaunet/categoryshop/office/sitemap/KWf_CGmNaviPlusAjaxAction.jsp HTTP/1.1" 200 796544 "http://win678z.net/view/item/013353286080" "Mozilla/5.0 (Linux; Android 6.0.1; Nexus 5X Build/MMB29P) AppleWebKit/537.36 (KHTML, like Gecko) Chrome/147.0.7727.137 Mobile Safari/537.36 (compatible; Googlebot/2.1; +http://www.google.com/bot.html)"
66.249.64.32 - - [13/May/2026:00:12:51 +0700] "POST /kaunet/categoryshop/office/sitemap/KWf_CGmNaviPlusAjaxAction.jsp HTTP/1.1" 200 796544 "http://win678z.net/view/item/01832645381" "Mozilla/5.0 (Linux; Android 6.0.1; Nexus 5X Build/MMB29P) AppleWebKit/537.36 (KHTML, like Gecko) Chrome/147.0.7727.137 Mobile Safari/537.36 (compatible; Googlebot/2.1; +http://www.google.com/bot.html)"
66.249.64.33 - - [13/May/2026:00:13:47 +0700] "POST /kaunet/categoryshop/office/sitemap/KWf_CGmNaviPlusAjaxAction.jsp HTTP/1.1" 200 796544 "http://win678z.net/view/item/011478734947" "Mozilla/5.0 (Linux; Android 6.0.1; Nexus 5X Build/MMB29P) AppleWebKit/537.36 (KHTML, like Gecko) Chrome/147.0.7727.137 Mobile Safari/537.36 (compatible; Googlebot/2.1; +http://www.google.com/bot.html)"
172.69.151.174 - - [13/May/2026:00:13:55 +0700] "GET /wp-admin/install.php?step=1 HTTP/1.1" 500 - "-" "http://win678z.net/wp-admin/install.php?step=1"
66.249.64.33 - - [13/May/2026:00:13:55 +0700] "POST /kaunet/categoryshop/office/sitemap/KWf_CGmNaviPlusAjaxAction.jsp HTTP/1.1" 200 796544 "http://win678z.net/view/item/01384444705" "Mozilla/5.0 (Linux; Android 6.0.1; Nexus 5X Build/MMB29P) AppleWebKit/537.36 (KHTML, like Gecko) Chrome/147.0.7727.137 Mobile Safari/537.36 (compatible; Googlebot/2.1; +http://www.google.com/bot.html)"
66.249.71.70 - - [13/May/2026:00:14:35 +0700] "GET /view/item/01333571849 HTTP/1.1" 200 795731 "-" "Mozilla/5.0 (Linux; Android 6.0.1; Nexus 5X Build/MMB29P) AppleWebKit/537.36 (KHTML, like Gecko) Chrome/147.0.7727.137 Mobile Safari/537.36 (compatible; Googlebot/2.1; +http://www.google.com/bot.html)"
66.249.64.40 - - [13/May/2026:00:15:15 +0700] "GET /sitemap-sub-2237.xml HTTP/1.1" 200 336450 "-" "Mozilla/5.0 (compatible; Googlebot/2.1; +http://www.google.com/bot.html)"
66.249.64.41 - - [13/May/2026:00:15:55 +0700] "GET /view/item/01944093570 HTTP/1.1" 200 825191 "-" "Mozilla/5.0 (Linux; Android 6.0.1; Nexus 5X Build/MMB29P) AppleWebKit/537.36 (KHTML, like Gecko) Chrome/147.0.7727.137 Mobile Safari/537.36 (compatible; Googlebot/2.1; +http://www.google.com/bot.html)"
66.249.64.42 - - [13/May/2026:00:16:30 +0700] "POST /kaunet/categoryshop/office/sitemap/KWf_CGmNaviPlusAjaxAction.jsp HTTP/1.1" 200 796544 "http://win678z.net/view/item/01333571849" "Mozilla/5.0 (Linux; Android 6.0.1; Nexus 5X Build/MMB29P) AppleWebKit/537.36 (KHTML, like Gecko) Chrome/147.0.7727.137 Mobile Safari/537.36 (compatible; Googlebot/2.1; +http://www.google.com/bot.html)"
66.249.64.42 - - [13/May/2026:00:16:57 +0700] "GET /?enroll138?kg=25302 HTTP/1.1" 200 830187 "-" "Mozilla/5.0 (Linux; Android 6.0.1; Nexus 5X Build/MMB29P) AppleWebKit/537.36 (KHTML, like Gecko) Chrome/147.0.7727.137 Mobile Safari/537.36 (compatible; Googlebot/2.1; +http://www.google.com/bot.html)"
66.249.64.40 - - [13/May/2026:00:17:16 +0700] "GET /view/item/011784908861 HTTP/1.1" 200 830987 "-" "Mozilla/5.0 (Linux; Android 6.0.1; Nexus 5X Build/MMB29P) AppleWebKit/537.36 (KHTML, like Gecko) Chrome/147.0.7727.137 Mobile Safari/537.36 (compatible; Googlebot/2.1; +http://www.google.com/bot.html)"
66.249.64.40 - - [13/May/2026:00:18:36 +0700] "GET /view/item/013816247960 HTTP/1.1" 200 777107 "-" "Mozilla/5.0 (Linux; Android 6.0.1; Nexus 5X Build/MMB29P) AppleWebKit/537.36 (KHTML, like Gecko) Chrome/147.0.7727.137 Mobile Safari/537.36 (compatible; Googlebot/2.1; +http://www.google.com/bot.html)"
66.249.64.41 - - [13/May/2026:00:18:53 +0700] "POST /kaunet/categoryshop/office/sitemap/KWf_CGmNaviPlusAjaxAction.jsp HTTP/1.1" 200 796544 "http://win678z.net/view/item/011784908861" "Mozilla/5.0 (Linux; Android 6.0.1; Nexus 5X Build/MMB29P) AppleWebKit/537.36 (KHTML, like Gecko) Chrome/147.0.7727.137 Mobile Safari/537.36 (compatible; Googlebot/2.1; +http://www.google.com/bot.html)"
66.249.71.70 - - [13/May/2026:00:19:23 +0700] "GET /view/item/013342227927 HTTP/1.1" 200 812250 "-" "Mozilla/5.0 (Linux; Android 6.0.1; Nexus 5X Build/MMB29P) AppleWebKit/537.36 (KHTML, like Gecko) Chrome/147.0.7727.137 Mobile Safari/537.36 (compatible; Googlebot/2.1; +http://www.google.com/bot.html)"
66.249.64.42 - - [13/May/2026:00:19:40 +0700] "POST /kaunet/categoryshop/office/sitemap/KWf_CGmNaviPlusAjaxAction.jsp HTTP/1.1" 200 796544 "http://win678z.net/?diverse263?kg=18381" "Mozilla/5.0 (Linux; Android 6.0.1; Nexus 5X Build/MMB29P) AppleWebKit/537.36 (KHTML, like Gecko) Chrome/147.0.7727.137 Mobile Safari/537.36 (compatible; Googlebot/2.1; +http://www.google.com/bot.html)"
15.204.183.221 - - [13/May/2026:00:19:50 +0700] "GET / HTTP/1.1" 500 - "-" "Mozilla/5.0 (Windows NT 10.0; Win64; x64) AppleWebKit/537.36 (KHTML, like Gecko) Chrome/146.0.0.0 Safari/537.36"
66.249.64.41 - - [13/May/2026:00:20:55 +0700] "POST /kaunet/categoryshop/office/sitemap/KWf_CGmNaviPlusAjaxAction.jsp HTTP/1.1" 200 796544 "http://win678z.net/view/item/013816247960" "Mozilla/5.0 (Linux; Android 6.0.1; Nexus 5X Build/MMB29P) AppleWebKit/537.36 (KHTML, like Gecko) Chrome/147.0.7727.137 Mobile Safari/537.36 (compatible; Googlebot/2.1; +http://www.google.com/bot.html)"
66.249.64.41 - - [13/May/2026:00:21:17 +0700] "GET /testimony149?kg=14647 HTTP/1.1" 200 790438 "-" "Mozilla/5.0 (Linux; Android 6.0.1; Nexus 5X Build/MMB29P) AppleWebKit/537.36 (KHTML, like Gecko) Chrome/147.0.7727.137 Mobile Safari/537.36 (compatible; Googlebot/2.1; +http://www.google.com/bot.html)"
66.249.71.70 - - [13/May/2026:00:21:31 +0700] "POST /kaunet/categoryshop/office/sitemap/KWf_CGmNaviPlusAjaxAction.jsp HTTP/1.1" 200 796544 "http://win678z.net/view/item/011432702923" "Mozilla/5.0 (Linux; Android 6.0.1; Nexus 5X Build/MMB29P) AppleWebKit/537.36 (KHTML, like Gecko) Chrome/147.0.7727.137 Mobile Safari/537.36 (compatible; Googlebot/2.1; +http://www.google.com/bot.html)"
66.249.64.42 - - [13/May/2026:00:22:55 +0700] "POST /kaunet/categoryshop/office/sitemap/KWf_CGmNaviPlusAjaxAction.jsp HTTP/1.1" 200 796544 "http://win678z.net/view/item/01953573029" "Mozilla/5.0 (Linux; Android 6.0.1; Nexus 5X Build/MMB29P) AppleWebKit/537.36 (KHTML, like Gecko) Chrome/147.0.7727.137 Mobile Safari/537.36 (compatible; Googlebot/2.1; +http://www.google.com/bot.html)"
66.249.71.69 - - [13/May/2026:00:23:46 +0700] "POST /kaunet/categoryshop/office/sitemap/KWf_CGmNaviPlusAjaxAction.jsp HTTP/1.1" 200 796544 "http://win678z.net/view/item/01870633664" "Mozilla/5.0 (Linux; Android 6.0.1; Nexus 5X Build/MMB29P) AppleWebKit/537.36 (KHTML, like Gecko) Chrome/147.0.7727.137 Mobile Safari/537.36 (compatible; Googlebot/2.1; +http://www.google.com/bot.html)"
66.249.71.69 - - [13/May/2026:00:24:17 +0700] "POST /kaunet/categoryshop/office/sitemap/KWf_CGmNaviPlusAjaxAction.jsp HTTP/1.1" 200 796544 "http://win678z.net/testimony149?kg=14647" "Mozilla/5.0 (Linux; Android 6.0.1; Nexus 5X Build/MMB29P) AppleWebKit/537.36 (KHTML, like Gecko) Chrome/147.0.7727.137 Mobile Safari/537.36 (compatible; Googlebot/2.1; +http://www.google.com/bot.html)"
66.249.64.42 - - [13/May/2026:00:24:30 +0700] "POST /kaunet/categoryshop/office/sitemap/KWf_CGmNaviPlusAjaxAction.jsp HTTP/1.1" 200 796544 "http://win678z.net/view/item/013342227927" "Mozilla/5.0 (Linux; Android 6.0.1; Nexus 5X Build/MMB29P) AppleWebKit/537.36 (KHTML, like Gecko) Chrome/147.0.7727.137 Mobile Safari/537.36 (compatible; Googlebot/2.1; +http://www.google.com/bot.html)"
66.249.64.42 - - [13/May/2026:00:24:40 +0700] "POST /kaunet/categoryshop/office/sitemap/KWf_CGmNaviPlusAjaxAction.jsp HTTP/1.1" 200 796544 "http://win678z.net/view/item/011082124418" "Mozilla/5.0 (Linux; Android 6.0.1; Nexus 5X Build/MMB29P) AppleWebKit/537.36 (KHTML, like Gecko) Chrome/147.0.7727.137 Mobile Safari/537.36 (compatible; Googlebot/2.1; +http://www.google.com/bot.html)"
66.249.64.40 - - [13/May/2026:00:24:54 +0700] "POST /kaunet/categoryshop/office/sitemap/KWf_CGmNaviPlusAjaxAction.jsp HTTP/1.1" 200 796544 "http://win678z.net/?enroll138?kg=25302" "Mozilla/5.0 (Linux; Android 6.0.1; Nexus 5X Build/MMB29P) AppleWebKit/537.36 (KHTML, like Gecko) Chrome/147.0.7727.137 Mobile Safari/537.36 (compatible; Googlebot/2.1; +http://www.google.com/bot.html)"
66.249.64.40 - - [13/May/2026:00:25:27 +0700] "GET /view/item/013093772056 HTTP/1.1" 200 786576 "-" "Mozilla/5.0 (Linux; Android 6.0.1; Nexus 5X Build/MMB29P) AppleWebKit/537.36 (KHTML, like Gecko) Chrome/147.0.7727.137 Mobile Safari/537.36 (compatible; Googlebot/2.1; +http://www.google.com/bot.html)"
66.249.64.42 - - [13/May/2026:00:27:44 +0700] "GET /sitemap-sub-2299.xml HTTP/1.1" 200 336451 "-" "Mozilla/5.0 (compatible; Googlebot/2.1; +http://www.google.com/bot.html)"
66.249.64.40 - - [13/May/2026:00:28:05 +0700] "GET /?funding157?kg=44969 HTTP/1.1" 200 847016 "-" "Mozilla/5.0 (Linux; Android 6.0.1; Nexus 5X Build/MMB29P) AppleWebKit/537.36 (KHTML, like Gecko) Chrome/147.0.7727.137 Mobile Safari/537.36 (compatible; Googlebot/2.1; +http://www.google.com/bot.html)"
66.249.64.43 - - [13/May/2026:00:28:48 +0700] "POST /kaunet/categoryshop/office/sitemap/KWf_CGmNaviPlusAjaxAction.jsp HTTP/1.1" 200 796544 "http://win678z.net/?funding157?kg=44969" "Mozilla/5.0 (Linux; Android 6.0.1; Nexus 5X Build/MMB29P) AppleWebKit/537.36 (KHTML, like Gecko) Chrome/147.0.7727.137 Mobile Safari/537.36 (compatible; Googlebot/2.1; +http://www.google.com/bot.html)"
66.249.71.68 - - [13/May/2026:00:33:48 +0700] "GET /view/item/01911312896 HTTP/1.1" 200 815963 "-" "Mozilla/5.0 (Linux; Android 6.0.1; Nexus 5X Build/MMB29P) AppleWebKit/537.36 (KHTML, like Gecko) Chrome/147.0.7727.137 Mobile Safari/537.36 (compatible; Googlebot/2.1; +http://www.google.com/bot.html)"
66.249.71.65 - - [13/May/2026:00:34:14 +0700] "POST /kaunet/categoryshop/office/sitemap/KWf_CGmNaviPlusAjaxAction.jsp HTTP/1.1" 200 796544 "http://win678z.net/view/item/01911312896" "Mozilla/5.0 (Linux; Android 6.0.1; Nexus 5X Build/MMB29P) AppleWebKit/537.36 (KHTML, like Gecko) Chrome/147.0.7727.137 Mobile Safari/537.36 (compatible; Googlebot/2.1; +http://www.google.com/bot.html)"
66.249.71.69 - - [13/May/2026:00:34:58 +0700] "GET /view/item/012972950316 HTTP/1.1" 200 831048 "-" "Mozilla/5.0 (Linux; Android 6.0.1; Nexus 5X Build/MMB29P) AppleWebKit/537.36 (KHTML, like Gecko) Chrome/147.0.7727.137 Mobile Safari/537.36 (compatible; Googlebot/2.1; +http://www.google.com/bot.html)"
66.249.64.41 - - [13/May/2026:00:35:10 +0700] "POST /kaunet/categoryshop/office/sitemap/KWf_CGmNaviPlusAjaxAction.jsp HTTP/1.1" 200 796544 "http://win678z.net/view/item/012972950316" "Mozilla/5.0 (Linux; Android 6.0.1; Nexus 5X Build/MMB29P) AppleWebKit/537.36 (KHTML, like Gecko) Chrome/147.0.7727.137 Mobile Safari/537.36 (compatible; Googlebot/2.1; +http://www.google.com/bot.html)"
66.249.64.46 - - [13/May/2026:00:36:05 +0700] "GET /view/item/011716547556 HTTP/1.1" 200 782543 "-" "Mozilla/5.0 (Linux; Android 6.0.1; Nexus 5X Build/MMB29P) AppleWebKit/537.36 (KHTML, like Gecko) Chrome/147.0.7727.137 Mobile Safari/537.36 (compatible; Googlebot/2.1; +http://www.google.com/bot.html)"
66.249.64.41 - - [13/May/2026:00:36:09 +0700] "GET /view/item/011690648374 HTTP/1.1" 200 787263 "-" "Mozilla/5.0 (Linux; Android 6.0.1; Nexus 5X Build/MMB29P) AppleWebKit/537.36 (KHTML, like Gecko) Chrome/147.0.7727.137 Mobile Safari/537.36 (compatible; Googlebot/2.1; +http://www.google.com/bot.html)"
66.249.71.65 - - [13/May/2026:00:36:16 +0700] "GET /view/item/013764213234 HTTP/1.1" 200 782797 "-" "Mozilla/5.0 (Linux; Android 6.0.1; Nexus 5X Build/MMB29P) AppleWebKit/537.36 (KHTML, like Gecko) Chrome/147.0.7727.137 Mobile Safari/537.36 (compatible; Googlebot/2.1; +http://www.google.com/bot.html)"
