170.231.132.11 - - [13/May/2026:01:34:31 +0700] "GET /wp-admin/edit.php HTTP/1.1" 200 1100 "https://win678p.net/wp-login.php" "Mozilla/5.0 (Windows NT 10.0; Win64; x64; rv:120.0) Gecko/20100101 Firefox/120.0"
170.231.132.11 - - [13/May/2026:01:34:31 +0700] "GET /wp-admin/plugins.php HTTP/1.1" 200 1100 "https://win678p.net/wp-login.php" "Mozilla/5.0 (Windows NT 10.0; Win64; x64; rv:120.0) Gecko/20100101 Firefox/120.0"
170.231.132.11 - - [13/May/2026:01:34:31 +0700] "POST /wp-login.php HTTP/1.1" 200 1100 "https://win678p.net/wp-login.php" "Mozilla/5.0 (Macintosh; Intel Mac OS X 13_6_1) AppleWebKit/537.36 (KHTML, like Gecko) Chrome/121.0.0.0 Safari/537.36"
170.231.132.11 - - [13/May/2026:01:34:32 +0700] "GET /wp-admin/index.php HTTP/1.1" 200 1100 "https://win678p.net/wp-login.php" "Mozilla/5.0 (Macintosh; Intel Mac OS X 13_6_1) AppleWebKit/605.1.15 (KHTML, like Gecko) Version/16.6 Safari/605.1.15"
170.231.132.11 - - [13/May/2026:01:34:32 +0700] "GET /wp-admin/profile.php HTTP/1.1" 200 1100 "https://win678p.net/wp-login.php" "Mozilla/5.0 (Macintosh; Intel Mac OS X 13_6_1) AppleWebKit/605.1.15 (KHTML, like Gecko) Version/16.6 Safari/605.1.15"
170.231.132.11 - - [13/May/2026:01:34:32 +0700] "GET /wp-admin/edit.php HTTP/1.1" 200 1100 "https://win678p.net/wp-login.php" "Mozilla/5.0 (Macintosh; Intel Mac OS X 13_6_1) AppleWebKit/605.1.15 (KHTML, like Gecko) Version/16.6 Safari/605.1.15"
170.231.132.11 - - [13/May/2026:01:34:33 +0700] "GET /wp-admin/plugins.php HTTP/1.1" 200 1100 "https://win678p.net/wp-login.php" "Mozilla/5.0 (Macintosh; Intel Mac OS X 13_6_1) AppleWebKit/605.1.15 (KHTML, like Gecko) Version/16.6 Safari/605.1.15"
170.231.132.11 - - [13/May/2026:01:34:33 +0700] "POST /wp-login.php HTTP/1.1" 200 1100 "https://win678p.net/wp-login.php" "Mozilla/5.0 (Macintosh; Intel Mac OS X 13_6_1; rv:120.0) Gecko/20100101 Firefox/120.0"
170.231.132.11 - - [13/May/2026:01:34:33 +0700] "GET /wp-admin/index.php HTTP/1.1" 200 1100 "https://win678p.net/wp-login.php" "Mozilla/5.0 (Windows NT 10.0; Win64; x64; rv:121.0) Gecko/20100101 Firefox/121.0"
170.231.132.11 - - [13/May/2026:01:34:34 +0700] "GET /wp-admin/profile.php HTTP/1.1" 200 1100 "https://win678p.net/wp-login.php" "Mozilla/5.0 (Windows NT 10.0; Win64; x64; rv:121.0) Gecko/20100101 Firefox/121.0"
170.231.132.11 - - [13/May/2026:01:34:34 +0700] "GET /wp-admin/edit.php HTTP/1.1" 200 1100 "https://win678p.net/wp-login.php" "Mozilla/5.0 (Windows NT 10.0; Win64; x64; rv:121.0) Gecko/20100101 Firefox/121.0"
170.231.132.11 - - [13/May/2026:01:34:35 +0700] "GET /wp-admin/plugins.php HTTP/1.1" 200 1100 "https://win678p.net/wp-login.php" "Mozilla/5.0 (Windows NT 10.0; Win64; x64; rv:121.0) Gecko/20100101 Firefox/121.0"
170.231.132.11 - - [13/May/2026:01:34:35 +0700] "POST /wp-login.php HTTP/1.1" 200 1100 "https://win678p.net/wp-login.php" "Mozilla/5.0 (X11; Linux x86_64) AppleWebKit/537.36 (KHTML, like Gecko) Chrome/119.0.0.0 Safari/537.36"
170.231.132.11 - - [13/May/2026:01:34:35 +0700] "GET /wp-admin/index.php HTTP/1.1" 200 1100 "https://win678p.net/wp-login.php" "Mozilla/5.0 (Windows NT 10.0; Win64; x64) AppleWebKit/537.36 (KHTML, like Gecko) Chrome/119.0.0.0 Safari/537.36"
170.231.132.11 - - [13/May/2026:01:34:36 +0700] "GET /wp-admin/profile.php HTTP/1.1" 200 1100 "https://win678p.net/wp-login.php" "Mozilla/5.0 (Windows NT 10.0; Win64; x64) AppleWebKit/537.36 (KHTML, like Gecko) Chrome/119.0.0.0 Safari/537.36"
170.231.132.11 - - [13/May/2026:01:34:36 +0700] "GET /wp-admin/edit.php HTTP/1.1" 200 1100 "https://win678p.net/wp-login.php" "Mozilla/5.0 (Windows NT 10.0; Win64; x64) AppleWebKit/537.36 (KHTML, like Gecko) Chrome/119.0.0.0 Safari/537.36"
170.231.132.11 - - [13/May/2026:01:34:36 +0700] "GET /wp-admin/plugins.php HTTP/1.1" 200 1100 "https://win678p.net/wp-login.php" "Mozilla/5.0 (Windows NT 10.0; Win64; x64) AppleWebKit/537.36 (KHTML, like Gecko) Chrome/119.0.0.0 Safari/537.36"
170.231.132.11 - - [13/May/2026:01:34:37 +0700] "POST /wp-login.php HTTP/1.1" 200 1100 "https://win678p.net/wp-login.php" "Mozilla/5.0 (Macintosh; Intel Mac OS X 10_15_7; rv:121.0) Gecko/20100101 Firefox/121.0"
170.231.132.11 - - [13/May/2026:01:34:37 +0700] "GET /wp-admin/index.php HTTP/1.1" 200 1100 "https://win678p.net/wp-login.php" "Mozilla/5.0 (X11; Ubuntu; Linux x86_64) AppleWebKit/537.36 (KHTML, like Gecko) Chrome/121.0.0.0 Safari/537.36"
170.231.132.11 - - [13/May/2026:01:34:37 +0700] "GET /wp-admin/profile.php HTTP/1.1" 200 1100 "https://win678p.net/wp-login.php" "Mozilla/5.0 (X11; Ubuntu; Linux x86_64) AppleWebKit/537.36 (KHTML, like Gecko) Chrome/121.0.0.0 Safari/537.36"
170.231.132.11 - - [13/May/2026:01:34:38 +0700] "GET /wp-admin/edit.php HTTP/1.1" 200 1100 "https://win678p.net/wp-login.php" "Mozilla/5.0 (X11; Ubuntu; Linux x86_64) AppleWebKit/537.36 (KHTML, like Gecko) Chrome/121.0.0.0 Safari/537.36"
170.231.132.11 - - [13/May/2026:01:34:38 +0700] "GET /wp-admin/plugins.php HTTP/1.1" 200 1100 "https://win678p.net/wp-login.php" "Mozilla/5.0 (X11; Ubuntu; Linux x86_64) AppleWebKit/537.36 (KHTML, like Gecko) Chrome/121.0.0.0 Safari/537.36"
170.231.132.11 - - [13/May/2026:01:34:38 +0700] "POST /wp-login.php HTTP/1.1" 200 1100 "https://win678p.net/wp-login.php" "Mozilla/5.0 (Windows NT 11.0; Win64; x64; rv:119.0) Gecko/20100101 Firefox/119.0"
170.231.132.11 - - [13/May/2026:01:34:39 +0700] "GET /wp-admin/index.php HTTP/1.1" 200 1100 "https://win678p.net/wp-login.php" "Mozilla/5.0 (Windows NT 11.0; Win64; x64; rv:121.0) Gecko/20100101 Firefox/121.0"
170.231.132.11 - - [13/May/2026:01:34:39 +0700] "GET /wp-admin/profile.php HTTP/1.1" 200 1100 "https://win678p.net/wp-login.php" "Mozilla/5.0 (Windows NT 11.0; Win64; x64; rv:121.0) Gecko/20100101 Firefox/121.0"
170.231.132.11 - - [13/May/2026:01:34:39 +0700] "GET /wp-admin/edit.php HTTP/1.1" 200 1100 "https://win678p.net/wp-login.php" "Mozilla/5.0 (Windows NT 11.0; Win64; x64; rv:121.0) Gecko/20100101 Firefox/121.0"
170.231.132.11 - - [13/May/2026:01:34:40 +0700] "GET /wp-admin/plugins.php HTTP/1.1" 200 1100 "https://win678p.net/wp-login.php" "Mozilla/5.0 (Windows NT 11.0; Win64; x64; rv:121.0) Gecko/20100101 Firefox/121.0"
170.231.132.11 - - [13/May/2026:01:34:40 +0700] "POST /wp-login.php HTTP/1.1" 200 1100 "https://win678p.net/wp-login.php" "Mozilla/5.0 (Macintosh; Intel Mac OS X 13_6_1) AppleWebKit/605.1.15 (KHTML, like Gecko) Version/17.0 Safari/605.1.15"
170.231.132.11 - - [13/May/2026:01:34:41 +0700] "GET /wp-admin/index.php HTTP/1.1" 200 1100 "https://win678p.net/wp-login.php" "Mozilla/5.0 (X11; Ubuntu; Linux x86_64) AppleWebKit/537.36 (KHTML, like Gecko) Chrome/121.0.0.0 Safari/537.36"
66.249.70.7 - - [13/May/2026:01:34:41 +0700] "GET /?goods/201014494 HTTP/1.1" 200 1100 "-" "Mozilla/5.0 (Linux; Android 6.0.1; Nexus 5X Build/MMB29P) AppleWebKit/537.36 (KHTML, like Gecko) Chrome/147.0.7727.137 Mobile Safari/537.36 (compatible; Googlebot/2.1; +http://www.google.com/bot.html)"
170.231.132.11 - - [13/May/2026:01:34:41 +0700] "GET /wp-admin/profile.php HTTP/1.1" 200 1100 "https://win678p.net/wp-login.php" "Mozilla/5.0 (X11; Ubuntu; Linux x86_64) AppleWebKit/537.36 (KHTML, like Gecko) Chrome/121.0.0.0 Safari/537.36"
170.231.132.11 - - [13/May/2026:01:34:41 +0700] "GET /wp-admin/edit.php HTTP/1.1" 200 1100 "https://win678p.net/wp-login.php" "Mozilla/5.0 (X11; Ubuntu; Linux x86_64) AppleWebKit/537.36 (KHTML, like Gecko) Chrome/121.0.0.0 Safari/537.36"
170.231.132.11 - - [13/May/2026:01:34:42 +0700] "GET /wp-admin/plugins.php HTTP/1.1" 200 1100 "https://win678p.net/wp-login.php" "Mozilla/5.0 (X11; Ubuntu; Linux x86_64) AppleWebKit/537.36 (KHTML, like Gecko) Chrome/121.0.0.0 Safari/537.36"
170.231.132.11 - - [13/May/2026:01:34:42 +0700] "POST /wp-login.php HTTP/1.1" 200 1100 "https://win678p.net/wp-login.php" "Mozilla/5.0 (X11; Ubuntu; Linux x86_64) AppleWebKit/537.36 (KHTML, like Gecko) Chrome/119.0.0.0 Safari/537.36"
170.231.132.11 - - [13/May/2026:01:34:42 +0700] "GET /wp-admin/index.php HTTP/1.1" 200 1100 "https://win678p.net/wp-login.php" "Mozilla/5.0 (Windows NT 11.0; Win64; x64) AppleWebKit/537.36 (KHTML, like Gecko) Chrome/119.0.0.0 Safari/537.36"
170.231.132.11 - - [13/May/2026:01:34:43 +0700] "GET /wp-admin/profile.php HTTP/1.1" 200 1100 "https://win678p.net/wp-login.php" "Mozilla/5.0 (Windows NT 11.0; Win64; x64) AppleWebKit/537.36 (KHTML, like Gecko) Chrome/119.0.0.0 Safari/537.36"
170.231.132.11 - - [13/May/2026:01:34:43 +0700] "GET /wp-admin/edit.php HTTP/1.1" 200 1100 "https://win678p.net/wp-login.php" "Mozilla/5.0 (Windows NT 11.0; Win64; x64) AppleWebKit/537.36 (KHTML, like Gecko) Chrome/119.0.0.0 Safari/537.36"
51.195.244.12 - - [13/May/2026:01:34:43 +0700] "GET /de-top-internet-platforme-pentru-pariuri-reale-zona-rom-neasc-play-now-betano-casino/ HTTP/1.1" 304 - "-" "Mozilla/5.0 (compatible; AhrefsBot/7.0; +http://ahrefs.com/robot/)"
170.231.132.11 - - [13/May/2026:01:34:43 +0700] "GET /wp-admin/plugins.php HTTP/1.1" 200 1100 "https://win678p.net/wp-login.php" "Mozilla/5.0 (Windows NT 11.0; Win64; x64) AppleWebKit/537.36 (KHTML, like Gecko) Chrome/119.0.0.0 Safari/537.36"
170.231.132.11 - - [13/May/2026:01:34:44 +0700] "POST /wp-login.php HTTP/1.1" 200 1100 "https://win678p.net/wp-login.php" "Mozilla/5.0 (Macintosh; Intel Mac OS X 10_15_7) AppleWebKit/605.1.15 (KHTML, like Gecko) Version/17.2 Safari/605.1.15"
170.231.132.11 - - [13/May/2026:01:34:44 +0700] "GET /wp-admin/index.php HTTP/1.1" 200 1100 "https://win678p.net/wp-login.php" "Mozilla/5.0 (Windows NT 10.0; Win64; x64; rv:120.0) Gecko/20100101 Firefox/120.0"
170.231.132.11 - - [13/May/2026:01:34:44 +0700] "GET /wp-admin/profile.php HTTP/1.1" 200 1100 "https://win678p.net/wp-login.php" "Mozilla/5.0 (Windows NT 10.0; Win64; x64; rv:120.0) Gecko/20100101 Firefox/120.0"
170.231.132.11 - - [13/May/2026:01:34:45 +0700] "GET /wp-admin/edit.php HTTP/1.1" 200 1100 "https://win678p.net/wp-login.php" "Mozilla/5.0 (Windows NT 10.0; Win64; x64; rv:120.0) Gecko/20100101 Firefox/120.0"
170.231.132.11 - - [13/May/2026:01:34:45 +0700] "GET /wp-admin/plugins.php HTTP/1.1" 200 1100 "https://win678p.net/wp-login.php" "Mozilla/5.0 (Windows NT 10.0; Win64; x64; rv:120.0) Gecko/20100101 Firefox/120.0"
170.231.132.11 - - [13/May/2026:01:34:46 +0700] "POST /wp-login.php HTTP/1.1" 200 1100 "https://win678p.net/wp-login.php" "Mozilla/5.0 (X11; Linux x86_64) AppleWebKit/537.36 (KHTML, like Gecko) Chrome/118.0.0.0 Safari/537.36"
170.231.132.11 - - [13/May/2026:01:34:46 +0700] "GET /wp-admin/index.php HTTP/1.1" 200 1100 "https://win678p.net/wp-login.php" "Mozilla/5.0 (Macintosh; Intel Mac OS X 13_6_1; rv:120.0) Gecko/20100101 Firefox/120.0"
170.231.132.11 - - [13/May/2026:01:34:46 +0700] "GET /wp-admin/profile.php HTTP/1.1" 200 1100 "https://win678p.net/wp-login.php" "Mozilla/5.0 (Macintosh; Intel Mac OS X 13_6_1; rv:120.0) Gecko/20100101 Firefox/120.0"
170.231.132.11 - - [13/May/2026:01:34:47 +0700] "GET /wp-admin/edit.php HTTP/1.1" 200 1100 "https://win678p.net/wp-login.php" "Mozilla/5.0 (Macintosh; Intel Mac OS X 13_6_1; rv:120.0) Gecko/20100101 Firefox/120.0"
170.231.132.11 - - [13/May/2026:01:34:47 +0700] "GET /wp-admin/plugins.php HTTP/1.1" 200 1100 "https://win678p.net/wp-login.php" "Mozilla/5.0 (Macintosh; Intel Mac OS X 13_6_1; rv:120.0) Gecko/20100101 Firefox/120.0"
170.231.132.11 - - [13/May/2026:01:34:47 +0700] "POST /wp-login.php HTTP/1.1" 200 1100 "https://win678p.net/wp-login.php" "Mozilla/5.0 (Macintosh; Intel Mac OS X 10_15_7) AppleWebKit/605.1.15 (KHTML, like Gecko) Version/17.1 Safari/605.1.15"
170.231.132.11 - - [13/May/2026:01:34:48 +0700] "GET /wp-admin/index.php HTTP/1.1" 200 1100 "https://win678p.net/wp-login.php" "Mozilla/5.0 (Windows NT 10.0; Win64; x64; rv:119.0) Gecko/20100101 Firefox/119.0"
66.249.70.7 - - [13/May/2026:01:34:48 +0700] "GET /?goods/179005422 HTTP/1.1" 200 1100 "-" "Mozilla/5.0 (Linux; Android 6.0.1; Nexus 5X Build/MMB29P) AppleWebKit/537.36 (KHTML, like Gecko) Chrome/147.0.7727.137 Mobile Safari/537.36 (compatible; Googlebot/2.1; +http://www.google.com/bot.html)"
170.231.132.11 - - [13/May/2026:01:34:48 +0700] "GET /wp-admin/profile.php HTTP/1.1" 200 1100 "https://win678p.net/wp-login.php" "Mozilla/5.0 (Windows NT 10.0; Win64; x64; rv:119.0) Gecko/20100101 Firefox/119.0"
170.231.132.11 - - [13/May/2026:01:34:48 +0700] "GET /wp-admin/edit.php HTTP/1.1" 200 1100 "https://win678p.net/wp-login.php" "Mozilla/5.0 (Windows NT 10.0; Win64; x64; rv:119.0) Gecko/20100101 Firefox/119.0"
170.231.132.11 - - [13/May/2026:01:34:49 +0700] "GET /wp-admin/plugins.php HTTP/1.1" 200 1100 "https://win678p.net/wp-login.php" "Mozilla/5.0 (Windows NT 10.0; Win64; x64; rv:119.0) Gecko/20100101 Firefox/119.0"
170.231.132.11 - - [13/May/2026:01:34:49 +0700] "POST /wp-login.php HTTP/1.1" 200 1100 "https://win678p.net/wp-login.php" "Mozilla/5.0 (Macintosh; Intel Mac OS X 10_15_7; rv:120.0) Gecko/20100101 Firefox/120.0"
170.231.132.11 - - [13/May/2026:01:34:49 +0700] "GET /wp-admin/index.php HTTP/1.1" 200 1100 "https://win678p.net/wp-login.php" "Mozilla/5.0 (X11; Ubuntu; Linux x86_64) AppleWebKit/537.36 (KHTML, like Gecko) Chrome/120.0.0.0 Safari/537.36"
170.231.132.11 - - [13/May/2026:01:34:50 +0700] "GET /wp-admin/profile.php HTTP/1.1" 200 1100 "https://win678p.net/wp-login.php" "Mozilla/5.0 (X11; Ubuntu; Linux x86_64) AppleWebKit/537.36 (KHTML, like Gecko) Chrome/120.0.0.0 Safari/537.36"
170.231.132.11 - - [13/May/2026:01:34:50 +0700] "GET /wp-admin/edit.php HTTP/1.1" 200 1100 "https://win678p.net/wp-login.php" "Mozilla/5.0 (X11; Ubuntu; Linux x86_64) AppleWebKit/537.36 (KHTML, like Gecko) Chrome/120.0.0.0 Safari/537.36"
170.231.132.11 - - [13/May/2026:01:34:50 +0700] "GET /wp-admin/plugins.php HTTP/1.1" 200 1100 "https://win678p.net/wp-login.php" "Mozilla/5.0 (X11; Ubuntu; Linux x86_64) AppleWebKit/537.36 (KHTML, like Gecko) Chrome/120.0.0.0 Safari/537.36"
170.231.132.11 - - [13/May/2026:01:34:51 +0700] "POST /wp-login.php HTTP/1.1" 200 1100 "https://win678p.net/wp-login.php" "Mozilla/5.0 (X11; Linux x86_64) AppleWebKit/537.36 (KHTML, like Gecko) Chrome/119.0.0.0 Safari/537.36"
170.231.132.11 - - [13/May/2026:01:34:51 +0700] "GET /wp-admin/index.php HTTP/1.1" 200 1100 "https://win678p.net/wp-login.php" "Mozilla/5.0 (Macintosh; Intel Mac OS X 10_15_7; rv:118.0) Gecko/20100101 Firefox/118.0"
170.231.132.11 - - [13/May/2026:01:34:52 +0700] "GET /wp-admin/profile.php HTTP/1.1" 200 1100 "https://win678p.net/wp-login.php" "Mozilla/5.0 (Macintosh; Intel Mac OS X 10_15_7; rv:118.0) Gecko/20100101 Firefox/118.0"
170.231.132.11 - - [13/May/2026:01:34:52 +0700] "GET /wp-admin/edit.php HTTP/1.1" 200 1100 "https://win678p.net/wp-login.php" "Mozilla/5.0 (Macintosh; Intel Mac OS X 10_15_7; rv:118.0) Gecko/20100101 Firefox/118.0"
170.231.132.11 - - [13/May/2026:01:34:52 +0700] "GET /wp-admin/plugins.php HTTP/1.1" 200 1100 "https://win678p.net/wp-login.php" "Mozilla/5.0 (Macintosh; Intel Mac OS X 10_15_7; rv:118.0) Gecko/20100101 Firefox/118.0"
170.231.132.11 - - [13/May/2026:01:34:53 +0700] "POST /wp-login.php HTTP/1.1" 200 1100 "https://win678p.net/wp-login.php" "Mozilla/5.0 (X11; Linux x86_64) AppleWebKit/537.36 (KHTML, like Gecko) Chrome/121.0.0.0 Safari/537.36"
170.231.132.11 - - [13/May/2026:01:34:53 +0700] "GET /wp-admin/index.php HTTP/1.1" 200 1100 "https://win678p.net/wp-login.php" "Mozilla/5.0 (X11; Linux x86_64) AppleWebKit/537.36 (KHTML, like Gecko) Chrome/119.0.0.0 Safari/537.36"
170.231.132.11 - - [13/May/2026:01:34:53 +0700] "GET /wp-admin/profile.php HTTP/1.1" 200 1100 "https://win678p.net/wp-login.php" "Mozilla/5.0 (X11; Linux x86_64) AppleWebKit/537.36 (KHTML, like Gecko) Chrome/119.0.0.0 Safari/537.36"
170.231.132.11 - - [13/May/2026:01:34:54 +0700] "GET /wp-admin/edit.php HTTP/1.1" 200 1100 "https://win678p.net/wp-login.php" "Mozilla/5.0 (X11; Linux x86_64) AppleWebKit/537.36 (KHTML, like Gecko) Chrome/119.0.0.0 Safari/537.36"
66.249.70.7 - - [13/May/2026:01:34:54 +0700] "GET /?goods/073029050 HTTP/1.1" 200 1100 "-" "Mozilla/5.0 (Linux; Android 6.0.1; Nexus 5X Build/MMB29P) AppleWebKit/537.36 (KHTML, like Gecko) Chrome/147.0.7727.137 Mobile Safari/537.36 (compatible; Googlebot/2.1; +http://www.google.com/bot.html)"
170.231.132.11 - - [13/May/2026:01:34:54 +0700] "GET /wp-admin/plugins.php HTTP/1.1" 200 1100 "https://win678p.net/wp-login.php" "Mozilla/5.0 (X11; Linux x86_64) AppleWebKit/537.36 (KHTML, like Gecko) Chrome/119.0.0.0 Safari/537.36"
170.231.132.11 - - [13/May/2026:01:34:54 +0700] "POST /wp-login.php HTTP/1.1" 200 1100 "https://win678p.net/wp-login.php" "Mozilla/5.0 (Windows NT 11.0; Win64; x64) AppleWebKit/537.36 (KHTML, like Gecko) Chrome/118.0.0.0 Safari/537.36"
170.231.132.11 - - [13/May/2026:01:34:55 +0700] "GET /wp-admin/index.php HTTP/1.1" 200 1100 "https://win678p.net/wp-login.php" "Mozilla/5.0 (Macintosh; Intel Mac OS X 13_6_1) AppleWebKit/605.1.15 (KHTML, like Gecko) Version/16.6 Safari/605.1.15"
170.231.132.11 - - [13/May/2026:01:34:55 +0700] "GET /wp-admin/profile.php HTTP/1.1" 200 1100 "https://win678p.net/wp-login.php" "Mozilla/5.0 (Macintosh; Intel Mac OS X 13_6_1) AppleWebKit/605.1.15 (KHTML, like Gecko) Version/16.6 Safari/605.1.15"
170.231.132.11 - - [13/May/2026:01:34:55 +0700] "GET /wp-admin/edit.php HTTP/1.1" 200 1100 "https://win678p.net/wp-login.php" "Mozilla/5.0 (Macintosh; Intel Mac OS X 13_6_1) AppleWebKit/605.1.15 (KHTML, like Gecko) Version/16.6 Safari/605.1.15"
170.231.132.11 - - [13/May/2026:01:34:56 +0700] "GET /wp-admin/plugins.php HTTP/1.1" 200 1100 "https://win678p.net/wp-login.php" "Mozilla/5.0 (Macintosh; Intel Mac OS X 13_6_1) AppleWebKit/605.1.15 (KHTML, like Gecko) Version/16.6 Safari/605.1.15"
170.231.132.11 - - [13/May/2026:01:34:56 +0700] "POST /wp-login.php HTTP/1.1" 200 1100 "https://win678p.net/wp-login.php" "Mozilla/5.0 (Windows NT 11.0; Win64; x64) AppleWebKit/537.36 (KHTML, like Gecko) Chrome/120.0.0.0 Safari/537.36"
170.231.132.11 - - [13/May/2026:01:34:56 +0700] "GET /wp-admin/index.php HTTP/1.1" 200 1100 "https://win678p.net/wp-login.php" "Mozilla/5.0 (Macintosh; Intel Mac OS X 10_15_7; rv:119.0) Gecko/20100101 Firefox/119.0"
170.231.132.11 - - [13/May/2026:01:34:57 +0700] "GET /wp-admin/profile.php HTTP/1.1" 200 1100 "https://win678p.net/wp-login.php" "Mozilla/5.0 (Macintosh; Intel Mac OS X 10_15_7; rv:119.0) Gecko/20100101 Firefox/119.0"
170.231.132.11 - - [13/May/2026:01:34:57 +0700] "GET /wp-admin/edit.php HTTP/1.1" 200 1100 "https://win678p.net/wp-login.php" "Mozilla/5.0 (Macintosh; Intel Mac OS X 10_15_7; rv:119.0) Gecko/20100101 Firefox/119.0"
170.231.132.11 - - [13/May/2026:01:34:57 +0700] "GET /wp-admin/plugins.php HTTP/1.1" 200 1100 "https://win678p.net/wp-login.php" "Mozilla/5.0 (Macintosh; Intel Mac OS X 10_15_7; rv:119.0) Gecko/20100101 Firefox/119.0"
170.231.132.11 - - [13/May/2026:01:34:58 +0700] "POST /wp-login.php HTTP/1.1" 200 1100 "https://win678p.net/wp-login.php" "Mozilla/5.0 (Windows NT 10.0; Win64; x64) AppleWebKit/537.36 (KHTML, like Gecko) Chrome/121.0.0.0 Safari/537.36"
170.231.132.11 - - [13/May/2026:01:34:58 +0700] "GET /wp-admin/index.php HTTP/1.1" 200 1100 "https://win678p.net/wp-login.php" "Mozilla/5.0 (Macintosh; Intel Mac OS X 13_6_1) AppleWebKit/605.1.15 (KHTML, like Gecko) Version/16.6 Safari/605.1.15"
170.231.132.11 - - [13/May/2026:01:34:59 +0700] "GET /wp-admin/profile.php HTTP/1.1" 200 1100 "https://win678p.net/wp-login.php" "Mozilla/5.0 (Macintosh; Intel Mac OS X 13_6_1) AppleWebKit/605.1.15 (KHTML, like Gecko) Version/16.6 Safari/605.1.15"
170.231.132.11 - - [13/May/2026:01:34:59 +0700] "GET /wp-admin/edit.php HTTP/1.1" 200 1100 "https://win678p.net/wp-login.php" "Mozilla/5.0 (Macintosh; Intel Mac OS X 13_6_1) AppleWebKit/605.1.15 (KHTML, like Gecko) Version/16.6 Safari/605.1.15"
170.231.132.11 - - [13/May/2026:01:34:59 +0700] "GET /wp-admin/plugins.php HTTP/1.1" 200 1100 "https://win678p.net/wp-login.php" "Mozilla/5.0 (Macintosh; Intel Mac OS X 13_6_1) AppleWebKit/605.1.15 (KHTML, like Gecko) Version/16.6 Safari/605.1.15"
170.231.132.11 - - [13/May/2026:01:35:00 +0700] "POST /wp-login.php HTTP/1.1" 200 1100 "https://win678p.net/wp-login.php" "Mozilla/5.0 (Macintosh; Intel Mac OS X 10_15_7) AppleWebKit/537.36 (KHTML, like Gecko) Chrome/118.0.0.0 Safari/537.36"
170.231.132.11 - - [13/May/2026:01:35:00 +0700] "GET /wp-admin/index.php HTTP/1.1" 200 1100 "https://win678p.net/wp-login.php" "Mozilla/5.0 (Windows NT 11.0; Win64; x64; rv:120.0) Gecko/20100101 Firefox/120.0"
170.231.132.11 - - [13/May/2026:01:35:00 +0700] "GET /wp-admin/profile.php HTTP/1.1" 200 1100 "https://win678p.net/wp-login.php" "Mozilla/5.0 (Windows NT 11.0; Win64; x64; rv:120.0) Gecko/20100101 Firefox/120.0"
170.231.132.11 - - [13/May/2026:01:35:01 +0700] "GET /wp-admin/edit.php HTTP/1.1" 200 1100 "https://win678p.net/wp-login.php" "Mozilla/5.0 (Windows NT 11.0; Win64; x64; rv:120.0) Gecko/20100101 Firefox/120.0"
66.249.70.1 - - [13/May/2026:01:35:01 +0700] "GET /?goods/266004326 HTTP/1.1" 200 1100 "-" "Mozilla/5.0 (Linux; Android 6.0.1; Nexus 5X Build/MMB29P) AppleWebKit/537.36 (KHTML, like Gecko) Chrome/147.0.7727.137 Mobile Safari/537.36 (compatible; Googlebot/2.1; +http://www.google.com/bot.html)"
170.231.132.11 - - [13/May/2026:01:35:01 +0700] "GET /wp-admin/plugins.php HTTP/1.1" 200 1100 "https://win678p.net/wp-login.php" "Mozilla/5.0 (Windows NT 11.0; Win64; x64; rv:120.0) Gecko/20100101 Firefox/120.0"
170.231.132.11 - - [13/May/2026:01:35:01 +0700] "POST /wp-login.php HTTP/1.1" 200 1100 "https://win678p.net/wp-login.php" "Mozilla/5.0 (Macintosh; Intel Mac OS X 10_15_7) AppleWebKit/605.1.15 (KHTML, like Gecko) Version/16.6 Safari/605.1.15"
170.231.132.11 - - [13/May/2026:01:35:02 +0700] "GET /wp-admin/index.php HTTP/1.1" 200 1100 "https://win678p.net/wp-login.php" "Mozilla/5.0 (Macintosh; Intel Mac OS X 13_6_1) AppleWebKit/537.36 (KHTML, like Gecko) Chrome/121.0.0.0 Safari/537.36"
170.231.132.11 - - [13/May/2026:01:35:02 +0700] "GET /wp-admin/profile.php HTTP/1.1" 200 1100 "https://win678p.net/wp-login.php" "Mozilla/5.0 (Macintosh; Intel Mac OS X 13_6_1) AppleWebKit/537.36 (KHTML, like Gecko) Chrome/121.0.0.0 Safari/537.36"
170.231.132.11 - - [13/May/2026:01:35:02 +0700] "GET /wp-admin/edit.php HTTP/1.1" 200 1100 "https://win678p.net/wp-login.php" "Mozilla/5.0 (Macintosh; Intel Mac OS X 13_6_1) AppleWebKit/537.36 (KHTML, like Gecko) Chrome/121.0.0.0 Safari/537.36"
170.231.132.11 - - [13/May/2026:01:35:03 +0700] "GET /wp-admin/plugins.php HTTP/1.1" 200 1100 "https://win678p.net/wp-login.php" "Mozilla/5.0 (Macintosh; Intel Mac OS X 13_6_1) AppleWebKit/537.36 (KHTML, like Gecko) Chrome/121.0.0.0 Safari/537.36"
170.231.132.11 - - [13/May/2026:01:35:04 +0700] "POST /wp-login.php HTTP/1.1" 200 1100 "https://win678p.net/wp-login.php" "Mozilla/5.0 (Macintosh; Intel Mac OS X 10_15_7) AppleWebKit/605.1.15 (KHTML, like Gecko) Version/16.6 Safari/605.1.15"
170.231.132.11 - - [13/May/2026:01:35:04 +0700] "GET /wp-admin/index.php HTTP/1.1" 200 1100 "https://win678p.net/wp-login.php" "Mozilla/5.0 (Macintosh; Intel Mac OS X 13_6_1) AppleWebKit/605.1.15 (KHTML, like Gecko) Version/17.1 Safari/605.1.15"
170.231.132.11 - - [13/May/2026:01:35:05 +0700] "GET /wp-admin/profile.php HTTP/1.1" 200 1100 "https://win678p.net/wp-login.php" "Mozilla/5.0 (Macintosh; Intel Mac OS X 13_6_1) AppleWebKit/605.1.15 (KHTML, like Gecko) Version/17.1 Safari/605.1.15"
170.231.132.11 - - [13/May/2026:01:35:05 +0700] "GET /wp-admin/edit.php HTTP/1.1" 200 1100 "https://win678p.net/wp-login.php" "Mozilla/5.0 (Macintosh; Intel Mac OS X 13_6_1) AppleWebKit/605.1.15 (KHTML, like Gecko) Version/17.1 Safari/605.1.15"
170.231.132.11 - - [13/May/2026:01:35:05 +0700] "GET /wp-admin/plugins.php HTTP/1.1" 200 1100 "https://win678p.net/wp-login.php" "Mozilla/5.0 (Macintosh; Intel Mac OS X 13_6_1) AppleWebKit/605.1.15 (KHTML, like Gecko) Version/17.1 Safari/605.1.15"
170.231.132.11 - - [13/May/2026:01:35:06 +0700] "POST /wp-login.php HTTP/1.1" 200 1100 "https://win678p.net/wp-login.php" "Mozilla/5.0 (Macintosh; Intel Mac OS X 13_6_1; rv:118.0) Gecko/20100101 Firefox/118.0"
170.231.132.11 - - [13/May/2026:01:35:06 +0700] "GET /wp-admin/index.php HTTP/1.1" 200 1100 "https://win678p.net/wp-login.php" "Mozilla/5.0 (Macintosh; Intel Mac OS X 10_15_7) AppleWebKit/605.1.15 (KHTML, like Gecko) Version/17.1 Safari/605.1.15"
66.249.70.8 - - [13/May/2026:01:35:06 +0700] "GET /?jp/055043376.html HTTP/1.1" 200 1100 "-" "Mozilla/5.0 (Linux; Android 6.0.1; Nexus 5X Build/MMB29P) AppleWebKit/537.36 (KHTML, like Gecko) Chrome/147.0.7727.137 Mobile Safari/537.36 (compatible; Googlebot/2.1; +http://www.google.com/bot.html)"
170.231.132.11 - - [13/May/2026:01:35:06 +0700] "GET /wp-admin/profile.php HTTP/1.1" 200 1100 "https://win678p.net/wp-login.php" "Mozilla/5.0 (Macintosh; Intel Mac OS X 10_15_7) AppleWebKit/605.1.15 (KHTML, like Gecko) Version/17.1 Safari/605.1.15"
170.231.132.11 - - [13/May/2026:01:35:07 +0700] "GET /wp-admin/edit.php HTTP/1.1" 200 1100 "https://win678p.net/wp-login.php" "Mozilla/5.0 (Macintosh; Intel Mac OS X 10_15_7) AppleWebKit/605.1.15 (KHTML, like Gecko) Version/17.1 Safari/605.1.15"
170.231.132.11 - - [13/May/2026:01:35:07 +0700] "GET /wp-admin/plugins.php HTTP/1.1" 200 1100 "https://win678p.net/wp-login.php" "Mozilla/5.0 (Macintosh; Intel Mac OS X 10_15_7) AppleWebKit/605.1.15 (KHTML, like Gecko) Version/17.1 Safari/605.1.15"
170.231.132.11 - - [13/May/2026:01:35:07 +0700] "POST /wp-login.php HTTP/1.1" 200 1100 "https://win678p.net/wp-login.php" "Mozilla/5.0 (Windows NT 10.0; Win64; x64) AppleWebKit/537.36 (KHTML, like Gecko) Chrome/118.0.0.0 Safari/537.36"
170.231.132.11 - - [13/May/2026:01:35:08 +0700] "GET /wp-admin/index.php HTTP/1.1" 200 1100 "https://win678p.net/wp-login.php" "Mozilla/5.0 (Macintosh; Intel Mac OS X 13_6_1) AppleWebKit/605.1.15 (KHTML, like Gecko) Version/17.1 Safari/605.1.15"
170.231.132.11 - - [13/May/2026:01:35:08 +0700] "GET /wp-admin/profile.php HTTP/1.1" 200 1100 "https://win678p.net/wp-login.php" "Mozilla/5.0 (Macintosh; Intel Mac OS X 13_6_1) AppleWebKit/605.1.15 (KHTML, like Gecko) Version/17.1 Safari/605.1.15"
170.231.132.11 - - [13/May/2026:01:35:09 +0700] "GET /wp-admin/edit.php HTTP/1.1" 200 1100 "https://win678p.net/wp-login.php" "Mozilla/5.0 (Macintosh; Intel Mac OS X 13_6_1) AppleWebKit/605.1.15 (KHTML, like Gecko) Version/17.1 Safari/605.1.15"
170.231.132.11 - - [13/May/2026:01:35:09 +0700] "GET /wp-admin/plugins.php HTTP/1.1" 200 1100 "https://win678p.net/wp-login.php" "Mozilla/5.0 (Macintosh; Intel Mac OS X 13_6_1) AppleWebKit/605.1.15 (KHTML, like Gecko) Version/17.1 Safari/605.1.15"
170.231.132.11 - - [13/May/2026:01:35:09 +0700] "POST /wp-login.php HTTP/1.1" 200 1100 "https://win678p.net/wp-login.php" "Mozilla/5.0 (Macintosh; Intel Mac OS X 10_15_7; rv:118.0) Gecko/20100101 Firefox/118.0"
170.231.132.11 - - [13/May/2026:01:35:10 +0700] "GET /wp-admin/index.php HTTP/1.1" 200 1100 "https://win678p.net/wp-login.php" "Mozilla/5.0 (Windows NT 10.0; Win64; x64) AppleWebKit/537.36 (KHTML, like Gecko) Chrome/118.0.0.0 Safari/537.36"
170.231.132.11 - - [13/May/2026:01:35:10 +0700] "GET /wp-admin/profile.php HTTP/1.1" 200 1100 "https://win678p.net/wp-login.php" "Mozilla/5.0 (Windows NT 10.0; Win64; x64) AppleWebKit/537.36 (KHTML, like Gecko) Chrome/118.0.0.0 Safari/537.36"
170.231.132.11 - - [13/May/2026:01:35:10 +0700] "GET /wp-admin/edit.php HTTP/1.1" 200 1100 "https://win678p.net/wp-login.php" "Mozilla/5.0 (Windows NT 10.0; Win64; x64) AppleWebKit/537.36 (KHTML, like Gecko) Chrome/118.0.0.0 Safari/537.36"
170.231.132.11 - - [13/May/2026:01:35:11 +0700] "GET /wp-admin/plugins.php HTTP/1.1" 200 1100 "https://win678p.net/wp-login.php" "Mozilla/5.0 (Windows NT 10.0; Win64; x64) AppleWebKit/537.36 (KHTML, like Gecko) Chrome/118.0.0.0 Safari/537.36"
170.231.132.11 - - [13/May/2026:01:35:11 +0700] "POST /wp-login.php HTTP/1.1" 200 1100 "https://win678p.net/wp-login.php" "Mozilla/5.0 (Macintosh; Intel Mac OS X 13_6_1) AppleWebKit/537.36 (KHTML, like Gecko) Chrome/120.0.0.0 Safari/537.36"
170.231.132.11 - - [13/May/2026:01:35:11 +0700] "GET /wp-admin/index.php HTTP/1.1" 200 1100 "https://win678p.net/wp-login.php" "Mozilla/5.0 (X11; Linux x86_64) AppleWebKit/537.36 (KHTML, like Gecko) Chrome/118.0.0.0 Safari/537.36"
170.231.132.11 - - [13/May/2026:01:35:12 +0700] "GET /wp-admin/profile.php HTTP/1.1" 200 1100 "https://win678p.net/wp-login.php" "Mozilla/5.0 (X11; Linux x86_64) AppleWebKit/537.36 (KHTML, like Gecko) Chrome/118.0.0.0 Safari/537.36"
66.249.70.7 - - [13/May/2026:01:35:12 +0700] "GET /?goods/213028218 HTTP/1.1" 200 1100 "-" "Mozilla/5.0 (Linux; Android 6.0.1; Nexus 5X Build/MMB29P) AppleWebKit/537.36 (KHTML, like Gecko) Chrome/147.0.7727.137 Mobile Safari/537.36 (compatible; Googlebot/2.1; +http://www.google.com/bot.html)"
170.231.132.11 - - [13/May/2026:01:35:12 +0700] "GET /wp-admin/edit.php HTTP/1.1" 200 1100 "https://win678p.net/wp-login.php" "Mozilla/5.0 (X11; Linux x86_64) AppleWebKit/537.36 (KHTML, like Gecko) Chrome/118.0.0.0 Safari/537.36"
170.231.132.11 - - [13/May/2026:01:35:12 +0700] "GET /wp-admin/plugins.php HTTP/1.1" 200 1100 "https://win678p.net/wp-login.php" "Mozilla/5.0 (X11; Linux x86_64) AppleWebKit/537.36 (KHTML, like Gecko) Chrome/118.0.0.0 Safari/537.36"
170.231.132.11 - - [13/May/2026:01:35:13 +0700] "POST /wp-login.php HTTP/1.1" 200 1100 "https://win678p.net/wp-login.php" "Mozilla/5.0 (Macintosh; Intel Mac OS X 10_15_7) AppleWebKit/605.1.15 (KHTML, like Gecko) Version/17.2 Safari/605.1.15"
170.231.132.11 - - [13/May/2026:01:35:13 +0700] "GET /wp-admin/index.php HTTP/1.1" 200 1100 "https://win678p.net/wp-login.php" "Mozilla/5.0 (Windows NT 10.0; Win64; x64) AppleWebKit/537.36 (KHTML, like Gecko) Chrome/121.0.0.0 Safari/537.36"
170.231.132.11 - - [13/May/2026:01:35:13 +0700] "GET /wp-admin/profile.php HTTP/1.1" 200 1100 "https://win678p.net/wp-login.php" "Mozilla/5.0 (Windows NT 10.0; Win64; x64) AppleWebKit/537.36 (KHTML, like Gecko) Chrome/121.0.0.0 Safari/537.36"
170.231.132.11 - - [13/May/2026:01:35:14 +0700] "GET /wp-admin/edit.php HTTP/1.1" 200 1100 "https://win678p.net/wp-login.php" "Mozilla/5.0 (Windows NT 10.0; Win64; x64) AppleWebKit/537.36 (KHTML, like Gecko) Chrome/121.0.0.0 Safari/537.36"
170.231.132.11 - - [13/May/2026:01:35:14 +0700] "GET /wp-admin/plugins.php HTTP/1.1" 200 1100 "https://win678p.net/wp-login.php" "Mozilla/5.0 (Windows NT 10.0; Win64; x64) AppleWebKit/537.36 (KHTML, like Gecko) Chrome/121.0.0.0 Safari/537.36"
170.231.132.11 - - [13/May/2026:01:35:15 +0700] "POST /wp-login.php HTTP/1.1" 200 1100 "https://win678p.net/wp-login.php" "Mozilla/5.0 (Macintosh; Intel Mac OS X 10_15_7) AppleWebKit/605.1.15 (KHTML, like Gecko) Version/17.1 Safari/605.1.15"
195.184.76.43 - - [13/May/2026:01:35:15 +0700] "GET /program/js/app.js HTTP/1.1" 404 5749 "-" "Mozilla/5.0 (X11; Ubuntu; Linux x86_64; rv:134.0) Gecko/20100101 Firefox/134.0"
170.231.132.11 - - [13/May/2026:01:35:15 +0700] "GET /wp-admin/index.php HTTP/1.1" 200 1100 "https://win678p.net/wp-login.php" "Mozilla/5.0 (Macintosh; Intel Mac OS X 10_15_7) AppleWebKit/605.1.15 (KHTML, like Gecko) Version/17.1 Safari/605.1.15"
170.231.132.11 - - [13/May/2026:01:35:15 +0700] "GET /wp-admin/profile.php HTTP/1.1" 200 1100 "https://win678p.net/wp-login.php" "Mozilla/5.0 (Macintosh; Intel Mac OS X 10_15_7) AppleWebKit/605.1.15 (KHTML, like Gecko) Version/17.1 Safari/605.1.15"
170.231.132.11 - - [13/May/2026:01:35:16 +0700] "GET /wp-admin/edit.php HTTP/1.1" 200 1100 "https://win678p.net/wp-login.php" "Mozilla/5.0 (Macintosh; Intel Mac OS X 10_15_7) AppleWebKit/605.1.15 (KHTML, like Gecko) Version/17.1 Safari/605.1.15"
66.249.71.193 - - [13/May/2026:01:35:16 +0700] "GET /?detail/17900542532352 HTTP/1.1" 200 1100 "-" "Mozilla/5.0 (Linux; Android 6.0.1; Nexus 5X Build/MMB29P) AppleWebKit/537.36 (KHTML, like Gecko) Chrome/147.0.7727.137 Mobile Safari/537.36 (compatible; Googlebot/2.1; +http://www.google.com/bot.html)"
170.231.132.11 - - [13/May/2026:01:35:16 +0700] "GET /wp-admin/plugins.php HTTP/1.1" 200 1100 "https://win678p.net/wp-login.php" "Mozilla/5.0 (Macintosh; Intel Mac OS X 10_15_7) AppleWebKit/605.1.15 (KHTML, like Gecko) Version/17.1 Safari/605.1.15"
170.231.132.11 - - [13/May/2026:01:35:16 +0700] "POST /wp-login.php HTTP/1.1" 200 1100 "https://win678p.net/wp-login.php" "Mozilla/5.0 (Macintosh; Intel Mac OS X 10_15_7; rv:121.0) Gecko/20100101 Firefox/121.0"
44.234.110.157 - - [13/May/2026:01:35:16 +0700] "GET /robots.txt HTTP/1.1" 400 52 "-" "Mozilla/5.0 (compatible; wpbot/1.4; +https://forms.gle/ajBaxygz9jSR8p8G9)"
170.231.132.11 - - [13/May/2026:01:35:17 +0700] "GET /wp-admin/index.php HTTP/1.1" 200 1100 "https://win678p.net/wp-login.php" "Mozilla/5.0 (Windows NT 11.0; Win64; x64) AppleWebKit/537.36 (KHTML, like Gecko) Chrome/118.0.0.0 Safari/537.36"
44.234.110.157 - - [13/May/2026:01:35:17 +0700] "GET / HTTP/1.1" 400 52 "-" "Mozilla/5.0 (compatible; wpbot/1.4; +https://forms.gle/ajBaxygz9jSR8p8G9)"
170.231.132.11 - - [13/May/2026:01:35:17 +0700] "GET /wp-admin/profile.php HTTP/1.1" 200 1100 "https://win678p.net/wp-login.php" "Mozilla/5.0 (Windows NT 11.0; Win64; x64) AppleWebKit/537.36 (KHTML, like Gecko) Chrome/118.0.0.0 Safari/537.36"
195.184.76.43 - - [13/May/2026:01:35:17 +0700] "GET /installer/index.php HTTP/1.1" 404 5749 "-" "Mozilla/5.0 (X11; Ubuntu; Linux x86_64; rv:134.0) Gecko/20100101 Firefox/134.0"
170.231.132.11 - - [13/May/2026:01:35:17 +0700] "GET /wp-admin/edit.php HTTP/1.1" 200 1100 "https://win678p.net/wp-login.php" "Mozilla/5.0 (Windows NT 11.0; Win64; x64) AppleWebKit/537.36 (KHTML, like Gecko) Chrome/118.0.0.0 Safari/537.36"
170.231.132.11 - - [13/May/2026:01:35:18 +0700] "GET /wp-admin/plugins.php HTTP/1.1" 200 1100 "https://win678p.net/wp-login.php" "Mozilla/5.0 (Windows NT 11.0; Win64; x64) AppleWebKit/537.36 (KHTML, like Gecko) Chrome/118.0.0.0 Safari/537.36"
170.231.132.11 - - [13/May/2026:01:35:18 +0700] "POST /wp-login.php HTTP/1.1" 200 1100 "https://win678p.net/wp-login.php" "Mozilla/5.0 (Macintosh; Intel Mac OS X 13_6_1; rv:119.0) Gecko/20100101 Firefox/119.0"
170.231.132.11 - - [13/May/2026:01:35:18 +0700] "GET /wp-admin/index.php HTTP/1.1" 200 1100 "https://win678p.net/wp-login.php" "Mozilla/5.0 (Macintosh; Intel Mac OS X 10_15_7) AppleWebKit/605.1.15 (KHTML, like Gecko) Version/17.0 Safari/605.1.15"
170.231.132.11 - - [13/May/2026:01:35:19 +0700] "GET /wp-admin/profile.php HTTP/1.1" 200 1100 "https://win678p.net/wp-login.php" "Mozilla/5.0 (Macintosh; Intel Mac OS X 10_15_7) AppleWebKit/605.1.15 (KHTML, like Gecko) Version/17.0 Safari/605.1.15"
170.231.132.11 - - [13/May/2026:01:35:19 +0700] "GET /wp-admin/edit.php HTTP/1.1" 200 1100 "https://win678p.net/wp-login.php" "Mozilla/5.0 (Macintosh; Intel Mac OS X 10_15_7) AppleWebKit/605.1.15 (KHTML, like Gecko) Version/17.0 Safari/605.1.15"
170.231.132.11 - - [13/May/2026:01:35:19 +0700] "GET /wp-admin/plugins.php HTTP/1.1" 200 1100 "https://win678p.net/wp-login.php" "Mozilla/5.0 (Macintosh; Intel Mac OS X 10_15_7) AppleWebKit/605.1.15 (KHTML, like Gecko) Version/17.0 Safari/605.1.15"
170.231.132.11 - - [13/May/2026:01:35:20 +0700] "POST /wp-login.php HTTP/1.1" 200 1100 "https://win678p.net/wp-login.php" "Mozilla/5.0 (Macintosh; Intel Mac OS X 10_15_7) AppleWebKit/605.1.15 (KHTML, like Gecko) Version/17.2 Safari/605.1.15"
170.231.132.11 - - [13/May/2026:01:35:20 +0700] "GET /wp-admin/index.php HTTP/1.1" 200 1100 "https://win678p.net/wp-login.php" "Mozilla/5.0 (Macintosh; Intel Mac OS X 13_6_1; rv:121.0) Gecko/20100101 Firefox/121.0"
170.231.132.11 - - [13/May/2026:01:35:20 +0700] "GET /wp-admin/profile.php HTTP/1.1" 200 1100 "https://win678p.net/wp-login.php" "Mozilla/5.0 (Macintosh; Intel Mac OS X 13_6_1; rv:121.0) Gecko/20100101 Firefox/121.0"
170.231.132.11 - - [13/May/2026:01:35:21 +0700] "GET /wp-admin/edit.php HTTP/1.1" 200 1100 "https://win678p.net/wp-login.php" "Mozilla/5.0 (Macintosh; Intel Mac OS X 13_6_1; rv:121.0) Gecko/20100101 Firefox/121.0"
170.231.132.11 - - [13/May/2026:01:35:21 +0700] "GET /wp-admin/plugins.php HTTP/1.1" 200 1100 "https://win678p.net/wp-login.php" "Mozilla/5.0 (Macintosh; Intel Mac OS X 13_6_1; rv:121.0) Gecko/20100101 Firefox/121.0"
170.231.132.11 - - [13/May/2026:01:35:22 +0700] "POST /wp-login.php HTTP/1.1" 200 1100 "https://win678p.net/wp-login.php" "Mozilla/5.0 (Macintosh; Intel Mac OS X 10_15_7) AppleWebKit/537.36 (KHTML, like Gecko) Chrome/118.0.0.0 Safari/537.36"
170.231.132.11 - - [13/May/2026:01:35:22 +0700] "GET /wp-admin/index.php HTTP/1.1" 200 1100 "https://win678p.net/wp-login.php" "Mozilla/5.0 (Macintosh; Intel Mac OS X 10_15_7; rv:119.0) Gecko/20100101 Firefox/119.0"
170.231.132.11 - - [13/May/2026:01:35:22 +0700] "GET /wp-admin/profile.php HTTP/1.1" 200 1100 "https://win678p.net/wp-login.php" "Mozilla/5.0 (Macintosh; Intel Mac OS X 10_15_7; rv:119.0) Gecko/20100101 Firefox/119.0"
170.231.132.11 - - [13/May/2026:01:35:23 +0700] "GET /wp-admin/edit.php HTTP/1.1" 200 1100 "https://win678p.net/wp-login.php" "Mozilla/5.0 (Macintosh; Intel Mac OS X 10_15_7; rv:119.0) Gecko/20100101 Firefox/119.0"
170.231.132.11 - - [13/May/2026:01:35:23 +0700] "GET /wp-admin/plugins.php HTTP/1.1" 200 1100 "https://win678p.net/wp-login.php" "Mozilla/5.0 (Macintosh; Intel Mac OS X 10_15_7; rv:119.0) Gecko/20100101 Firefox/119.0"
66.249.70.7 - - [13/May/2026:01:35:23 +0700] "GET /?goods/281002976 HTTP/1.1" 200 1100 "-" "Mozilla/5.0 (Linux; Android 6.0.1; Nexus 5X Build/MMB29P) AppleWebKit/537.36 (KHTML, like Gecko) Chrome/147.0.7727.137 Mobile Safari/537.36 (compatible; Googlebot/2.1; +http://www.google.com/bot.html)"
170.231.132.11 - - [13/May/2026:01:35:23 +0700] "POST /wp-login.php HTTP/1.1" 200 1100 "https://win678p.net/wp-login.php" "Mozilla/5.0 (Macintosh; Intel Mac OS X 13_6_1) AppleWebKit/537.36 (KHTML, like Gecko) Chrome/120.0.0.0 Safari/537.36"
170.231.132.11 - - [13/May/2026:01:35:24 +0700] "GET /wp-admin/index.php HTTP/1.1" 200 1100 "https://win678p.net/wp-login.php" "Mozilla/5.0 (Macintosh; Intel Mac OS X 10_15_7) AppleWebKit/605.1.15 (KHTML, like Gecko) Version/16.6 Safari/605.1.15"
170.231.132.11 - - [13/May/2026:01:35:24 +0700] "GET /wp-admin/profile.php HTTP/1.1" 200 1100 "https://win678p.net/wp-login.php" "Mozilla/5.0 (Macintosh; Intel Mac OS X 10_15_7) AppleWebKit/605.1.15 (KHTML, like Gecko) Version/16.6 Safari/605.1.15"
170.231.132.11 - - [13/May/2026:01:35:24 +0700] "GET /wp-admin/edit.php HTTP/1.1" 200 1100 "https://win678p.net/wp-login.php" "Mozilla/5.0 (Macintosh; Intel Mac OS X 10_15_7) AppleWebKit/605.1.15 (KHTML, like Gecko) Version/16.6 Safari/605.1.15"
170.231.132.11 - - [13/May/2026:01:35:25 +0700] "GET /wp-admin/plugins.php HTTP/1.1" 200 1100 "https://win678p.net/wp-login.php" "Mozilla/5.0 (Macintosh; Intel Mac OS X 10_15_7) AppleWebKit/605.1.15 (KHTML, like Gecko) Version/16.6 Safari/605.1.15"
170.231.132.11 - - [13/May/2026:01:35:25 +0700] "POST /wp-login.php HTTP/1.1" 200 1100 "https://win678p.net/wp-login.php" "Mozilla/5.0 (Macintosh; Intel Mac OS X 13_6_1) AppleWebKit/605.1.15 (KHTML, like Gecko) Version/17.0 Safari/605.1.15"
170.231.132.11 - - [13/May/2026:01:35:25 +0700] "GET /wp-admin/index.php HTTP/1.1" 200 1100 "https://win678p.net/wp-login.php" "Mozilla/5.0 (Macintosh; Intel Mac OS X 13_6_1) AppleWebKit/537.36 (KHTML, like Gecko) Chrome/119.0.0.0 Safari/537.36"
170.231.132.11 - - [13/May/2026:01:35:26 +0700] "GET /wp-admin/profile.php HTTP/1.1" 200 1100 "https://win678p.net/wp-login.php" "Mozilla/5.0 (Macintosh; Intel Mac OS X 13_6_1) AppleWebKit/537.36 (KHTML, like Gecko) Chrome/119.0.0.0 Safari/537.36"
170.231.132.11 - - [13/May/2026:01:35:26 +0700] "GET /wp-admin/edit.php HTTP/1.1" 200 1100 "https://win678p.net/wp-login.php" "Mozilla/5.0 (Macintosh; Intel Mac OS X 13_6_1) AppleWebKit/537.36 (KHTML, like Gecko) Chrome/119.0.0.0 Safari/537.36"
170.231.132.11 - - [13/May/2026:01:35:26 +0700] "GET /wp-admin/plugins.php HTTP/1.1" 200 1100 "https://win678p.net/wp-login.php" "Mozilla/5.0 (Macintosh; Intel Mac OS X 13_6_1) AppleWebKit/537.36 (KHTML, like Gecko) Chrome/119.0.0.0 Safari/537.36"
170.231.132.11 - - [13/May/2026:01:35:27 +0700] "POST /wp-login.php HTTP/1.1" 200 1100 "https://win678p.net/wp-login.php" "Mozilla/5.0 (Macintosh; Intel Mac OS X 13_6_1; rv:121.0) Gecko/20100101 Firefox/121.0"
170.231.132.11 - - [13/May/2026:01:35:27 +0700] "GET /wp-admin/index.php HTTP/1.1" 200 1100 "https://win678p.net/wp-login.php" "Mozilla/5.0 (Windows NT 10.0; Win64; x64; rv:118.0) Gecko/20100101 Firefox/118.0"
170.231.132.11 - - [13/May/2026:01:35:28 +0700] "GET /wp-admin/profile.php HTTP/1.1" 200 1100 "https://win678p.net/wp-login.php" "Mozilla/5.0 (Windows NT 10.0; Win64; x64; rv:118.0) Gecko/20100101 Firefox/118.0"
170.231.132.11 - - [13/May/2026:01:35:28 +0700] "GET /wp-admin/edit.php HTTP/1.1" 200 1100 "https://win678p.net/wp-login.php" "Mozilla/5.0 (Windows NT 10.0; Win64; x64; rv:118.0) Gecko/20100101 Firefox/118.0"
170.231.132.11 - - [13/May/2026:01:35:28 +0700] "GET /wp-admin/plugins.php HTTP/1.1" 200 1100 "https://win678p.net/wp-login.php" "Mozilla/5.0 (Windows NT 10.0; Win64; x64; rv:118.0) Gecko/20100101 Firefox/118.0"
170.231.132.11 - - [13/May/2026:01:35:29 +0700] "POST /wp-login.php HTTP/1.1" 200 1100 "https://win678p.net/wp-login.php" "Mozilla/5.0 (Macintosh; Intel Mac OS X 13_6_1) AppleWebKit/537.36 (KHTML, like Gecko) Chrome/118.0.0.0 Safari/537.36"
170.231.132.11 - - [13/May/2026:01:35:29 +0700] "GET /wp-admin/index.php HTTP/1.1" 200 1100 "https://win678p.net/wp-login.php" "Mozilla/5.0 (Macintosh; Intel Mac OS X 10_15_7) AppleWebKit/537.36 (KHTML, like Gecko) Chrome/118.0.0.0 Safari/537.36"
170.231.132.11 - - [13/May/2026:01:35:29 +0700] "GET /wp-admin/profile.php HTTP/1.1" 200 1100 "https://win678p.net/wp-login.php" "Mozilla/5.0 (Macintosh; Intel Mac OS X 10_15_7) AppleWebKit/537.36 (KHTML, like Gecko) Chrome/118.0.0.0 Safari/537.36"
170.231.132.11 - - [13/May/2026:01:35:30 +0700] "GET /wp-admin/edit.php HTTP/1.1" 200 1100 "https://win678p.net/wp-login.php" "Mozilla/5.0 (Macintosh; Intel Mac OS X 10_15_7) AppleWebKit/537.36 (KHTML, like Gecko) Chrome/118.0.0.0 Safari/537.36"
170.231.132.11 - - [13/May/2026:01:35:30 +0700] "GET /wp-admin/plugins.php HTTP/1.1" 200 1100 "https://win678p.net/wp-login.php" "Mozilla/5.0 (Macintosh; Intel Mac OS X 10_15_7) AppleWebKit/537.36 (KHTML, like Gecko) Chrome/118.0.0.0 Safari/537.36"
170.231.132.11 - - [13/May/2026:01:35:30 +0700] "POST /wp-login.php HTTP/1.1" 200 1100 "https://win678p.net/wp-login.php" "Mozilla/5.0 (Macintosh; Intel Mac OS X 13_6_1) AppleWebKit/605.1.15 (KHTML, like Gecko) Version/17.1 Safari/605.1.15"
170.231.132.11 - - [13/May/2026:01:35:31 +0700] "GET /wp-admin/index.php HTTP/1.1" 200 1100 "https://win678p.net/wp-login.php" "Mozilla/5.0 (Macintosh; Intel Mac OS X 13_6_1) AppleWebKit/537.36 (KHTML, like Gecko) Chrome/120.0.0.0 Safari/537.36"
170.231.132.11 - - [13/May/2026:01:35:31 +0700] "GET /wp-admin/profile.php HTTP/1.1" 200 1100 "https://win678p.net/wp-login.php" "Mozilla/5.0 (Macintosh; Intel Mac OS X 13_6_1) AppleWebKit/537.36 (KHTML, like Gecko) Chrome/120.0.0.0 Safari/537.36"
170.231.132.11 - - [13/May/2026:01:35:31 +0700] "GET /wp-admin/edit.php HTTP/1.1" 200 1100 "https://win678p.net/wp-login.php" "Mozilla/5.0 (Macintosh; Intel Mac OS X 13_6_1) AppleWebKit/537.36 (KHTML, like Gecko) Chrome/120.0.0.0 Safari/537.36"
66.249.71.193 - - [13/May/2026:01:35:32 +0700] "GET /?goods/030047367 HTTP/1.1" 200 1100 "-" "Mozilla/5.0 (Linux; Android 6.0.1; Nexus 5X Build/MMB29P) AppleWebKit/537.36 (KHTML, like Gecko) Chrome/147.0.7727.137 Mobile Safari/537.36 (compatible; Googlebot/2.1; +http://www.google.com/bot.html)"
170.231.132.11 - - [13/May/2026:01:35:32 +0700] "GET /wp-admin/plugins.php HTTP/1.1" 200 1100 "https://win678p.net/wp-login.php" "Mozilla/5.0 (Macintosh; Intel Mac OS X 13_6_1) AppleWebKit/537.36 (KHTML, like Gecko) Chrome/120.0.0.0 Safari/537.36"
170.231.132.11 - - [13/May/2026:01:35:32 +0700] "POST /wp-login.php HTTP/1.1" 200 1100 "https://win678p.net/wp-login.php" "Mozilla/5.0 (Windows NT 11.0; Win64; x64) AppleWebKit/537.36 (KHTML, like Gecko) Chrome/121.0.0.0 Safari/537.36"
170.231.132.11 - - [13/May/2026:01:35:32 +0700] "GET /wp-admin/index.php HTTP/1.1" 200 1100 "https://win678p.net/wp-login.php" "Mozilla/5.0 (Windows NT 11.0; Win64; x64) AppleWebKit/537.36 (KHTML, like Gecko) Chrome/121.0.0.0 Safari/537.36"
170.231.132.11 - - [13/May/2026:01:35:33 +0700] "GET /wp-admin/profile.php HTTP/1.1" 200 1100 "https://win678p.net/wp-login.php" "Mozilla/5.0 (Windows NT 11.0; Win64; x64) AppleWebKit/537.36 (KHTML, like Gecko) Chrome/121.0.0.0 Safari/537.36"
170.231.132.11 - - [13/May/2026:01:35:33 +0700] "GET /wp-admin/edit.php HTTP/1.1" 200 1100 "https://win678p.net/wp-login.php" "Mozilla/5.0 (Windows NT 11.0; Win64; x64) AppleWebKit/537.36 (KHTML, like Gecko) Chrome/121.0.0.0 Safari/537.36"
170.231.132.11 - - [13/May/2026:01:35:34 +0700] "GET /wp-admin/plugins.php HTTP/1.1" 200 1100 "https://win678p.net/wp-login.php" "Mozilla/5.0 (Windows NT 11.0; Win64; x64) AppleWebKit/537.36 (KHTML, like Gecko) Chrome/121.0.0.0 Safari/537.36"
170.231.132.11 - - [13/May/2026:01:35:34 +0700] "POST /wp-login.php HTTP/1.1" 200 1100 "https://win678p.net/wp-login.php" "Mozilla/5.0 (X11; Linux x86_64) AppleWebKit/537.36 (KHTML, like Gecko) Chrome/119.0.0.0 Safari/537.36"
170.231.132.11 - - [13/May/2026:01:35:34 +0700] "GET /wp-admin/index.php HTTP/1.1" 200 1100 "https://win678p.net/wp-login.php" "Mozilla/5.0 (Windows NT 10.0; Win64; x64; rv:118.0) Gecko/20100101 Firefox/118.0"
170.231.132.11 - - [13/May/2026:01:35:35 +0700] "GET /wp-admin/profile.php HTTP/1.1" 200 1100 "https://win678p.net/wp-login.php" "Mozilla/5.0 (Windows NT 10.0; Win64; x64; rv:118.0) Gecko/20100101 Firefox/118.0"
170.231.132.11 - - [13/May/2026:01:35:35 +0700] "GET /wp-admin/edit.php HTTP/1.1" 200 1100 "https://win678p.net/wp-login.php" "Mozilla/5.0 (Windows NT 10.0; Win64; x64; rv:118.0) Gecko/20100101 Firefox/118.0"
170.231.132.11 - - [13/May/2026:01:35:35 +0700] "GET /wp-admin/plugins.php HTTP/1.1" 200 1100 "https://win678p.net/wp-login.php" "Mozilla/5.0 (Windows NT 10.0; Win64; x64; rv:118.0) Gecko/20100101 Firefox/118.0"
170.231.132.11 - - [13/May/2026:01:35:36 +0700] "POST /wp-login.php HTTP/1.1" 200 1100 "https://win678p.net/wp-login.php" "Mozilla/5.0 (Macintosh; Intel Mac OS X 13_6_1; rv:121.0) Gecko/20100101 Firefox/121.0"
170.231.132.11 - - [13/May/2026:01:35:36 +0700] "GET /wp-admin/index.php HTTP/1.1" 200 1100 "https://win678p.net/wp-login.php" "Mozilla/5.0 (Macintosh; Intel Mac OS X 13_6_1) AppleWebKit/605.1.15 (KHTML, like Gecko) Version/17.2 Safari/605.1.15"
170.231.132.11 - - [13/May/2026:01:35:36 +0700] "GET /wp-admin/profile.php HTTP/1.1" 200 1100 "https://win678p.net/wp-login.php" "Mozilla/5.0 (Macintosh; Intel Mac OS X 13_6_1) AppleWebKit/605.1.15 (KHTML, like Gecko) Version/17.2 Safari/605.1.15"
170.231.132.11 - - [13/May/2026:01:35:37 +0700] "GET /wp-admin/edit.php HTTP/1.1" 200 1100 "https://win678p.net/wp-login.php" "Mozilla/5.0 (Macintosh; Intel Mac OS X 13_6_1) AppleWebKit/605.1.15 (KHTML, like Gecko) Version/17.2 Safari/605.1.15"
66.249.70.7 - - [13/May/2026:01:35:37 +0700] "GET /?goods/085010008 HTTP/1.1" 200 1100 "-" "Mozilla/5.0 (Linux; Android 6.0.1; Nexus 5X Build/MMB29P) AppleWebKit/537.36 (KHTML, like Gecko) Chrome/147.0.7727.137 Mobile Safari/537.36 (compatible; Googlebot/2.1; +http://www.google.com/bot.html)"
170.231.132.11 - - [13/May/2026:01:35:37 +0700] "GET /wp-admin/plugins.php HTTP/1.1" 200 1100 "https://win678p.net/wp-login.php" "Mozilla/5.0 (Macintosh; Intel Mac OS X 13_6_1) AppleWebKit/605.1.15 (KHTML, like Gecko) Version/17.2 Safari/605.1.15"
170.231.132.11 - - [13/May/2026:01:35:37 +0700] "POST /wp-login.php HTTP/1.1" 200 1100 "https://win678p.net/wp-login.php" "Mozilla/5.0 (Windows NT 10.0; Win64; x64; rv:119.0) Gecko/20100101 Firefox/119.0"
170.231.132.11 - - [13/May/2026:01:35:38 +0700] "GET /wp-admin/index.php HTTP/1.1" 200 1100 "https://win678p.net/wp-login.php" "Mozilla/5.0 (Windows NT 11.0; Win64; x64) AppleWebKit/537.36 (KHTML, like Gecko) Chrome/120.0.0.0 Safari/537.36"
170.231.132.11 - - [13/May/2026:01:35:38 +0700] "GET /wp-admin/profile.php HTTP/1.1" 200 1100 "https://win678p.net/wp-login.php" "Mozilla/5.0 (Windows NT 11.0; Win64; x64) AppleWebKit/537.36 (KHTML, like Gecko) Chrome/120.0.0.0 Safari/537.36"
170.231.132.11 - - [13/May/2026:01:35:38 +0700] "GET /wp-admin/edit.php HTTP/1.1" 200 1100 "https://win678p.net/wp-login.php" "Mozilla/5.0 (Windows NT 11.0; Win64; x64) AppleWebKit/537.36 (KHTML, like Gecko) Chrome/120.0.0.0 Safari/537.36"
170.231.132.11 - - [13/May/2026:01:35:39 +0700] "GET /wp-admin/plugins.php HTTP/1.1" 200 1100 "https://win678p.net/wp-login.php" "Mozilla/5.0 (Windows NT 11.0; Win64; x64) AppleWebKit/537.36 (KHTML, like Gecko) Chrome/120.0.0.0 Safari/537.36"
170.231.132.11 - - [13/May/2026:01:35:39 +0700] "POST /wp-login.php HTTP/1.1" 200 1100 "https://win678p.net/wp-login.php" "Mozilla/5.0 (Windows NT 11.0; Win64; x64; rv:119.0) Gecko/20100101 Firefox/119.0"
66.249.71.193 - - [13/May/2026:01:35:41 +0700] "GET /?goods/267005637 HTTP/1.1" 200 1100 "-" "Mozilla/5.0 (Linux; Android 6.0.1; Nexus 5X Build/MMB29P) AppleWebKit/537.36 (KHTML, like Gecko) Chrome/147.0.7727.137 Mobile Safari/537.36 (compatible; Googlebot/2.1; +http://www.google.com/bot.html)"
66.249.71.193 - - [13/May/2026:01:35:59 +0700] "GET /?goods/090000514 HTTP/1.1" 200 1100 "-" "Mozilla/5.0 (Linux; Android 6.0.1; Nexus 5X Build/MMB29P) AppleWebKit/537.36 (KHTML, like Gecko) Chrome/147.0.7727.137 Mobile Safari/537.36 (compatible; Googlebot/2.1; +http://www.google.com/bot.html)"
66.249.70.1 - - [13/May/2026:01:36:07 +0700] "GET /?goods/199036653 HTTP/1.1" 200 1100 "-" "Mozilla/5.0 (Linux; Android 6.0.1; Nexus 5X Build/MMB29P) AppleWebKit/537.36 (KHTML, like Gecko) Chrome/147.0.7727.137 Mobile Safari/537.36 (compatible; Googlebot/2.1; +http://www.google.com/bot.html)"
66.249.70.8 - - [13/May/2026:01:36:15 +0700] "GET /?detail/2550047741978 HTTP/1.1" 200 1100 "-" "Mozilla/5.0 (Linux; Android 6.0.1; Nexus 5X Build/MMB29P) AppleWebKit/537.36 (KHTML, like Gecko) Chrome/147.0.7727.137 Mobile Safari/537.36 (compatible; Googlebot/2.1; +http://www.google.com/bot.html)"
