20.9.82.33 - - [13/May/2026:00:59:29 +0700] "GET /yuzuru1.php HTTP/1.1" 401 36 "-" "-"
20.9.82.33 - - [13/May/2026:00:59:29 +0700] "GET /1a.php HTTP/1.1" 401 36 "-" "-"
20.9.82.33 - - [13/May/2026:00:59:30 +0700] "GET /gelio1.php HTTP/1.1" 401 36 "-" "-"
20.9.82.33 - - [13/May/2026:00:59:30 +0700] "GET /2.php HTTP/1.1" 401 36 "-" "-"
20.9.82.33 - - [13/May/2026:00:59:31 +0700] "GET /sky.php HTTP/1.1" 401 36 "-" "-"
20.9.82.33 - - [13/May/2026:00:59:31 +0700] "GET /wp-includes/theme-compat/wp-login.php HTTP/1.1" 401 36 "-" "-"
20.9.82.33 - - [13/May/2026:00:59:32 +0700] "GET /man.php HTTP/1.1" 401 36 "-" "-"
20.9.82.33 - - [13/May/2026:00:59:32 +0700] "GET /ws85.php HTTP/1.1" 401 36 "-" "-"
20.9.82.33 - - [13/May/2026:00:59:33 +0700] "GET /Sanskrit.php HTTP/1.1" 401 36 "-" "-"
20.9.82.33 - - [13/May/2026:00:59:33 +0700] "GET /ms-edit.php HTTP/1.1" 401 36 "-" "-"
20.9.82.33 - - [13/May/2026:00:59:34 +0700] "GET /dass.php HTTP/1.1" 401 36 "-" "-"
20.9.82.33 - - [13/May/2026:00:59:34 +0700] "GET /7.php HTTP/1.1" 401 36 "-" "-"
20.9.82.33 - - [13/May/2026:00:59:35 +0700] "GET /cu.php HTTP/1.1" 401 36 "-" "-"
20.9.82.33 - - [13/May/2026:00:59:35 +0700] "GET /ganja.php HTTP/1.1" 401 36 "-" "-"
20.9.82.33 - - [13/May/2026:00:59:35 +0700] "GET /pp.php HTTP/1.1" 401 36 "-" "-"
20.9.82.33 - - [13/May/2026:00:59:36 +0700] "GET /card.php HTTP/1.1" 401 36 "-" "-"
20.9.82.33 - - [13/May/2026:00:59:36 +0700] "GET /packsin1.php HTTP/1.1" 401 36 "-" "-"
20.9.82.33 - - [13/May/2026:00:59:37 +0700] "GET /wps.php HTTP/1.1" 401 36 "-" "-"
20.9.82.33 - - [13/May/2026:00:59:37 +0700] "GET /wgift1.php HTTP/1.1" 401 36 "-" "-"
20.9.82.33 - - [13/May/2026:00:59:39 +0700] "GET /mar.php HTTP/1.1" 401 36 "-" "-"
20.9.82.33 - - [13/May/2026:00:59:39 +0700] "GET /img.php HTTP/1.1" 401 36 "-" "-"
20.9.82.33 - - [13/May/2026:00:59:40 +0700] "GET /themes.php HTTP/1.1" 401 36 "-" "-"
20.9.82.33 - - [13/May/2026:00:59:40 +0700] "GET /acp.php HTTP/1.1" 401 36 "-" "-"
20.9.82.33 - - [13/May/2026:00:59:40 +0700] "GET /error_log.php HTTP/1.1" 401 36 "-" "-"
20.9.82.33 - - [13/May/2026:00:59:41 +0700] "GET /zdd.php HTTP/1.1" 401 36 "-" "-"
20.9.82.33 - - [13/May/2026:00:59:42 +0700] "GET /link.php HTTP/1.1" 401 36 "-" "-"
20.9.82.33 - - [13/May/2026:00:59:42 +0700] "GET /sallu.php HTTP/1.1" 401 36 "-" "-"
20.9.82.33 - - [13/May/2026:00:59:42 +0700] "GET /aboute.php HTTP/1.1" 401 36 "-" "-"
20.9.82.33 - - [13/May/2026:00:59:43 +0700] "GET /ayk.php HTTP/1.1" 401 36 "-" "-"
20.9.82.33 - - [13/May/2026:00:59:43 +0700] "GET /one.php HTTP/1.1" 401 36 "-" "-"
20.9.82.33 - - [13/May/2026:00:59:44 +0700] "GET /press.php HTTP/1.1" 401 36 "-" "-"
20.9.82.33 - - [13/May/2026:00:59:44 +0700] "GET /ng.php HTTP/1.1" 401 36 "-" "-"
20.9.82.33 - - [13/May/2026:00:59:45 +0700] "GET /tx79.php HTTP/1.1" 401 36 "-" "-"
20.9.82.33 - - [13/May/2026:00:59:45 +0700] "GET /wp-block.php HTTP/1.1" 401 36 "-" "-"
20.9.82.33 - - [13/May/2026:00:59:46 +0700] "GET /8.php HTTP/1.1" 401 36 "-" "-"
20.9.82.33 - - [13/May/2026:00:59:47 +0700] "GET /options.php HTTP/1.1" 401 36 "-" "-"
20.9.82.33 - - [13/May/2026:00:59:47 +0700] "GET /admlo.php HTTP/1.1" 401 36 "-" "-"
20.9.82.33 - - [13/May/2026:00:59:48 +0700] "GET /x=34.php HTTP/1.1" 401 36 "-" "-"
20.9.82.33 - - [13/May/2026:00:59:48 +0700] "GET /tramuibs.php HTTP/1.1" 401 36 "-" "-"
20.9.82.33 - - [13/May/2026:00:59:49 +0700] "GET /view.php HTTP/1.1" 401 36 "-" "-"
20.9.82.33 - - [13/May/2026:00:59:49 +0700] "GET /aa.php HTTP/1.1" 401 36 "-" "-"
20.9.82.33 - - [13/May/2026:00:59:50 +0700] "GET /x402.php HTTP/1.1" 401 36 "-" "-"
20.9.82.33 - - [13/May/2026:00:59:50 +0700] "GET /lib.php HTTP/1.1" 401 36 "-" "-"
20.9.82.33 - - [13/May/2026:00:59:51 +0700] "GET /ws78.php HTTP/1.1" 401 36 "-" "-"
20.9.82.33 - - [13/May/2026:00:59:51 +0700] "GET /f5.php HTTP/1.1" 401 36 "-" "-"
20.9.82.33 - - [13/May/2026:00:59:51 +0700] "GET /alpha.php HTTP/1.1" 401 36 "-" "-"
20.9.82.33 - - [13/May/2026:01:00:04 +0700] "GET /son1.php HTTP/1.1" 401 36 "-" "-"
20.9.82.33 - - [13/May/2026:01:00:15 +0700] "GET /ggb.php HTTP/1.1" 401 36 "-" "-"
20.9.82.33 - - [13/May/2026:01:00:15 +0700] "GET /amxloxxr.php HTTP/1.1" 401 36 "-" "-"
20.9.82.33 - - [13/May/2026:01:00:15 +0700] "GET /ss.php HTTP/1.1" 401 36 "-" "-"
20.9.82.33 - - [13/May/2026:01:00:16 +0700] "GET /sadcut1.php HTTP/1.1" 401 36 "-" "-"
20.9.82.33 - - [13/May/2026:01:00:17 +0700] "GET /rh.php HTTP/1.1" 401 36 "-" "-"
20.9.82.33 - - [13/May/2026:01:00:17 +0700] "GET /99.php HTTP/1.1" 401 36 "-" "-"
20.9.82.33 - - [13/May/2026:01:00:18 +0700] "GET /layout.php HTTP/1.1" 401 36 "-" "-"
20.9.82.33 - - [13/May/2026:01:00:18 +0700] "GET /12.php HTTP/1.1" 401 36 "-" "-"
20.9.82.33 - - [13/May/2026:01:00:20 +0700] "GET /fs.php HTTP/1.1" 401 36 "-" "-"
20.9.82.33 - - [13/May/2026:01:00:20 +0700] "GET /insta.php HTTP/1.1" 401 36 "-" "-"
20.9.82.33 - - [13/May/2026:01:00:21 +0700] "GET /simple.php HTTP/1.1" 401 36 "-" "-"
20.9.82.33 - - [13/May/2026:01:00:21 +0700] "GET /ws81.php HTTP/1.1" 401 36 "-" "-"
20.9.82.33 - - [13/May/2026:01:00:21 +0700] "GET /av.php HTTP/1.1" 401 36 "-" "-"
20.9.82.33 - - [13/May/2026:01:00:22 +0700] "GET /xfile25.php HTTP/1.1" 401 36 "-" "-"
20.9.82.33 - - [13/May/2026:01:00:23 +0700] "GET /wpxml.php HTTP/1.1" 401 36 "-" "-"
20.9.82.33 - - [13/May/2026:01:00:23 +0700] "GET /xstelth.php HTTP/1.1" 401 36 "-" "-"
20.9.82.33 - - [13/May/2026:01:00:23 +0700] "GET /min.php HTTP/1.1" 401 36 "-" "-"
20.9.82.33 - - [13/May/2026:01:00:24 +0700] "GET /geforce.php HTTP/1.1" 401 36 "-" "-"
20.9.82.33 - - [13/May/2026:01:00:25 +0700] "GET /moshou.php HTTP/1.1" 401 36 "-" "-"
66.249.70.196 - - [13/May/2026:01:00:25 +0700] "GET /?goods/051038574 HTTP/1.1" 200 162080 "-" "Mozilla/5.0 (Linux; Android 6.0.1; Nexus 5X Build/MMB29P) AppleWebKit/537.36 (KHTML, like Gecko) Chrome/147.0.7727.137 Mobile Safari/537.36 (compatible; Googlebot/2.1; +http://www.google.com/bot.html)"
46.4.28.29 - - [13/May/2026:01:02:06 +0700] "GET /buy.php?products/117026781 HTTP/1.1" 200 84445 "-" "Mozilla/5.0 (compatible; SERankingBacklinksBot/1.0; +https://seranking.com/backlinks-crawler)"
66.249.71.131 - - [13/May/2026:01:02:50 +0700] "GET /?jp/271029191.html HTTP/1.1" 200 160191 "-" "Mozilla/5.0 (Linux; Android 6.0.1; Nexus 5X Build/MMB29P) AppleWebKit/537.36 (KHTML, like Gecko) Chrome/147.0.7727.137 Mobile Safari/537.36 (compatible; Googlebot/2.1; +http://www.google.com/bot.html)"
66.249.70.197 - - [13/May/2026:01:03:55 +0700] "GET /?goods/107040917 HTTP/1.1" 200 153349 "-" "Mozilla/5.0 (Linux; Android 6.0.1; Nexus 5X Build/MMB29P) AppleWebKit/537.36 (KHTML, like Gecko) Chrome/147.0.7727.137 Mobile Safari/537.36 (compatible; Googlebot/2.1; +http://www.google.com/bot.html)"
46.4.28.29 - - [13/May/2026:01:05:26 +0700] "GET /items/shark/177038152.htm HTTP/1.1" 200 1096 "-" "Mozilla/5.0 (compatible; SERankingBacklinksBot/1.0; +https://seranking.com/backlinks-crawler)"
46.4.28.29 - - [13/May/2026:01:09:26 +0700] "GET /buy.php?products/117041207 HTTP/1.1" 200 72865 "-" "Mozilla/5.0 (compatible; SERankingBacklinksBot/1.0; +https://seranking.com/backlinks-crawler)"
66.249.70.197 - - [13/May/2026:01:09:46 +0700] "GET /?goods/117027066 HTTP/1.1" 200 155950 "-" "Mozilla/5.0 (Linux; Android 6.0.1; Nexus 5X Build/MMB29P) AppleWebKit/537.36 (KHTML, like Gecko) Chrome/147.0.7727.137 Mobile Safari/537.36 (compatible; Googlebot/2.1; +http://www.google.com/bot.html)"
66.249.71.133 - - [13/May/2026:01:12:30 +0700] "GET /?jp/057019392.html HTTP/1.1" 200 154262 "-" "Mozilla/5.0 (Linux; Android 6.0.1; Nexus 5X Build/MMB29P) AppleWebKit/537.36 (KHTML, like Gecko) Chrome/147.0.7727.137 Mobile Safari/537.36 (compatible; Googlebot/2.1; +http://www.google.com/bot.html)"
46.4.28.29 - - [13/May/2026:01:13:17 +0700] "GET /items/shark/212023971.htm HTTP/1.1" 200 1096 "-" "Mozilla/5.0 (compatible; SERankingBacklinksBot/1.0; +https://seranking.com/backlinks-crawler)"
66.249.70.196 - - [13/May/2026:01:14:35 +0700] "GET /?goods/275001439 HTTP/1.1" 200 158881 "-" "Mozilla/5.0 (Linux; Android 6.0.1; Nexus 5X Build/MMB29P) AppleWebKit/537.36 (KHTML, like Gecko) Chrome/147.0.7727.137 Mobile Safari/537.36 (compatible; Googlebot/2.1; +http://www.google.com/bot.html)"
66.249.70.196 - - [13/May/2026:01:14:42 +0700] "GET /?goods/088037478 HTTP/1.1" 200 172792 "-" "Mozilla/5.0 (Linux; Android 6.0.1; Nexus 5X Build/MMB29P) AppleWebKit/537.36 (KHTML, like Gecko) Chrome/147.0.7727.137 Mobile Safari/537.36 (compatible; Googlebot/2.1; +http://www.google.com/bot.html)"
74.7.228.6 - - [13/May/2026:01:15:04 +0700] "GET /robots.txt HTTP/1.1" 200 347 "-" "Mozilla/5.0 (Macintosh; Intel Mac OS X 10_15_7) AppleWebKit/537.36 (KHTML, like Gecko) Chrome/131.0.0.0 Safari/537.36; compatible; OAI-SearchBot/1.3; robots.txt; +https://openai.com/searchbot"
74.7.227.140 - - [13/May/2026:01:15:06 +0700] "GET / HTTP/1.1" 200 1096 "-" "Mozilla/5.0 AppleWebKit/537.36 (KHTML, like Gecko; compatible; GPTBot/1.3; +https://openai.com/gptbot)"
46.4.28.29 - - [13/May/2026:01:16:07 +0700] "GET /buy.php?products/118000102 HTTP/1.1" 200 104214 "-" "Mozilla/5.0 (compatible; SERankingBacklinksBot/1.0; +https://seranking.com/backlinks-crawler)"
77.75.76.171 - - [13/May/2026:01:16:26 +0700] "GET /sitemap698.xml HTTP/1.1" 200 528946 "-" "Mozilla/5.0 (compatible; SeznamBot/4.0; +https://o-seznam.cz/napoveda/vyhledavani/en/seznambot-crawler/)"
66.249.70.195 - - [13/May/2026:01:16:51 +0700] "GET /?goods/190017433 HTTP/1.1" 200 154200 "-" "Mozilla/5.0 (Linux; Android 6.0.1; Nexus 5X Build/MMB29P) AppleWebKit/537.36 (KHTML, like Gecko) Chrome/147.0.7727.137 Mobile Safari/537.36 (compatible; Googlebot/2.1; +http://www.google.com/bot.html)"
66.249.70.196 - - [13/May/2026:01:16:58 +0700] "GET /?goods/115026414 HTTP/1.1" 200 155195 "-" "Mozilla/5.0 (Linux; Android 6.0.1; Nexus 5X Build/MMB29P) AppleWebKit/537.36 (KHTML, like Gecko) Chrome/147.0.7727.137 Mobile Safari/537.36 (compatible; Googlebot/2.1; +http://www.google.com/bot.html)"
66.249.70.197 - - [13/May/2026:01:17:03 +0700] "GET /?jp/027047319.html HTTP/1.1" 200 158464 "-" "Mozilla/5.0 (Linux; Android 6.0.1; Nexus 5X Build/MMB29P) AppleWebKit/537.36 (KHTML, like Gecko) Chrome/147.0.7727.137 Mobile Safari/537.36 (compatible; Googlebot/2.1; +http://www.google.com/bot.html)"
66.249.70.196 - - [13/May/2026:01:17:20 +0700] "GET /?goods/180019956 HTTP/1.1" 200 150834 "-" "Mozilla/5.0 (Linux; Android 6.0.1; Nexus 5X Build/MMB29P) AppleWebKit/537.36 (KHTML, like Gecko) Chrome/147.0.7727.137 Mobile Safari/537.36 (compatible; Googlebot/2.1; +http://www.google.com/bot.html)"
66.249.70.197 - - [13/May/2026:01:18:08 +0700] "GET /?jp/280005364.html HTTP/1.1" 200 155553 "-" "Mozilla/5.0 (Linux; Android 6.0.1; Nexus 5X Build/MMB29P) AppleWebKit/537.36 (KHTML, like Gecko) Chrome/147.0.7727.137 Mobile Safari/537.36 (compatible; Googlebot/2.1; +http://www.google.com/bot.html)"
66.249.70.195 - - [13/May/2026:01:18:32 +0700] "GET /?detail/28800445954038 HTTP/1.1" 200 152941 "-" "Mozilla/5.0 (Linux; Android 6.0.1; Nexus 5X Build/MMB29P) AppleWebKit/537.36 (KHTML, like Gecko) Chrome/147.0.7727.137 Mobile Safari/537.36 (compatible; Googlebot/2.1; +http://www.google.com/bot.html)"
46.4.28.29 - - [13/May/2026:01:19:03 +0700] "GET /items/shark/214022547.htm HTTP/1.1" 200 1096 "-" "Mozilla/5.0 (compatible; SERankingBacklinksBot/1.0; +https://seranking.com/backlinks-crawler)"
66.249.70.197 - - [13/May/2026:01:19:16 +0700] "GET /?goods/262012561 HTTP/1.1" 200 149785 "-" "Mozilla/5.0 (Linux; Android 6.0.1; Nexus 5X Build/MMB29P) AppleWebKit/537.36 (KHTML, like Gecko) Chrome/147.0.7727.137 Mobile Safari/537.36 (compatible; Googlebot/2.1; +http://www.google.com/bot.html)"
66.249.70.196 - - [13/May/2026:01:19:42 +0700] "GET /?goods/109030120 HTTP/1.1" 200 158597 "-" "Mozilla/5.0 (Linux; Android 6.0.1; Nexus 5X Build/MMB29P) AppleWebKit/537.36 (KHTML, like Gecko) Chrome/147.0.7727.137 Mobile Safari/537.36 (compatible; Googlebot/2.1; +http://www.google.com/bot.html)"
66.249.71.131 - - [13/May/2026:01:20:20 +0700] "GET /?goods/192013407 HTTP/1.1" 200 160271 "-" "Mozilla/5.0 (Linux; Android 6.0.1; Nexus 5X Build/MMB29P) AppleWebKit/537.36 (KHTML, like Gecko) Chrome/147.0.7727.137 Mobile Safari/537.36 (compatible; Googlebot/2.1; +http://www.google.com/bot.html)"
66.249.70.196 - - [13/May/2026:01:20:27 +0700] "GET /?jp/210041046.html HTTP/1.1" 200 161632 "-" "Mozilla/5.0 (Linux; Android 6.0.1; Nexus 5X Build/MMB29P) AppleWebKit/537.36 (KHTML, like Gecko) Chrome/147.0.7727.137 Mobile Safari/537.36 (compatible; Googlebot/2.1; +http://www.google.com/bot.html)"
66.249.71.131 - - [13/May/2026:01:20:51 +0700] "GET /?jp/266049144.html HTTP/1.1" 200 156140 "-" "Mozilla/5.0 (Linux; Android 6.0.1; Nexus 5X Build/MMB29P) AppleWebKit/537.36 (KHTML, like Gecko) Chrome/147.0.7727.137 Mobile Safari/537.36 (compatible; Googlebot/2.1; +http://www.google.com/bot.html)"
66.249.70.196 - - [13/May/2026:01:21:27 +0700] "GET /?jp/146013952.html HTTP/1.1" 200 156755 "-" "Mozilla/5.0 (Linux; Android 6.0.1; Nexus 5X Build/MMB29P) AppleWebKit/537.36 (KHTML, like Gecko) Chrome/147.0.7727.137 Mobile Safari/537.36 (compatible; Googlebot/2.1; +http://www.google.com/bot.html)"
66.249.71.132 - - [13/May/2026:01:21:31 +0700] "GET /?jp/195013683.html HTTP/1.1" 200 150985 "-" "Mozilla/5.0 (Linux; Android 6.0.1; Nexus 5X Build/MMB29P) AppleWebKit/537.36 (KHTML, like Gecko) Chrome/147.0.7727.137 Mobile Safari/537.36 (compatible; Googlebot/2.1; +http://www.google.com/bot.html)"
66.249.70.195 - - [13/May/2026:01:21:38 +0700] "GET /?detail/025033816446 HTTP/1.1" 200 153505 "-" "Mozilla/5.0 (Linux; Android 6.0.1; Nexus 5X Build/MMB29P) AppleWebKit/537.36 (KHTML, like Gecko) Chrome/147.0.7727.137 Mobile Safari/537.36 (compatible; Googlebot/2.1; +http://www.google.com/bot.html)"
66.249.71.131 - - [13/May/2026:01:21:53 +0700] "GET /?goods/227033750 HTTP/1.1" 200 162734 "-" "Mozilla/5.0 (Linux; Android 6.0.1; Nexus 5X Build/MMB29P) AppleWebKit/537.36 (KHTML, like Gecko) Chrome/147.0.7727.137 Mobile Safari/537.36 (compatible; Googlebot/2.1; +http://www.google.com/bot.html)"
66.249.71.132 - - [13/May/2026:01:22:07 +0700] "GET /?goods/173040900 HTTP/1.1" 200 158492 "-" "Mozilla/5.0 (Linux; Android 6.0.1; Nexus 5X Build/MMB29P) AppleWebKit/537.36 (KHTML, like Gecko) Chrome/147.0.7727.137 Mobile Safari/537.36 (compatible; Googlebot/2.1; +http://www.google.com/bot.html)"
46.4.28.29 - - [13/May/2026:01:22:21 +0700] "GET /buy.php?products/118000380 HTTP/1.1" 200 80161 "-" "Mozilla/5.0 (compatible; SERankingBacklinksBot/1.0; +https://seranking.com/backlinks-crawler)"
66.249.70.196 - - [13/May/2026:01:22:31 +0700] "GET /?jp/040023963.html HTTP/1.1" 200 154826 "-" "Mozilla/5.0 (Linux; Android 6.0.1; Nexus 5X Build/MMB29P) AppleWebKit/537.36 (KHTML, like Gecko) Chrome/147.0.7727.137 Mobile Safari/537.36 (compatible; Googlebot/2.1; +http://www.google.com/bot.html)"
66.249.70.195 - - [13/May/2026:01:22:35 +0700] "GET /?goods/041047698 HTTP/1.1" 200 153179 "-" "Mozilla/5.0 (Linux; Android 6.0.1; Nexus 5X Build/MMB29P) AppleWebKit/537.36 (KHTML, like Gecko) Chrome/147.0.7727.137 Mobile Safari/537.36 (compatible; Googlebot/2.1; +http://www.google.com/bot.html)"
66.249.70.197 - - [13/May/2026:01:23:01 +0700] "GET /?jp/282010454.html HTTP/1.1" 200 152387 "-" "Mozilla/5.0 (Linux; Android 6.0.1; Nexus 5X Build/MMB29P) AppleWebKit/537.36 (KHTML, like Gecko) Chrome/147.0.7727.137 Mobile Safari/537.36 (compatible; Googlebot/2.1; +http://www.google.com/bot.html)"
66.249.70.196 - - [13/May/2026:01:23:33 +0700] "GET /?goods/142023023 HTTP/1.1" 200 177429 "-" "Mozilla/5.0 (Linux; Android 6.0.1; Nexus 5X Build/MMB29P) AppleWebKit/537.36 (KHTML, like Gecko) Chrome/147.0.7727.137 Mobile Safari/537.36 (compatible; Googlebot/2.1; +http://www.google.com/bot.html)"
66.249.70.195 - - [13/May/2026:01:23:45 +0700] "GET /?goods/184039064 HTTP/1.1" 200 150993 "-" "Mozilla/5.0 (Linux; Android 6.0.1; Nexus 5X Build/MMB29P) AppleWebKit/537.36 (KHTML, like Gecko) Chrome/147.0.7727.137 Mobile Safari/537.36 (compatible; Googlebot/2.1; +http://www.google.com/bot.html)"
66.249.71.131 - - [13/May/2026:01:23:53 +0700] "GET /?goods/240044071 HTTP/1.1" 200 154781 "-" "Mozilla/5.0 (Linux; Android 6.0.1; Nexus 5X Build/MMB29P) AppleWebKit/537.36 (KHTML, like Gecko) Chrome/147.0.7727.137 Mobile Safari/537.36 (compatible; Googlebot/2.1; +http://www.google.com/bot.html)"
148.113.128.158 - - [13/May/2026:01:24:00 +0700] "GET /?sitemap348.xml HTTP/1.1" 200 13 "-" "Mozilla/5.0 (compatible; AhrefsBot/7.0; +http://ahrefs.com/robot/)"
66.249.71.131 - - [13/May/2026:01:24:09 +0700] "GET /?jp/038049454.html HTTP/1.1" 200 154397 "-" "Mozilla/5.0 (Linux; Android 6.0.1; Nexus 5X Build/MMB29P) AppleWebKit/537.36 (KHTML, like Gecko) Chrome/147.0.7727.137 Mobile Safari/537.36 (compatible; Googlebot/2.1; +http://www.google.com/bot.html)"
66.249.70.195 - - [13/May/2026:01:24:49 +0700] "GET /?jp/062030271.html HTTP/1.1" 200 155333 "-" "Mozilla/5.0 (Linux; Android 6.0.1; Nexus 5X Build/MMB29P) AppleWebKit/537.36 (KHTML, like Gecko) Chrome/147.0.7727.137 Mobile Safari/537.36 (compatible; Googlebot/2.1; +http://www.google.com/bot.html)"
66.249.70.195 - - [13/May/2026:01:24:52 +0700] "GET /?goods/187026863 HTTP/1.1" 200 153042 "-" "Mozilla/5.0 (Linux; Android 6.0.1; Nexus 5X Build/MMB29P) AppleWebKit/537.36 (KHTML, like Gecko) Chrome/147.0.7727.137 Mobile Safari/537.36 (compatible; Googlebot/2.1; +http://www.google.com/bot.html)"
46.4.28.29 - - [13/May/2026:01:25:15 +0700] "GET /items/sharp/101009274.htm HTTP/1.1" 200 1096 "-" "Mozilla/5.0 (compatible; SERankingBacklinksBot/1.0; +https://seranking.com/backlinks-crawler)"
66.249.70.196 - - [13/May/2026:01:25:18 +0700] "GET /?goods/282021803 HTTP/1.1" 200 154847 "-" "Mozilla/5.0 (Linux; Android 6.0.1; Nexus 5X Build/MMB29P) AppleWebKit/537.36 (KHTML, like Gecko) Chrome/147.0.7727.137 Mobile Safari/537.36 (compatible; Googlebot/2.1; +http://www.google.com/bot.html)"
66.249.70.195 - - [13/May/2026:01:26:07 +0700] "GET /?goods/092002259 HTTP/1.1" 200 149765 "-" "Mozilla/5.0 (Linux; Android 6.0.1; Nexus 5X Build/MMB29P) AppleWebKit/537.36 (KHTML, like Gecko) Chrome/147.0.7727.137 Mobile Safari/537.36 (compatible; Googlebot/2.1; +http://www.google.com/bot.html)"
66.249.71.131 - - [13/May/2026:01:26:25 +0700] "GET /?goods/038009802 HTTP/1.1" 200 149120 "-" "Mozilla/5.0 (Linux; Android 6.0.1; Nexus 5X Build/MMB29P) AppleWebKit/537.36 (KHTML, like Gecko) Chrome/147.0.7727.137 Mobile Safari/537.36 (compatible; Googlebot/2.1; +http://www.google.com/bot.html)"
66.249.71.133 - - [13/May/2026:01:27:10 +0700] "GET /?goods/098047363 HTTP/1.1" 200 161833 "-" "Mozilla/5.0 (Linux; Android 6.0.1; Nexus 5X Build/MMB29P) AppleWebKit/537.36 (KHTML, like Gecko) Chrome/147.0.7727.137 Mobile Safari/537.36 (compatible; Googlebot/2.1; +http://www.google.com/bot.html)"
66.249.70.196 - - [13/May/2026:01:27:11 +0700] "GET /?goods/198011200 HTTP/1.1" 200 153479 "-" "Mozilla/5.0 (Linux; Android 6.0.1; Nexus 5X Build/MMB29P) AppleWebKit/537.36 (KHTML, like Gecko) Chrome/147.0.7727.137 Mobile Safari/537.36 (compatible; Googlebot/2.1; +http://www.google.com/bot.html)"
66.249.70.197 - - [13/May/2026:01:27:15 +0700] "GET /?goods/118012228 HTTP/1.1" 200 153420 "-" "Mozilla/5.0 (Linux; Android 6.0.1; Nexus 5X Build/MMB29P) AppleWebKit/537.36 (KHTML, like Gecko) Chrome/147.0.7727.137 Mobile Safari/537.36 (compatible; Googlebot/2.1; +http://www.google.com/bot.html)"
216.73.216.107 - - [13/May/2026:01:27:33 +0700] "GET /robots.txt HTTP/1.1" 200 347 "-" "Mozilla/5.0 AppleWebKit/537.36 (KHTML, like Gecko; compatible; ClaudeBot/1.0; +claudebot@anthropic.com)"
216.73.216.107 - - [13/May/2026:01:27:34 +0700] "GET /buy.php HTTP/1.1" 200 78136 "-" "Mozilla/5.0 AppleWebKit/537.36 (KHTML, like Gecko; compatible; ClaudeBot/1.0; +claudebot@anthropic.com)"
66.249.70.195 - - [13/May/2026:01:27:45 +0700] "GET /?goods/292021774 HTTP/1.1" 200 152163 "-" "Mozilla/5.0 (Linux; Android 6.0.1; Nexus 5X Build/MMB29P) AppleWebKit/537.36 (KHTML, like Gecko) Chrome/147.0.7727.137 Mobile Safari/537.36 (compatible; Googlebot/2.1; +http://www.google.com/bot.html)"
46.4.28.29 - - [13/May/2026:01:27:48 +0700] "GET /buy.php?products/118001820 HTTP/1.1" 200 80808 "-" "Mozilla/5.0 (compatible; SERankingBacklinksBot/1.0; +https://seranking.com/backlinks-crawler)"
66.249.71.131 - - [13/May/2026:01:28:46 +0700] "GET /?goods/239014782 HTTP/1.1" 200 156028 "-" "Mozilla/5.0 (Linux; Android 6.0.1; Nexus 5X Build/MMB29P) AppleWebKit/537.36 (KHTML, like Gecko) Chrome/147.0.7727.137 Mobile Safari/537.36 (compatible; Googlebot/2.1; +http://www.google.com/bot.html)"
66.249.71.131 - - [13/May/2026:01:29:25 +0700] "GET /?goods/298003636 HTTP/1.1" 200 152353 "-" "Mozilla/5.0 (Linux; Android 6.0.1; Nexus 5X Build/MMB29P) AppleWebKit/537.36 (KHTML, like Gecko) Chrome/147.0.7727.137 Mobile Safari/537.36 (compatible; Googlebot/2.1; +http://www.google.com/bot.html)"
66.249.70.196 - - [13/May/2026:01:29:46 +0700] "GET /?goods/236009794 HTTP/1.1" 200 149379 "-" "Mozilla/5.0 (Linux; Android 6.0.1; Nexus 5X Build/MMB29P) AppleWebKit/537.36 (KHTML, like Gecko) Chrome/147.0.7727.137 Mobile Safari/537.36 (compatible; Googlebot/2.1; +http://www.google.com/bot.html)"
66.249.70.197 - - [13/May/2026:01:30:37 +0700] "GET /?goods/257046695 HTTP/1.1" 200 164004 "-" "Mozilla/5.0 (Linux; Android 6.0.1; Nexus 5X Build/MMB29P) AppleWebKit/537.36 (KHTML, like Gecko) Chrome/147.0.7727.137 Mobile Safari/537.36 (compatible; Googlebot/2.1; +http://www.google.com/bot.html)"
66.249.70.197 - - [13/May/2026:01:31:12 +0700] "GET /?goods/066020908 HTTP/1.1" 200 155733 "-" "Mozilla/5.0 (Linux; Android 6.0.1; Nexus 5X Build/MMB29P) AppleWebKit/537.36 (KHTML, like Gecko) Chrome/147.0.7727.137 Mobile Safari/537.36 (compatible; Googlebot/2.1; +http://www.google.com/bot.html)"
66.249.70.197 - - [13/May/2026:01:31:14 +0700] "GET /?goods/105017825 HTTP/1.1" 200 180021 "-" "Mozilla/5.0 (Linux; Android 6.0.1; Nexus 5X Build/MMB29P) AppleWebKit/537.36 (KHTML, like Gecko) Chrome/147.0.7727.137 Mobile Safari/537.36 (compatible; Googlebot/2.1; +http://www.google.com/bot.html)"
216.73.216.107 - - [13/May/2026:01:31:24 +0700] "GET / HTTP/1.1" 200 1096 "-" "Mozilla/5.0 AppleWebKit/537.36 (KHTML, like Gecko; compatible; ClaudeBot/1.0; +claudebot@anthropic.com)"
66.249.71.132 - - [13/May/2026:01:31:25 +0700] "GET /?detail/2740337457332 HTTP/1.1" 200 155132 "-" "Mozilla/5.0 (Linux; Android 6.0.1; Nexus 5X Build/MMB29P) AppleWebKit/537.36 (KHTML, like Gecko) Chrome/147.0.7727.137 Mobile Safari/537.36 (compatible; Googlebot/2.1; +http://www.google.com/bot.html)"
66.249.70.197 - - [13/May/2026:01:31:41 +0700] "GET /?goods/111028506 HTTP/1.1" 200 150527 "-" "Mozilla/5.0 (Linux; Android 6.0.1; Nexus 5X Build/MMB29P) AppleWebKit/537.36 (KHTML, like Gecko) Chrome/147.0.7727.137 Mobile Safari/537.36 (compatible; Googlebot/2.1; +http://www.google.com/bot.html)"
46.4.28.29 - - [13/May/2026:01:31:49 +0700] "GET /items/sharp/183013940.htm HTTP/1.1" 200 1096 "-" "Mozilla/5.0 (compatible; SERankingBacklinksBot/1.0; +https://seranking.com/backlinks-crawler)"
66.249.70.197 - - [13/May/2026:01:32:21 +0700] "GET /?jp/118048205.html HTTP/1.1" 200 156401 "-" "Mozilla/5.0 (Linux; Android 6.0.1; Nexus 5X Build/MMB29P) AppleWebKit/537.36 (KHTML, like Gecko) Chrome/147.0.7727.137 Mobile Safari/537.36 (compatible; Googlebot/2.1; +http://www.google.com/bot.html)"
66.249.70.196 - - [13/May/2026:01:32:25 +0700] "GET /?jp/055040653.html HTTP/1.1" 200 155982 "-" "Mozilla/5.0 (Linux; Android 6.0.1; Nexus 5X Build/MMB29P) AppleWebKit/537.36 (KHTML, like Gecko) Chrome/147.0.7727.137 Mobile Safari/537.36 (compatible; Googlebot/2.1; +http://www.google.com/bot.html)"
66.249.70.195 - - [13/May/2026:01:32:25 +0700] "GET /?goods/007016173 HTTP/1.1" 200 155131 "-" "Mozilla/5.0 (Linux; Android 6.0.1; Nexus 5X Build/MMB29P) AppleWebKit/537.36 (KHTML, like Gecko) Chrome/147.0.7727.137 Mobile Safari/537.36 (compatible; Googlebot/2.1; +http://www.google.com/bot.html)"
66.249.70.196 - - [13/May/2026:01:32:39 +0700] "GET /?goods/176004354 HTTP/1.1" 200 155140 "-" "Mozilla/5.0 (Linux; Android 6.0.1; Nexus 5X Build/MMB29P) AppleWebKit/537.36 (KHTML, like Gecko) Chrome/147.0.7727.137 Mobile Safari/537.36 (compatible; Googlebot/2.1; +http://www.google.com/bot.html)"
66.249.70.196 - - [13/May/2026:01:32:41 +0700] "GET /?goods/280048852 HTTP/1.1" 200 167070 "-" "Mozilla/5.0 (Linux; Android 6.0.1; Nexus 5X Build/MMB29P) AppleWebKit/537.36 (KHTML, like Gecko) Chrome/147.0.7727.137 Mobile Safari/537.36 (compatible; Googlebot/2.1; +http://www.google.com/bot.html)"
66.249.71.132 - - [13/May/2026:01:33:32 +0700] "GET /?goods/183008124 HTTP/1.1" 200 154243 "-" "Mozilla/5.0 (Linux; Android 6.0.1; Nexus 5X Build/MMB29P) AppleWebKit/537.36 (KHTML, like Gecko) Chrome/147.0.7727.137 Mobile Safari/537.36 (compatible; Googlebot/2.1; +http://www.google.com/bot.html)"
66.249.70.195 - - [13/May/2026:01:33:38 +0700] "GET /?goods/111007649 HTTP/1.1" 200 158901 "-" "Mozilla/5.0 (Linux; Android 6.0.1; Nexus 5X Build/MMB29P) AppleWebKit/537.36 (KHTML, like Gecko) Chrome/147.0.7727.137 Mobile Safari/537.36 (compatible; Googlebot/2.1; +http://www.google.com/bot.html)"
66.249.70.195 - - [13/May/2026:01:33:44 +0700] "GET /?goods/074023134 HTTP/1.1" 200 157498 "-" "Mozilla/5.0 (Linux; Android 6.0.1; Nexus 5X Build/MMB29P) AppleWebKit/537.36 (KHTML, like Gecko) Chrome/147.0.7727.137 Mobile Safari/537.36 (compatible; Googlebot/2.1; +http://www.google.com/bot.html)"
66.249.70.195 - - [13/May/2026:01:33:57 +0700] "GET /?goods/161035216 HTTP/1.1" 200 153469 "-" "Mozilla/5.0 (Linux; Android 6.0.1; Nexus 5X Build/MMB29P) AppleWebKit/537.36 (KHTML, like Gecko) Chrome/147.0.7727.137 Mobile Safari/537.36 (compatible; Googlebot/2.1; +http://www.google.com/bot.html)"
66.249.71.131 - - [13/May/2026:01:33:59 +0700] "GET /?detail/23803054480928 HTTP/1.1" 200 152116 "-" "Mozilla/5.0 (Linux; Android 6.0.1; Nexus 5X Build/MMB29P) AppleWebKit/537.36 (KHTML, like Gecko) Chrome/147.0.7727.137 Mobile Safari/537.36 (compatible; Googlebot/2.1; +http://www.google.com/bot.html)"
66.249.71.131 - - [13/May/2026:01:34:30 +0700] "GET /?goods/045036385 HTTP/1.1" 200 153845 "-" "Mozilla/5.0 (Linux; Android 6.0.1; Nexus 5X Build/MMB29P) AppleWebKit/537.36 (KHTML, like Gecko) Chrome/147.0.7727.137 Mobile Safari/537.36 (compatible; Googlebot/2.1; +http://www.google.com/bot.html)"
66.249.70.195 - - [13/May/2026:01:34:40 +0700] "GET /?jp/033006746.html HTTP/1.1" 200 148997 "-" "Mozilla/5.0 (Linux; Android 6.0.1; Nexus 5X Build/MMB29P) AppleWebKit/537.36 (KHTML, like Gecko) Chrome/147.0.7727.137 Mobile Safari/537.36 (compatible; Googlebot/2.1; +http://www.google.com/bot.html)"
66.249.70.195 - - [13/May/2026:01:34:41 +0700] "GET /?goods/275029755 HTTP/1.1" 200 148669 "-" "Mozilla/5.0 (Linux; Android 6.0.1; Nexus 5X Build/MMB29P) AppleWebKit/537.36 (KHTML, like Gecko) Chrome/147.0.7727.137 Mobile Safari/537.36 (compatible; Googlebot/2.1; +http://www.google.com/bot.html)"
66.249.70.196 - - [13/May/2026:01:35:06 +0700] "GET /?detail/18101134071218 HTTP/1.1" 200 151286 "-" "Mozilla/5.0 (Linux; Android 6.0.1; Nexus 5X Build/MMB29P) AppleWebKit/537.36 (KHTML, like Gecko) Chrome/147.0.7727.137 Mobile Safari/537.36 (compatible; Googlebot/2.1; +http://www.google.com/bot.html)"
66.249.71.133 - - [13/May/2026:01:35:08 +0700] "GET /?detail/0690141138316 HTTP/1.1" 200 159675 "-" "Mozilla/5.0 (Linux; Android 6.0.1; Nexus 5X Build/MMB29P) AppleWebKit/537.36 (KHTML, like Gecko) Chrome/147.0.7727.137 Mobile Safari/537.36 (compatible; Googlebot/2.1; +http://www.google.com/bot.html)"
66.249.71.132 - - [13/May/2026:01:35:35 +0700] "GET /?goods/096019864 HTTP/1.1" 200 151027 "-" "Mozilla/5.0 (Linux; Android 6.0.1; Nexus 5X Build/MMB29P) AppleWebKit/537.36 (KHTML, like Gecko) Chrome/147.0.7727.137 Mobile Safari/537.36 (compatible; Googlebot/2.1; +http://www.google.com/bot.html)"
66.249.70.195 - - [13/May/2026:01:35:40 +0700] "GET /?goods/117010657 HTTP/1.1" 200 154676 "-" "Mozilla/5.0 (Linux; Android 6.0.1; Nexus 5X Build/MMB29P) AppleWebKit/537.36 (KHTML, like Gecko) Chrome/147.0.7727.137 Mobile Safari/537.36 (compatible; Googlebot/2.1; +http://www.google.com/bot.html)"
66.249.70.195 - - [13/May/2026:01:35:48 +0700] "GET /?goods/217016681 HTTP/1.1" 200 150579 "-" "Mozilla/5.0 (Linux; Android 6.0.1; Nexus 5X Build/MMB29P) AppleWebKit/537.36 (KHTML, like Gecko) Chrome/147.0.7727.137 Mobile Safari/537.36 (compatible; Googlebot/2.1; +http://www.google.com/bot.html)"
46.4.28.29 - - [13/May/2026:01:36:08 +0700] "GET /buy.php?products/118002064 HTTP/1.1" 200 85742 "-" "Mozilla/5.0 (compatible; SERankingBacklinksBot/1.0; +https://seranking.com/backlinks-crawler)"
66.249.70.196 - - [13/May/2026:01:36:08 +0700] "GET /?goods/078022856 HTTP/1.1" 200 150033 "-" "Mozilla/5.0 (Linux; Android 6.0.1; Nexus 5X Build/MMB29P) AppleWebKit/537.36 (KHTML, like Gecko) Chrome/147.0.7727.137 Mobile Safari/537.36 (compatible; Googlebot/2.1; +http://www.google.com/bot.html)"
216.73.216.107 - - [13/May/2026:01:36:19 +0700] "GET / HTTP/1.1" 200 1096 "-" "Mozilla/5.0 AppleWebKit/537.36 (KHTML, like Gecko; compatible; ClaudeBot/1.0; +claudebot@anthropic.com)"
66.249.71.131 - - [13/May/2026:01:36:44 +0700] "GET /?goods/105001123 HTTP/1.1" 200 153700 "-" "Mozilla/5.0 (Linux; Android 6.0.1; Nexus 5X Build/MMB29P) AppleWebKit/537.36 (KHTML, like Gecko) Chrome/147.0.7727.137 Mobile Safari/537.36 (compatible; Googlebot/2.1; +http://www.google.com/bot.html)"
66.249.71.132 - - [13/May/2026:01:36:54 +0700] "GET /?goods/194022492 HTTP/1.1" 200 158285 "-" "Mozilla/5.0 (Linux; Android 6.0.1; Nexus 5X Build/MMB29P) AppleWebKit/537.36 (KHTML, like Gecko) Chrome/147.0.7727.137 Mobile Safari/537.36 (compatible; Googlebot/2.1; +http://www.google.com/bot.html)"
66.249.71.132 - - [13/May/2026:01:37:04 +0700] "GET /?jp/060039310.html HTTP/1.1" 200 156440 "-" "Mozilla/5.0 (Linux; Android 6.0.1; Nexus 5X Build/MMB29P) AppleWebKit/537.36 (KHTML, like Gecko) Chrome/147.0.7727.137 Mobile Safari/537.36 (compatible; Googlebot/2.1; +http://www.google.com/bot.html)"
66.249.70.195 - - [13/May/2026:01:37:21 +0700] "GET /?detail/1860053056765 HTTP/1.1" 200 154216 "-" "Mozilla/5.0 (Linux; Android 6.0.1; Nexus 5X Build/MMB29P) AppleWebKit/537.36 (KHTML, like Gecko) Chrome/147.0.7727.137 Mobile Safari/537.36 (compatible; Googlebot/2.1; +http://www.google.com/bot.html)"
66.249.70.196 - - [13/May/2026:01:37:21 +0700] "GET /?goods/087009348 HTTP/1.1" 200 152475 "-" "Mozilla/5.0 (Linux; Android 6.0.1; Nexus 5X Build/MMB29P) AppleWebKit/537.36 (KHTML, like Gecko) Chrome/147.0.7727.137 Mobile Safari/537.36 (compatible; Googlebot/2.1; +http://www.google.com/bot.html)"
66.249.70.195 - - [13/May/2026:01:37:48 +0700] "GET /?jp/210011798.html HTTP/1.1" 200 152325 "-" "Mozilla/5.0 (Linux; Android 6.0.1; Nexus 5X Build/MMB29P) AppleWebKit/537.36 (KHTML, like Gecko) Chrome/147.0.7727.137 Mobile Safari/537.36 (compatible; Googlebot/2.1; +http://www.google.com/bot.html)"
66.249.70.195 - - [13/May/2026:01:38:01 +0700] "GET /?goods/275011768 HTTP/1.1" 200 162369 "-" "Mozilla/5.0 (Linux; Android 6.0.1; Nexus 5X Build/MMB29P) AppleWebKit/537.36 (KHTML, like Gecko) Chrome/147.0.7727.137 Mobile Safari/537.36 (compatible; Googlebot/2.1; +http://www.google.com/bot.html)"
66.249.70.196 - - [13/May/2026:01:38:05 +0700] "GET /?goods/096028125 HTTP/1.1" 200 162852 "-" "Mozilla/5.0 (Linux; Android 6.0.1; Nexus 5X Build/MMB29P) AppleWebKit/537.36 (KHTML, like Gecko) Chrome/147.0.7727.137 Mobile Safari/537.36 (compatible; Googlebot/2.1; +http://www.google.com/bot.html)"
66.249.70.195 - - [13/May/2026:01:38:12 +0700] "GET /?goods/045042931 HTTP/1.1" 200 156749 "-" "Mozilla/5.0 (Linux; Android 6.0.1; Nexus 5X Build/MMB29P) AppleWebKit/537.36 (KHTML, like Gecko) Chrome/147.0.7727.137 Mobile Safari/537.36 (compatible; Googlebot/2.1; +http://www.google.com/bot.html)"
66.249.70.195 - - [13/May/2026:01:38:29 +0700] "GET /?goods/073028586 HTTP/1.1" 200 152205 "-" "Mozilla/5.0 (Linux; Android 6.0.1; Nexus 5X Build/MMB29P) AppleWebKit/537.36 (KHTML, like Gecko) Chrome/147.0.7727.137 Mobile Safari/537.36 (compatible; Googlebot/2.1; +http://www.google.com/bot.html)"
66.249.70.195 - - [13/May/2026:01:38:34 +0700] "GET /?goods/218046979 HTTP/1.1" 200 150790 "-" "Mozilla/5.0 (Linux; Android 6.0.1; Nexus 5X Build/MMB29P) AppleWebKit/537.36 (KHTML, like Gecko) Chrome/147.0.7727.137 Mobile Safari/537.36 (compatible; Googlebot/2.1; +http://www.google.com/bot.html)"
66.249.70.195 - - [13/May/2026:01:39:01 +0700] "GET /?goods/133027378 HTTP/1.1" 200 160017 "-" "Mozilla/5.0 (Linux; Android 6.0.1; Nexus 5X Build/MMB29P) AppleWebKit/537.36 (KHTML, like Gecko) Chrome/147.0.7727.137 Mobile Safari/537.36 (compatible; Googlebot/2.1; +http://www.google.com/bot.html)"
66.249.70.196 - - [13/May/2026:01:39:03 +0700] "GET /?goods/128044802 HTTP/1.1" 200 150868 "-" "Mozilla/5.0 (Linux; Android 6.0.1; Nexus 5X Build/MMB29P) AppleWebKit/537.36 (KHTML, like Gecko) Chrome/147.0.7727.137 Mobile Safari/537.36 (compatible; Googlebot/2.1; +http://www.google.com/bot.html)"
66.249.70.195 - - [13/May/2026:01:39:07 +0700] "GET /?goods/068037742 HTTP/1.1" 200 152383 "-" "Mozilla/5.0 (Linux; Android 6.0.1; Nexus 5X Build/MMB29P) AppleWebKit/537.36 (KHTML, like Gecko) Chrome/147.0.7727.137 Mobile Safari/537.36 (compatible; Googlebot/2.1; +http://www.google.com/bot.html)"
66.249.71.131 - - [13/May/2026:01:39:22 +0700] "GET /?detail/2490454503397 HTTP/1.1" 200 151110 "-" "Mozilla/5.0 (Linux; Android 6.0.1; Nexus 5X Build/MMB29P) AppleWebKit/537.36 (KHTML, like Gecko) Chrome/147.0.7727.137 Mobile Safari/537.36 (compatible; Googlebot/2.1; +http://www.google.com/bot.html)"
66.249.71.131 - - [13/May/2026:01:39:26 +0700] "GET /?goods/265020139 HTTP/1.1" 200 150208 "-" "Mozilla/5.0 (Linux; Android 6.0.1; Nexus 5X Build/MMB29P) AppleWebKit/537.36 (KHTML, like Gecko) Chrome/147.0.7727.137 Mobile Safari/537.36 (compatible; Googlebot/2.1; +http://www.google.com/bot.html)"
46.4.28.29 - - [13/May/2026:01:39:59 +0700] "GET /items/sheep/012007483.htm HTTP/1.1" 200 1096 "-" "Mozilla/5.0 (compatible; SERankingBacklinksBot/1.0; +https://seranking.com/backlinks-crawler)"
66.249.70.197 - - [13/May/2026:01:40:20 +0700] "GET /?goods/037002365 HTTP/1.1" 200 152593 "-" "Mozilla/5.0 (Linux; Android 6.0.1; Nexus 5X Build/MMB29P) AppleWebKit/537.36 (KHTML, like Gecko) Chrome/147.0.7727.137 Mobile Safari/537.36 (compatible; Googlebot/2.1; +http://www.google.com/bot.html)"
66.249.70.195 - - [13/May/2026:01:40:22 +0700] "GET /?detail/0990111529375 HTTP/1.1" 200 153557 "-" "Mozilla/5.0 (Linux; Android 6.0.1; Nexus 5X Build/MMB29P) AppleWebKit/537.36 (KHTML, like Gecko) Chrome/147.0.7727.137 Mobile Safari/537.36 (compatible; Googlebot/2.1; +http://www.google.com/bot.html)"
66.249.70.196 - - [13/May/2026:01:40:39 +0700] "GET /?goods/295035747 HTTP/1.1" 200 155166 "-" "Mozilla/5.0 (Linux; Android 6.0.1; Nexus 5X Build/MMB29P) AppleWebKit/537.36 (KHTML, like Gecko) Chrome/147.0.7727.137 Mobile Safari/537.36 (compatible; Googlebot/2.1; +http://www.google.com/bot.html)"
66.249.70.195 - - [13/May/2026:01:41:13 +0700] "GET /?jp/202038334.html HTTP/1.1" 200 155755 "-" "Mozilla/5.0 (Linux; Android 6.0.1; Nexus 5X Build/MMB29P) AppleWebKit/537.36 (KHTML, like Gecko) Chrome/147.0.7727.137 Mobile Safari/537.36 (compatible; Googlebot/2.1; +http://www.google.com/bot.html)"
66.249.70.197 - - [13/May/2026:01:41:14 +0700] "GET /?goods/221038874 HTTP/1.1" 200 149792 "-" "Mozilla/5.0 (Linux; Android 6.0.1; Nexus 5X Build/MMB29P) AppleWebKit/537.36 (KHTML, like Gecko) Chrome/147.0.7727.137 Mobile Safari/537.36 (compatible; Googlebot/2.1; +http://www.google.com/bot.html)"
66.249.70.197 - - [13/May/2026:01:41:16 +0700] "GET /?jp/003031308.html HTTP/1.1" 200 164537 "-" "Mozilla/5.0 (Linux; Android 6.0.1; Nexus 5X Build/MMB29P) AppleWebKit/537.36 (KHTML, like Gecko) Chrome/147.0.7727.137 Mobile Safari/537.36 (compatible; Googlebot/2.1; +http://www.google.com/bot.html)"
66.249.70.195 - - [13/May/2026:01:41:46 +0700] "GET /?goods/185010433 HTTP/1.1" 200 156483 "-" "Mozilla/5.0 (Linux; Android 6.0.1; Nexus 5X Build/MMB29P) AppleWebKit/537.36 (KHTML, like Gecko) Chrome/147.0.7727.137 Mobile Safari/537.36 (compatible; Googlebot/2.1; +http://www.google.com/bot.html)"
66.249.70.197 - - [13/May/2026:01:41:48 +0700] "GET /?jp/216026668.html HTTP/1.1" 200 154104 "-" "Mozilla/5.0 (Linux; Android 6.0.1; Nexus 5X Build/MMB29P) AppleWebKit/537.36 (KHTML, like Gecko) Chrome/147.0.7727.137 Mobile Safari/537.36 (compatible; Googlebot/2.1; +http://www.google.com/bot.html)"
66.249.70.196 - - [13/May/2026:01:41:50 +0700] "GET /?goods/057001221 HTTP/1.1" 200 154691 "-" "Mozilla/5.0 (Linux; Android 6.0.1; Nexus 5X Build/MMB29P) AppleWebKit/537.36 (KHTML, like Gecko) Chrome/147.0.7727.137 Mobile Safari/537.36 (compatible; Googlebot/2.1; +http://www.google.com/bot.html)"
66.249.70.196 - - [13/May/2026:01:41:53 +0700] "GET /?detail/0500387054424 HTTP/1.1" 200 150674 "-" "Mozilla/5.0 (Linux; Android 6.0.1; Nexus 5X Build/MMB29P) AppleWebKit/537.36 (KHTML, like Gecko) Chrome/147.0.7727.137 Mobile Safari/537.36 (compatible; Googlebot/2.1; +http://www.google.com/bot.html)"
66.249.70.195 - - [13/May/2026:01:42:31 +0700] "GET /?goods/204028722 HTTP/1.1" 200 153157 "-" "Mozilla/5.0 (Linux; Android 6.0.1; Nexus 5X Build/MMB29P) AppleWebKit/537.36 (KHTML, like Gecko) Chrome/147.0.7727.137 Mobile Safari/537.36 (compatible; Googlebot/2.1; +http://www.google.com/bot.html)"
66.249.70.197 - - [13/May/2026:01:42:33 +0700] "GET /?jp/175002557.html HTTP/1.1" 200 164171 "-" "Mozilla/5.0 (Linux; Android 6.0.1; Nexus 5X Build/MMB29P) AppleWebKit/537.36 (KHTML, like Gecko) Chrome/147.0.7727.137 Mobile Safari/537.36 (compatible; Googlebot/2.1; +http://www.google.com/bot.html)"
66.249.70.195 - - [13/May/2026:01:42:37 +0700] "GET /?goods/237028516 HTTP/1.1" 200 152877 "-" "Mozilla/5.0 (Linux; Android 6.0.1; Nexus 5X Build/MMB29P) AppleWebKit/537.36 (KHTML, like Gecko) Chrome/147.0.7727.137 Mobile Safari/537.36 (compatible; Googlebot/2.1; +http://www.google.com/bot.html)"
66.249.70.195 - - [13/May/2026:01:42:47 +0700] "GET /?goods/007040693 HTTP/1.1" 200 153155 "-" "Mozilla/5.0 (Linux; Android 6.0.1; Nexus 5X Build/MMB29P) AppleWebKit/537.36 (KHTML, like Gecko) Chrome/147.0.7727.137 Mobile Safari/537.36 (compatible; Googlebot/2.1; +http://www.google.com/bot.html)"
66.249.71.131 - - [13/May/2026:01:42:59 +0700] "GET /?goods/113007168 HTTP/1.1" 200 150111 "-" "Mozilla/5.0 (Linux; Android 6.0.1; Nexus 5X Build/MMB29P) AppleWebKit/537.36 (KHTML, like Gecko) Chrome/147.0.7727.137 Mobile Safari/537.36 (compatible; Googlebot/2.1; +http://www.google.com/bot.html)"
46.4.28.29 - - [13/May/2026:01:43:32 +0700] "GET /buy.php?products/118002424 HTTP/1.1" 200 91354 "-" "Mozilla/5.0 (compatible; SERankingBacklinksBot/1.0; +https://seranking.com/backlinks-crawler)"
66.249.71.131 - - [13/May/2026:01:43:38 +0700] "GET /?goods/090042036 HTTP/1.1" 200 160600 "-" "Mozilla/5.0 (Linux; Android 6.0.1; Nexus 5X Build/MMB29P) AppleWebKit/537.36 (KHTML, like Gecko) Chrome/147.0.7727.137 Mobile Safari/537.36 (compatible; Googlebot/2.1; +http://www.google.com/bot.html)"
66.249.71.131 - - [13/May/2026:01:43:46 +0700] "GET /?goods/014038358 HTTP/1.1" 200 155007 "-" "Mozilla/5.0 (Linux; Android 6.0.1; Nexus 5X Build/MMB29P) AppleWebKit/537.36 (KHTML, like Gecko) Chrome/147.0.7727.137 Mobile Safari/537.36 (compatible; Googlebot/2.1; +http://www.google.com/bot.html)"
66.249.70.195 - - [13/May/2026:01:43:59 +0700] "GET /?goods/034034663 HTTP/1.1" 200 158574 "-" "Mozilla/5.0 (Linux; Android 6.0.1; Nexus 5X Build/MMB29P) AppleWebKit/537.36 (KHTML, like Gecko) Chrome/147.0.7727.137 Mobile Safari/537.36 (compatible; Googlebot/2.1; +http://www.google.com/bot.html)"
66.249.70.195 - - [13/May/2026:01:44:08 +0700] "GET /?goods/275026152 HTTP/1.1" 200 151623 "-" "Mozilla/5.0 (Linux; Android 6.0.1; Nexus 5X Build/MMB29P) AppleWebKit/537.36 (KHTML, like Gecko) Chrome/147.0.7727.137 Mobile Safari/537.36 (compatible; Googlebot/2.1; +http://www.google.com/bot.html)"
44.234.33.9 - - [13/May/2026:01:44:20 +0700] "GET /robots.txt HTTP/1.1" 200 - "-" "Mozilla/5.0 (compatible; wpbot/1.4; +https://forms.gle/ajBaxygz9jSR8p8G9)"
44.234.33.9 - - [13/May/2026:01:44:20 +0700] "GET / HTTP/1.1" 200 12527 "-" "Mozilla/5.0 (compatible; wpbot/1.4; +https://forms.gle/ajBaxygz9jSR8p8G9)"
66.249.70.195 - - [13/May/2026:01:44:29 +0700] "GET /?goods/126016681 HTTP/1.1" 200 152536 "-" "Mozilla/5.0 (Linux; Android 6.0.1; Nexus 5X Build/MMB29P) AppleWebKit/537.36 (KHTML, like Gecko) Chrome/147.0.7727.137 Mobile Safari/537.36 (compatible; Googlebot/2.1; +http://www.google.com/bot.html)"
66.249.71.131 - - [13/May/2026:01:44:47 +0700] "GET /?goods/198023805 HTTP/1.1" 200 166137 "-" "Mozilla/5.0 (Linux; Android 6.0.1; Nexus 5X Build/MMB29P) AppleWebKit/537.36 (KHTML, like Gecko) Chrome/147.0.7727.137 Mobile Safari/537.36 (compatible; Googlebot/2.1; +http://www.google.com/bot.html)"
66.249.71.131 - - [13/May/2026:01:44:53 +0700] "GET /?goods/224001405 HTTP/1.1" 200 150547 "-" "Mozilla/5.0 (Linux; Android 6.0.1; Nexus 5X Build/MMB29P) AppleWebKit/537.36 (KHTML, like Gecko) Chrome/147.0.7727.137 Mobile Safari/537.36 (compatible; Googlebot/2.1; +http://www.google.com/bot.html)"
66.249.70.197 - - [13/May/2026:01:45:09 +0700] "GET /?goods/101036069 HTTP/1.1" 200 149174 "-" "Mozilla/5.0 (Linux; Android 6.0.1; Nexus 5X Build/MMB29P) AppleWebKit/537.36 (KHTML, like Gecko) Chrome/147.0.7727.137 Mobile Safari/537.36 (compatible; Googlebot/2.1; +http://www.google.com/bot.html)"
44.244.17.154 - - [13/May/2026:01:45:57 +0700] "GET /robots.txt HTTP/1.1" 401 53 "-" "Mozilla/5.0 (compatible; wpbot/1.4; +https://forms.gle/ajBaxygz9jSR8p8G9)"
44.244.17.154 - - [13/May/2026:01:45:57 +0700] "GET / HTTP/1.1" 401 53 "-" "Mozilla/5.0 (compatible; wpbot/1.4; +https://forms.gle/ajBaxygz9jSR8p8G9)"
66.249.70.196 - - [13/May/2026:01:46:09 +0700] "GET /?goods/118049806 HTTP/1.1" 200 154986 "-" "Mozilla/5.0 (Linux; Android 6.0.1; Nexus 5X Build/MMB29P) AppleWebKit/537.36 (KHTML, like Gecko) Chrome/147.0.7727.137 Mobile Safari/537.36 (compatible; Googlebot/2.1; +http://www.google.com/bot.html)"
66.249.70.195 - - [13/May/2026:01:46:27 +0700] "GET /?goods/235036239 HTTP/1.1" 200 153443 "-" "Mozilla/5.0 (Linux; Android 6.0.1; Nexus 5X Build/MMB29P) AppleWebKit/537.36 (KHTML, like Gecko) Chrome/147.0.7727.137 Mobile Safari/537.36 (compatible; Googlebot/2.1; +http://www.google.com/bot.html)"
66.249.70.195 - - [13/May/2026:01:46:29 +0700] "GET /?goods/039014493 HTTP/1.1" 200 159399 "-" "Mozilla/5.0 (Linux; Android 6.0.1; Nexus 5X Build/MMB29P) AppleWebKit/537.36 (KHTML, like Gecko) Chrome/147.0.7727.137 Mobile Safari/537.36 (compatible; Googlebot/2.1; +http://www.google.com/bot.html)"
66.249.70.195 - - [13/May/2026:01:46:33 +0700] "GET /?goods/281026432 HTTP/1.1" 200 153370 "-" "Mozilla/5.0 (Linux; Android 6.0.1; Nexus 5X Build/MMB29P) AppleWebKit/537.36 (KHTML, like Gecko) Chrome/147.0.7727.137 Mobile Safari/537.36 (compatible; Googlebot/2.1; +http://www.google.com/bot.html)"
66.249.70.195 - - [13/May/2026:01:46:36 +0700] "GET /?detail/125024752238 HTTP/1.1" 200 164778 "-" "Mozilla/5.0 (Linux; Android 6.0.1; Nexus 5X Build/MMB29P) AppleWebKit/537.36 (KHTML, like Gecko) Chrome/147.0.7727.137 Mobile Safari/537.36 (compatible; Googlebot/2.1; +http://www.google.com/bot.html)"
66.249.70.195 - - [13/May/2026:01:46:57 +0700] "GET /?goods/196046357 HTTP/1.1" 200 167472 "-" "Mozilla/5.0 (Linux; Android 6.0.1; Nexus 5X Build/MMB29P) AppleWebKit/537.36 (KHTML, like Gecko) Chrome/147.0.7727.137 Mobile Safari/537.36 (compatible; Googlebot/2.1; +http://www.google.com/bot.html)"
66.249.71.131 - - [13/May/2026:01:46:59 +0700] "GET /?detail/2280214505454 HTTP/1.1" 200 157492 "-" "Mozilla/5.0 (Linux; Android 6.0.1; Nexus 5X Build/MMB29P) AppleWebKit/537.36 (KHTML, like Gecko) Chrome/147.0.7727.137 Mobile Safari/537.36 (compatible; Googlebot/2.1; +http://www.google.com/bot.html)"
66.249.70.195 - - [13/May/2026:01:47:24 +0700] "GET /?goods/117049703 HTTP/1.1" 200 155670 "-" "Mozilla/5.0 (Linux; Android 6.0.1; Nexus 5X Build/MMB29P) AppleWebKit/537.36 (KHTML, like Gecko) Chrome/147.0.7727.137 Mobile Safari/537.36 (compatible; Googlebot/2.1; +http://www.google.com/bot.html)"
46.4.28.29 - - [13/May/2026:01:47:32 +0700] "GET /items/sheep/067005632.htm HTTP/1.1" 200 1096 "-" "Mozilla/5.0 (compatible; SERankingBacklinksBot/1.0; +https://seranking.com/backlinks-crawler)"
66.249.70.195 - - [13/May/2026:01:47:58 +0700] "GET /?jp/270019643.html HTTP/1.1" 200 155073 "-" "Mozilla/5.0 (Linux; Android 6.0.1; Nexus 5X Build/MMB29P) AppleWebKit/537.36 (KHTML, like Gecko) Chrome/147.0.7727.137 Mobile Safari/537.36 (compatible; Googlebot/2.1; +http://www.google.com/bot.html)"
66.249.71.131 - - [13/May/2026:01:48:05 +0700] "GET /?goods/245049505 HTTP/1.1" 200 150404 "-" "Mozilla/5.0 (Linux; Android 6.0.1; Nexus 5X Build/MMB29P) AppleWebKit/537.36 (KHTML, like Gecko) Chrome/147.0.7727.137 Mobile Safari/537.36 (compatible; Googlebot/2.1; +http://www.google.com/bot.html)"
66.249.71.131 - - [13/May/2026:01:48:09 +0700] "GET /?jp/267046030.html HTTP/1.1" 200 150470 "-" "Mozilla/5.0 (Linux; Android 6.0.1; Nexus 5X Build/MMB29P) AppleWebKit/537.36 (KHTML, like Gecko) Chrome/147.0.7727.137 Mobile Safari/537.36 (compatible; Googlebot/2.1; +http://www.google.com/bot.html)"
66.249.70.195 - - [13/May/2026:01:48:14 +0700] "GET /?goods/013034236 HTTP/1.1" 200 151010 "-" "Mozilla/5.0 (Linux; Android 6.0.1; Nexus 5X Build/MMB29P) AppleWebKit/537.36 (KHTML, like Gecko) Chrome/147.0.7727.137 Mobile Safari/537.36 (compatible; Googlebot/2.1; +http://www.google.com/bot.html)"
66.249.70.195 - - [13/May/2026:01:48:19 +0700] "GET /?goods/244036954 HTTP/1.1" 200 153177 "-" "Mozilla/5.0 (Linux; Android 6.0.1; Nexus 5X Build/MMB29P) AppleWebKit/537.36 (KHTML, like Gecko) Chrome/147.0.7727.137 Mobile Safari/537.36 (compatible; Googlebot/2.1; +http://www.google.com/bot.html)"
66.249.70.195 - - [13/May/2026:01:48:26 +0700] "GET /?goods/106038945 HTTP/1.1" 200 152625 "-" "Mozilla/5.0 (Linux; Android 6.0.1; Nexus 5X Build/MMB29P) AppleWebKit/537.36 (KHTML, like Gecko) Chrome/147.0.7727.137 Mobile Safari/537.36 (compatible; Googlebot/2.1; +http://www.google.com/bot.html)"
66.249.70.196 - - [13/May/2026:01:49:06 +0700] "GET /?goods/150036076 HTTP/1.1" 200 156242 "-" "Mozilla/5.0 (Linux; Android 6.0.1; Nexus 5X Build/MMB29P) AppleWebKit/537.36 (KHTML, like Gecko) Chrome/147.0.7727.137 Mobile Safari/537.36 (compatible; Googlebot/2.1; +http://www.google.com/bot.html)"
66.249.70.196 - - [13/May/2026:01:49:10 +0700] "GET /?detail/1880208221312 HTTP/1.1" 200 157449 "-" "Mozilla/5.0 (Linux; Android 6.0.1; Nexus 5X Build/MMB29P) AppleWebKit/537.36 (KHTML, like Gecko) Chrome/147.0.7727.137 Mobile Safari/537.36 (compatible; Googlebot/2.1; +http://www.google.com/bot.html)"
66.249.71.132 - - [13/May/2026:01:49:12 +0700] "GET /?jp/149011106.html HTTP/1.1" 200 149937 "-" "Mozilla/5.0 (Linux; Android 6.0.1; Nexus 5X Build/MMB29P) AppleWebKit/537.36 (KHTML, like Gecko) Chrome/147.0.7727.137 Mobile Safari/537.36 (compatible; Googlebot/2.1; +http://www.google.com/bot.html)"
66.249.70.195 - - [13/May/2026:01:49:16 +0700] "GET /?goods/192020657 HTTP/1.1" 200 152321 "-" "Mozilla/5.0 (Linux; Android 6.0.1; Nexus 5X Build/MMB29P) AppleWebKit/537.36 (KHTML, like Gecko) Chrome/147.0.7727.137 Mobile Safari/537.36 (compatible; Googlebot/2.1; +http://www.google.com/bot.html)"
66.249.70.195 - - [13/May/2026:01:49:25 +0700] "GET /?goods/148018691 HTTP/1.1" 200 153031 "-" "Mozilla/5.0 (Linux; Android 6.0.1; Nexus 5X Build/MMB29P) AppleWebKit/537.36 (KHTML, like Gecko) Chrome/147.0.7727.137 Mobile Safari/537.36 (compatible; Googlebot/2.1; +http://www.google.com/bot.html)"
148.113.128.251 - - [13/May/2026:01:49:29 +0700] "GET /?sitemap613.xml HTTP/1.1" 200 13 "-" "Mozilla/5.0 (compatible; AhrefsBot/7.0; +http://ahrefs.com/robot/)"
66.249.71.132 - - [13/May/2026:01:49:57 +0700] "GET /?goods/041004014 HTTP/1.1" 200 150461 "-" "Mozilla/5.0 (Linux; Android 6.0.1; Nexus 5X Build/MMB29P) AppleWebKit/537.36 (KHTML, like Gecko) Chrome/147.0.7727.137 Mobile Safari/537.36 (compatible; Googlebot/2.1; +http://www.google.com/bot.html)"
66.249.70.196 - - [13/May/2026:01:50:06 +0700] "GET /?detail/17604655108583 HTTP/1.1" 200 152746 "-" "Mozilla/5.0 (Linux; Android 6.0.1; Nexus 5X Build/MMB29P) AppleWebKit/537.36 (KHTML, like Gecko) Chrome/147.0.7727.137 Mobile Safari/537.36 (compatible; Googlebot/2.1; +http://www.google.com/bot.html)"
66.249.71.132 - - [13/May/2026:01:50:16 +0700] "GET /?goods/161020725 HTTP/1.1" 200 148652 "-" "Mozilla/5.0 (Linux; Android 6.0.1; Nexus 5X Build/MMB29P) AppleWebKit/537.36 (KHTML, like Gecko) Chrome/147.0.7727.137 Mobile Safari/537.36 (compatible; Googlebot/2.1; +http://www.google.com/bot.html)"
66.249.71.131 - - [13/May/2026:01:50:17 +0700] "GET /?jp/208033430.html HTTP/1.1" 200 149679 "-" "Mozilla/5.0 (Linux; Android 6.0.1; Nexus 5X Build/MMB29P) AppleWebKit/537.36 (KHTML, like Gecko) Chrome/147.0.7727.137 Mobile Safari/537.36 (compatible; Googlebot/2.1; +http://www.google.com/bot.html)"
66.249.70.195 - - [13/May/2026:01:50:21 +0700] "GET /?detail/2170468911164 HTTP/1.1" 200 164943 "-" "Mozilla/5.0 (Linux; Android 6.0.1; Nexus 5X Build/MMB29P) AppleWebKit/537.36 (KHTML, like Gecko) Chrome/147.0.7727.137 Mobile Safari/537.36 (compatible; Googlebot/2.1; +http://www.google.com/bot.html)"
66.249.71.131 - - [13/May/2026:01:50:24 +0700] "GET /?goods/042004387 HTTP/1.1" 200 149141 "-" "Mozilla/5.0 (Linux; Android 6.0.1; Nexus 5X Build/MMB29P) AppleWebKit/537.36 (KHTML, like Gecko) Chrome/147.0.7727.137 Mobile Safari/537.36 (compatible; Googlebot/2.1; +http://www.google.com/bot.html)"
66.249.70.195 - - [13/May/2026:01:50:50 +0700] "GET /?goods/098004942 HTTP/1.1" 200 150565 "-" "Mozilla/5.0 (Linux; Android 6.0.1; Nexus 5X Build/MMB29P) AppleWebKit/537.36 (KHTML, like Gecko) Chrome/147.0.7727.137 Mobile Safari/537.36 (compatible; Googlebot/2.1; +http://www.google.com/bot.html)"
