20.151.175.120 - - [12/May/2026:22:11:21 +0700] "GET /wp-admin/css/colors/blue/index.php HTTP/1.1" 401 36 "-" "-"
20.151.175.120 - - [12/May/2026:22:11:22 +0700] "GET /class19.php HTTP/1.1" 401 36 "-" "-"
20.151.175.120 - - [12/May/2026:22:11:23 +0700] "GET /class20.php HTTP/1.1" 401 36 "-" "-"
20.151.175.120 - - [12/May/2026:22:11:23 +0700] "GET /admin.php HTTP/1.1" 401 36 "-" "-"
20.151.175.120 - - [12/May/2026:22:11:24 +0700] "GET /randkeyword.php HTTP/1.1" 401 36 "-" "-"
20.151.175.120 - - [12/May/2026:22:11:25 +0700] "GET /fwe.php HTTP/1.1" 401 36 "-" "-"
20.151.175.120 - - [12/May/2026:22:11:25 +0700] "GET /images/m.php HTTP/1.1" 401 36 "-" "-"
20.151.175.120 - - [12/May/2026:22:11:26 +0700] "GET /g.php HTTP/1.1" 401 36 "-" "-"
20.151.175.120 - - [12/May/2026:22:11:26 +0700] "GET /tx1.php HTTP/1.1" 401 36 "-" "-"
20.151.175.120 - - [12/May/2026:22:11:26 +0700] "GET /xv.php HTTP/1.1" 401 36 "-" "-"
20.151.175.120 - - [12/May/2026:22:11:27 +0700] "GET /x56.php HTTP/1.1" 401 36 "-" "-"
20.151.175.120 - - [12/May/2026:22:11:27 +0700] "GET /htaccess.php HTTP/1.1" 401 36 "-" "-"
20.151.175.120 - - [12/May/2026:22:11:28 +0700] "GET /readme.php HTTP/1.1" 401 36 "-" "-"
20.151.175.120 - - [12/May/2026:22:11:28 +0700] "GET /x50.php HTTP/1.1" 401 36 "-" "-"
20.151.175.120 - - [12/May/2026:22:11:29 +0700] "GET /fv.php HTTP/1.1" 401 36 "-" "-"
20.151.175.120 - - [12/May/2026:22:11:29 +0700] "GET /file.php HTTP/1.1" 401 36 "-" "-"
20.151.175.120 - - [12/May/2026:22:11:30 +0700] "GET /lsd.php HTTP/1.1" 401 36 "-" "-"
20.151.175.120 - - [12/May/2026:22:11:30 +0700] "GET /as.php HTTP/1.1" 401 36 "-" "-"
20.151.175.120 - - [12/May/2026:22:11:31 +0700] "GET /wsd.php HTTP/1.1" 401 36 "-" "-"
20.151.175.120 - - [12/May/2026:22:11:31 +0700] "GET /gtc.php HTTP/1.1" 401 36 "-" "-"
20.151.175.120 - - [12/May/2026:22:11:32 +0700] "GET /atx.php HTTP/1.1" 401 36 "-" "-"
20.151.175.120 - - [12/May/2026:22:11:33 +0700] "GET /z60.php HTTP/1.1" 401 36 "-" "-"
20.151.175.120 - - [12/May/2026:22:11:33 +0700] "GET /403.php HTTP/1.1" 401 36 "-" "-"
20.151.175.120 - - [12/May/2026:22:11:34 +0700] "GET /m.php HTTP/1.1" 401 36 "-" "-"
20.151.175.120 - - [12/May/2026:22:11:34 +0700] "GET /themes.php HTTP/1.1" 401 36 "-" "-"
20.151.175.120 - - [12/May/2026:22:11:35 +0700] "GET /wp-admin/maint/about.php HTTP/1.1" 401 36 "-" "-"
66.249.70.195 - - [12/May/2026:22:11:33 +0700] "GET /?goods/120035317 HTTP/1.1" 200 150477 "-" "Mozilla/5.0 (Linux; Android 6.0.1; Nexus 5X Build/MMB29P) AppleWebKit/537.36 (KHTML, like Gecko) Chrome/147.0.7727.137 Mobile Safari/537.36 (compatible; Googlebot/2.1; +http://www.google.com/bot.html)"
20.151.175.120 - - [12/May/2026:22:11:35 +0700] "GET /wp-admin/network/wp-conflg.php HTTP/1.1" 401 36 "-" "-"
20.151.175.120 - - [12/May/2026:22:11:35 +0700] "GET /click.php HTTP/1.1" 401 36 "-" "-"
20.151.175.120 - - [12/May/2026:22:11:36 +0700] "GET /install.php HTTP/1.1" 401 36 "-" "-"
20.151.175.120 - - [12/May/2026:22:11:36 +0700] "GET /lv.php HTTP/1.1" 401 36 "-" "-"
20.151.175.120 - - [12/May/2026:22:11:37 +0700] "GET /simple.php HTTP/1.1" 401 36 "-" "-"
20.151.175.120 - - [12/May/2026:22:11:37 +0700] "GET /css.php HTTP/1.1" 401 36 "-" "-"
20.151.175.120 - - [12/May/2026:22:11:38 +0700] "GET /cong.php HTTP/1.1" 401 36 "-" "-"
20.151.175.120 - - [12/May/2026:22:11:38 +0700] "GET /wp-includes/images/wp-login.php HTTP/1.1" 401 36 "-" "-"
20.151.175.120 - - [12/May/2026:22:11:39 +0700] "GET /cong.php HTTP/1.1" 401 36 "-" "-"
20.151.175.120 - - [12/May/2026:22:11:39 +0700] "GET /w.php HTTP/1.1" 401 36 "-" "-"
20.151.175.120 - - [12/May/2026:22:11:40 +0700] "GET /404.php HTTP/1.1" 401 36 "-" "-"
20.151.175.120 - - [12/May/2026:22:11:40 +0700] "GET /ioxi-o.php HTTP/1.1" 401 36 "-" "-"
20.151.175.120 - - [12/May/2026:22:11:41 +0700] "GET /0x.php HTTP/1.1" 401 36 "-" "-"
20.151.175.120 - - [12/May/2026:22:11:43 +0700] "GET /css.php HTTP/1.1" 401 36 "-" "-"
20.151.175.120 - - [12/May/2026:22:11:43 +0700] "GET /222.php HTTP/1.1" 401 36 "-" "-"
20.151.175.120 - - [12/May/2026:22:11:43 +0700] "GET /wp-content/index.php HTTP/1.1" 401 36 "-" "-"
20.151.175.120 - - [12/May/2026:22:11:44 +0700] "GET /admin.php HTTP/1.1" 401 36 "-" "-"
20.151.175.120 - - [12/May/2026:22:11:44 +0700] "GET /wp-admin/maint/maint.php HTTP/1.1" 401 36 "-" "-"
20.151.175.120 - - [12/May/2026:22:11:45 +0700] "GET /classwithtostring.php HTTP/1.1" 401 36 "-" "-"
20.151.175.120 - - [12/May/2026:22:11:46 +0700] "GET /abcd.php HTTP/1.1" 401 36 "-" "-"
20.151.175.120 - - [12/May/2026:22:11:46 +0700] "GET /autoload_classmap.php HTTP/1.1" 401 36 "-" "-"
20.151.175.120 - - [12/May/2026:22:11:46 +0700] "GET /inputs.php HTTP/1.1" 401 36 "-" "-"
20.151.175.120 - - [12/May/2026:22:11:47 +0700] "GET /about.php HTTP/1.1" 401 36 "-" "-"
20.151.175.120 - - [12/May/2026:22:11:48 +0700] "GET /alfa.php HTTP/1.1" 401 36 "-" "-"
20.151.175.120 - - [12/May/2026:22:11:48 +0700] "GET /themes/twentytwentytwo/index.php HTTP/1.1" 401 36 "-" "-"
20.151.175.120 - - [12/May/2026:22:11:49 +0700] "GET /wp-admin/js/wp-conflg.php HTTP/1.1" 401 36 "-" "-"
20.151.175.120 - - [12/May/2026:22:11:50 +0700] "GET /wp-admin/wp-conflg.php HTTP/1.1" 401 36 "-" "-"
20.151.175.120 - - [12/May/2026:22:11:50 +0700] "GET /wp-admin/css/wp-conflg.php HTTP/1.1" 401 36 "-" "-"
20.151.175.120 - - [12/May/2026:22:11:51 +0700] "GET /manager.php HTTP/1.1" 401 36 "-" "-"
20.151.175.120 - - [12/May/2026:22:11:51 +0700] "GET /item.php HTTP/1.1" 401 36 "-" "-"
20.151.175.120 - - [12/May/2026:22:11:52 +0700] "GET /plugins/Cache/footer.php HTTP/1.1" 401 36 "-" "-"
20.151.175.120 - - [12/May/2026:22:11:52 +0700] "GET /404.php HTTP/1.1" 401 36 "-" "-"
20.151.175.120 - - [12/May/2026:22:11:53 +0700] "GET /mail.php HTTP/1.1" 401 36 "-" "-"
20.151.175.120 - - [12/May/2026:22:11:53 +0700] "GET /wp-content/plugins/index.php HTTP/1.1" 401 36 "-" "-"
20.151.175.120 - - [12/May/2026:22:11:53 +0700] "GET /sx.php HTTP/1.1" 401 36 "-" "-"
20.151.175.120 - - [12/May/2026:22:11:54 +0700] "GET /wp-admin/maint/admin.php HTTP/1.1" 401 36 "-" "-"
20.151.175.120 - - [12/May/2026:22:11:54 +0700] "GET /alfa.php HTTP/1.1" 401 36 "-" "-"
20.151.175.120 - - [12/May/2026:22:11:55 +0700] "GET /1.php HTTP/1.1" 401 36 "-" "-"
20.151.175.120 - - [12/May/2026:22:11:55 +0700] "GET /byp.php HTTP/1.1" 401 36 "-" "-"
20.151.175.120 - - [12/May/2026:22:11:56 +0700] "GET /wp-trackback.php HTTP/1.1" 401 36 "-" "-"
20.151.175.120 - - [12/May/2026:22:11:56 +0700] "GET /.well-known/index.php HTTP/1.1" 401 36 "-" "-"
20.151.175.120 - - [12/May/2026:22:11:57 +0700] "GET /wp-admin/network/plugins.php HTTP/1.1" 401 36 "-" "-"
20.151.175.120 - - [12/May/2026:22:11:57 +0700] "GET /wp-admin/about.php HTTP/1.1" 401 36 "-" "-"
20.151.175.120 - - [12/May/2026:22:11:58 +0700] "GET /gmo.php HTTP/1.1" 401 36 "-" "-"
20.151.175.120 - - [12/May/2026:22:11:58 +0700] "GET /wp-includes/ID3/about.php HTTP/1.1" 401 36 "-" "-"
20.151.175.120 - - [12/May/2026:22:11:59 +0700] "GET /css/index.php HTTP/1.1" 401 36 "-" "-"
20.151.175.120 - - [12/May/2026:22:11:59 +0700] "GET /wp-includes/SimplePie/wp-login.php HTTP/1.1" 401 36 "-" "-"
20.151.175.120 - - [12/May/2026:22:12:00 +0700] "GET /wp-content/themes/about.php HTTP/1.1" 401 36 "-" "-"
20.151.175.120 - - [12/May/2026:22:12:00 +0700] "GET /filemanager/dialog.php HTTP/1.1" 401 36 "-" "-"
20.151.175.120 - - [12/May/2026:22:12:00 +0700] "GET /wp-admin/maint/index.php HTTP/1.1" 401 36 "-" "-"
20.151.175.120 - - [12/May/2026:22:12:01 +0700] "GET /wp-includes/customize/about.php HTTP/1.1" 401 36 "-" "-"
20.151.175.120 - - [12/May/2026:22:12:01 +0700] "GET /index/function.php HTTP/1.1" 401 36 "-" "-"
20.151.175.120 - - [12/May/2026:22:12:02 +0700] "GET /uploads/autoload_classmap.php HTTP/1.1" 401 36 "-" "-"
20.151.175.120 - - [12/May/2026:22:12:02 +0700] "GET /wp-includes/style-engine/about.php HTTP/1.1" 401 36 "-" "-"
20.151.175.120 - - [12/May/2026:22:12:03 +0700] "GET /ww1.php HTTP/1.1" 401 36 "-" "-"
20.151.175.120 - - [12/May/2026:22:12:03 +0700] "GET /about/function.php HTTP/1.1" 401 36 "-" "-"
20.151.175.120 - - [12/May/2026:22:12:04 +0700] "GET /admin/function.php HTTP/1.1" 401 36 "-" "-"
20.151.175.120 - - [12/May/2026:22:12:04 +0700] "GET /.well-known/acme-challenge/index.php HTTP/1.1" 401 36 "-" "-"
20.151.175.120 - - [12/May/2026:22:12:05 +0700] "GET /css/colors/blue/index.php HTTP/1.1" 401 36 "-" "-"
20.151.175.120 - - [12/May/2026:22:12:05 +0700] "GET /security.php HTTP/1.1" 401 36 "-" "-"
20.151.175.120 - - [12/May/2026:22:12:06 +0700] "GET /wp-admin/user/about.php HTTP/1.1" 401 36 "-" "-"
20.151.175.120 - - [12/May/2026:22:12:06 +0700] "GET /wp-admin/js/index.php HTTP/1.1" 401 36 "-" "-"
20.151.175.120 - - [12/May/2026:22:12:06 +0700] "GET /wp-content/upgrade/about.php HTTP/1.1" 401 36 "-" "-"
20.151.175.120 - - [12/May/2026:22:12:07 +0700] "GET /wp-includes/assets/index.php HTTP/1.1" 401 36 "-" "-"
20.151.175.120 - - [12/May/2026:22:12:07 +0700] "GET /wp-content/radio.php HTTP/1.1" 401 36 "-" "-"
20.151.175.120 - - [12/May/2026:22:12:08 +0700] "GET /wp-includes/fonts/index.php HTTP/1.1" 401 36 "-" "-"
20.151.175.120 - - [12/May/2026:22:12:08 +0700] "GET /.well-known/admin.php HTTP/1.1" 401 36 "-" "-"
20.151.175.120 - - [12/May/2026:22:12:09 +0700] "GET /wp-content/admin.php HTTP/1.1" 401 36 "-" "-"
20.151.175.120 - - [12/May/2026:22:12:09 +0700] "GET /wp-content/plugins/admin.php HTTP/1.1" 401 36 "-" "-"
66.249.71.133 - - [12/May/2026:22:12:08 +0700] "GET /?goods/093000765 HTTP/1.1" 200 149875 "-" "Mozilla/5.0 (Linux; Android 6.0.1; Nexus 5X Build/MMB29P) AppleWebKit/537.36 (KHTML, like Gecko) Chrome/147.0.7727.137 Mobile Safari/537.36 (compatible; Googlebot/2.1; +http://www.google.com/bot.html)"
20.151.175.120 - - [12/May/2026:22:12:10 +0700] "GET /wp-content/themes/twentytwentytwo/index.php HTTP/1.1" 401 36 "-" "-"
20.151.175.120 - - [12/May/2026:22:12:10 +0700] "GET /.well-known/log.php HTTP/1.1" 401 36 "-" "-"
20.151.175.120 - - [12/May/2026:22:12:11 +0700] "GET /class.php HTTP/1.1" 401 36 "-" "-"
20.151.175.120 - - [12/May/2026:22:12:16 +0700] "GET /bless5.php HTTP/1.1" 401 36 "-" "-"
20.151.175.120 - - [12/May/2026:22:12:16 +0700] "GET /wp-includes/js/codemirror/index.php HTTP/1.1" 401 36 "-" "-"
20.151.175.120 - - [12/May/2026:22:12:17 +0700] "GET /wp-includes/block-patterns/index.php HTTP/1.1" 401 36 "-" "-"
20.151.175.120 - - [12/May/2026:22:12:19 +0700] "GET /lock360.php HTTP/1.1" 401 36 "-" "-"
20.151.175.120 - - [12/May/2026:22:12:20 +0700] "GET /f35.php HTTP/1.1" 401 36 "-" "-"
20.151.175.120 - - [12/May/2026:22:12:20 +0700] "GET /ioxi-o1.php HTTP/1.1" 401 36 "-" "-"
20.151.175.120 - - [12/May/2026:22:12:21 +0700] "GET /juuuu.php HTTP/1.1" 401 36 "-" "-"
20.151.175.120 - - [12/May/2026:22:12:21 +0700] "GET /ha.php HTTP/1.1" 401 36 "-" "-"
20.151.175.120 - - [12/May/2026:22:12:22 +0700] "GET /gg.php HTTP/1.1" 401 36 "-" "-"
20.151.175.120 - - [12/May/2026:22:12:23 +0700] "GET /we2.php HTTP/1.1" 401 36 "-" "-"
20.151.175.120 - - [12/May/2026:22:12:23 +0700] "GET /04.php HTTP/1.1" 401 36 "-" "-"
20.151.175.120 - - [12/May/2026:22:12:24 +0700] "GET /333.php HTTP/1.1" 401 36 "-" "-"
20.151.175.120 - - [12/May/2026:22:12:24 +0700] "GET /520.php HTTP/1.1" 401 36 "-" "-"
20.151.175.120 - - [12/May/2026:22:12:25 +0700] "GET /ar.php HTTP/1.1" 401 36 "-" "-"
20.151.175.120 - - [12/May/2026:22:12:26 +0700] "GET /x.php HTTP/1.1" 401 36 "-" "-"
20.151.175.120 - - [12/May/2026:22:12:26 +0700] "GET /xx.php HTTP/1.1" 401 36 "-" "-"
20.151.175.120 - - [12/May/2026:22:12:27 +0700] "GET /gifclass4.php HTTP/1.1" 401 36 "-" "-"
20.151.175.120 - - [12/May/2026:22:12:27 +0700] "GET /2clas.php HTTP/1.1" 401 36 "-" "-"
20.151.175.120 - - [12/May/2026:22:12:28 +0700] "GET /ave.php HTTP/1.1" 401 36 "-" "-"
20.151.175.120 - - [12/May/2026:22:12:28 +0700] "GET /wrt.php HTTP/1.1" 401 36 "-" "-"
20.151.175.120 - - [12/May/2026:22:12:29 +0700] "GET /bibil.php HTTP/1.1" 401 36 "-" "-"
20.151.175.120 - - [12/May/2026:22:12:29 +0700] "GET /radio.php HTTP/1.1" 401 36 "-" "-"
20.151.175.120 - - [12/May/2026:22:12:30 +0700] "GET /files.php HTTP/1.1" 401 36 "-" "-"
20.151.175.120 - - [12/May/2026:22:12:30 +0700] "GET /file7.php HTTP/1.1" 401 36 "-" "-"
20.151.175.120 - - [12/May/2026:22:12:31 +0700] "GET /gifclass.php HTTP/1.1" 401 36 "-" "-"
20.151.175.120 - - [12/May/2026:22:12:33 +0700] "GET /wp-admin/css/colors/midnight/about.php HTTP/1.1" 401 36 "-" "-"
20.151.175.120 - - [12/May/2026:22:12:33 +0700] "GET /nox.php HTTP/1.1" 401 36 "-" "-"
20.151.175.120 - - [12/May/2026:22:12:34 +0700] "GET /file48.php HTTP/1.1" 401 36 "-" "-"
20.151.175.120 - - [12/May/2026:22:12:34 +0700] "GET /info.php HTTP/1.1" 401 36 "-" "-"
20.151.175.120 - - [12/May/2026:22:12:35 +0700] "GET /class9.php HTTP/1.1" 401 36 "-" "-"
20.151.175.120 - - [12/May/2026:22:12:35 +0700] "GET /la.php HTTP/1.1" 401 36 "-" "-"
20.151.175.120 - - [12/May/2026:22:12:36 +0700] "GET /bless11.php HTTP/1.1" 401 36 "-" "-"
20.151.175.120 - - [12/May/2026:22:12:36 +0700] "GET /ccou.php HTTP/1.1" 401 36 "-" "-"
20.151.175.120 - - [12/May/2026:22:12:37 +0700] "GET /ton.php HTTP/1.1" 401 36 "-" "-"
20.151.175.120 - - [12/May/2026:22:12:37 +0700] "GET /403.php HTTP/1.1" 401 36 "-" "-"
20.151.175.120 - - [12/May/2026:22:12:38 +0700] "GET /file9.php HTTP/1.1" 401 36 "-" "-"
20.151.175.120 - - [12/May/2026:22:12:38 +0700] "GET /ac.php HTTP/1.1" 401 36 "-" "-"
20.151.175.120 - - [12/May/2026:22:12:39 +0700] "GET /new4.php HTTP/1.1" 401 36 "-" "-"
66.249.70.195 - - [12/May/2026:22:12:49 +0700] "GET /?jp/223005081.html HTTP/1.1" 200 151855 "-" "Mozilla/5.0 (Linux; Android 6.0.1; Nexus 5X Build/MMB29P) AppleWebKit/537.36 (KHTML, like Gecko) Chrome/148.0.7778.96 Mobile Safari/537.36 (compatible; Googlebot/2.1; +http://www.google.com/bot.html)"
20.151.175.120 - - [12/May/2026:22:12:54 +0700] "GET /pop.php HTTP/1.1" 401 36 "-" "-"
20.151.175.120 - - [12/May/2026:22:12:56 +0700] "GET /az.php HTTP/1.1" 401 36 "-" "-"
20.151.175.120 - - [12/May/2026:22:12:56 +0700] "GET /xaz.php HTTP/1.1" 401 36 "-" "-"
20.151.175.120 - - [12/May/2026:22:12:57 +0700] "GET /up4.php HTTP/1.1" 401 36 "-" "-"
20.151.175.120 - - [12/May/2026:22:12:57 +0700] "GET /1aa.php HTTP/1.1" 401 36 "-" "-"
20.151.175.120 - - [12/May/2026:22:12:58 +0700] "GET /elp.php HTTP/1.1" 401 36 "-" "-"
20.151.175.120 - - [12/May/2026:22:12:58 +0700] "GET /wtz.php HTTP/1.1" 401 36 "-" "-"
20.151.175.120 - - [12/May/2026:22:12:59 +0700] "GET /galex.php HTTP/1.1" 401 36 "-" "-"
20.151.175.120 - - [12/May/2026:22:13:00 +0700] "GET /xb.php HTTP/1.1" 401 36 "-" "-"
20.151.175.120 - - [12/May/2026:22:13:00 +0700] "GET /ova.php HTTP/1.1" 401 36 "-" "-"
20.151.175.120 - - [12/May/2026:22:13:01 +0700] "GET /vx.php HTTP/1.1" 401 36 "-" "-"
20.151.175.120 - - [12/May/2026:22:13:01 +0700] "GET /rh.php HTTP/1.1" 401 36 "-" "-"
20.151.175.120 - - [12/May/2026:22:13:02 +0700] "GET /webindex.php HTTP/1.1" 401 36 "-" "-"
46.4.28.29 - - [12/May/2026:22:13:09 +0700] "GET /buy.php?products/112027116 HTTP/1.1" 200 83118 "-" "Mozilla/5.0 (compatible; SERankingBacklinksBot/1.0; +https://seranking.com/backlinks-crawler)"
66.249.70.195 - - [12/May/2026:22:13:47 +0700] "GET /?detail/1920175943319 HTTP/1.1" 200 150876 "-" "Mozilla/5.0 (Linux; Android 6.0.1; Nexus 5X Build/MMB29P) AppleWebKit/537.36 (KHTML, like Gecko) Chrome/147.0.7727.137 Mobile Safari/537.36 (compatible; Googlebot/2.1; +http://www.google.com/bot.html)"
64.89.160.178 - - [12/May/2026:22:13:58 +0700] "GET / HTTP/1.1" 401 36 "-" "-"
64.89.160.178 - - [12/May/2026:22:13:59 +0700] "GET / HTTP/1.1" 401 36 "-" "-"
64.89.160.178 - - [12/May/2026:22:13:59 +0700] "GET / HTTP/1.1" 200 37940 "-" "-"
64.89.160.178 - - [12/May/2026:22:13:59 +0700] "GET / HTTP/1.1" 401 36 "-" "-"
66.249.70.196 - - [12/May/2026:22:14:00 +0700] "GET /?goods/110029763 HTTP/1.1" 200 151152 "-" "Mozilla/5.0 (Linux; Android 6.0.1; Nexus 5X Build/MMB29P) AppleWebKit/537.36 (KHTML, like Gecko) Chrome/147.0.7727.137 Mobile Safari/537.36 (compatible; Googlebot/2.1; +http://www.google.com/bot.html)"
66.249.70.195 - - [12/May/2026:22:14:15 +0700] "GET /?jp/281008585.html HTTP/1.1" 200 158535 "-" "Mozilla/5.0 (Linux; Android 6.0.1; Nexus 5X Build/MMB29P) AppleWebKit/537.36 (KHTML, like Gecko) Chrome/147.0.7727.137 Mobile Safari/537.36 (compatible; Googlebot/2.1; +http://www.google.com/bot.html)"
64.89.160.178 - - [12/May/2026:22:14:24 +0700] "GET /autodiscover/autodiscover.xml HTTP/1.1" 400 52 "-" "-"
66.249.71.132 - - [12/May/2026:22:14:46 +0700] "GET /?goods/096007340 HTTP/1.1" 200 163421 "-" "Mozilla/5.0 (Linux; Android 6.0.1; Nexus 5X Build/MMB29P) AppleWebKit/537.36 (KHTML, like Gecko) Chrome/147.0.7727.137 Mobile Safari/537.36 (compatible; Googlebot/2.1; +http://www.google.com/bot.html)"
66.249.70.195 - - [12/May/2026:22:14:56 +0700] "GET /?goods/032043274 HTTP/1.1" 200 166663 "-" "Mozilla/5.0 (Linux; Android 6.0.1; Nexus 5X Build/MMB29P) AppleWebKit/537.36 (KHTML, like Gecko) Chrome/147.0.7727.137 Mobile Safari/537.36 (compatible; Googlebot/2.1; +http://www.google.com/bot.html)"
74.7.241.139 - - [12/May/2026:22:15:41 +0700] "GET /robots.txt HTTP/1.1" 200 347 "-" "Mozilla/5.0 (Macintosh; Intel Mac OS X 10_15_7) AppleWebKit/537.36 (KHTML, like Gecko) Chrome/131.0.0.0 Safari/537.36; compatible; OAI-SearchBot/1.3; robots.txt; +https://openai.com/searchbot"
66.249.70.196 - - [12/May/2026:22:15:45 +0700] "GET /?goods/207026974 HTTP/1.1" 200 160785 "-" "Mozilla/5.0 (Linux; Android 6.0.1; Nexus 5X Build/MMB29P) AppleWebKit/537.36 (KHTML, like Gecko) Chrome/147.0.7727.137 Mobile Safari/537.36 (compatible; Googlebot/2.1; +http://www.google.com/bot.html)"
66.249.71.131 - - [12/May/2026:22:16:09 +0700] "GET /?jp/105049538.html HTTP/1.1" 200 152819 "-" "Mozilla/5.0 (Linux; Android 6.0.1; Nexus 5X Build/MMB29P) AppleWebKit/537.36 (KHTML, like Gecko) Chrome/147.0.7727.137 Mobile Safari/537.36 (compatible; Googlebot/2.1; +http://www.google.com/bot.html)"
46.4.28.29 - - [12/May/2026:22:16:13 +0700] "GET /items/scent/032017095.htm HTTP/1.1" 200 1096 "-" "Mozilla/5.0 (compatible; SERankingBacklinksBot/1.0; +https://seranking.com/backlinks-crawler)"
66.249.70.196 - - [12/May/2026:22:16:19 +0700] "GET /?goods/167019972 HTTP/1.1" 200 151872 "-" "Mozilla/5.0 (Linux; Android 6.0.1; Nexus 5X Build/MMB29P) AppleWebKit/537.36 (KHTML, like Gecko) Chrome/147.0.7727.137 Mobile Safari/537.36 (compatible; Googlebot/2.1; +http://www.google.com/bot.html)"
66.249.71.131 - - [12/May/2026:22:16:52 +0700] "GET /?detail/0130241694871 HTTP/1.1" 200 171863 "-" "Mozilla/5.0 (Linux; Android 6.0.1; Nexus 5X Build/MMB29P) AppleWebKit/537.36 (KHTML, like Gecko) Chrome/147.0.7727.137 Mobile Safari/537.36 (compatible; Googlebot/2.1; +http://www.google.com/bot.html)"
66.249.71.131 - - [12/May/2026:22:16:58 +0700] "GET /?goods/029034021 HTTP/1.1" 200 152834 "-" "Mozilla/5.0 (Linux; Android 6.0.1; Nexus 5X Build/MMB29P) AppleWebKit/537.36 (KHTML, like Gecko) Chrome/147.0.7727.137 Mobile Safari/537.36 (compatible; Googlebot/2.1; +http://www.google.com/bot.html)"
66.249.71.133 - - [12/May/2026:22:17:30 +0700] "GET /?goods/064021343 HTTP/1.1" 200 152902 "-" "Mozilla/5.0 (Linux; Android 6.0.1; Nexus 5X Build/MMB29P) AppleWebKit/537.36 (KHTML, like Gecko) Chrome/147.0.7727.137 Mobile Safari/537.36 (compatible; Googlebot/2.1; +http://www.google.com/bot.html)"
212.227.21.19 - - [12/May/2026:22:17:42 +0700] "GET /robots.txt HTTP/1.1" 200 347 "-" "Mozilla/5.0 (compatible; MJ12bot/v1.4.8; http://mj12bot.com/)"
212.227.21.19 - - [12/May/2026:22:17:45 +0700] "GET /comprehending-payid-gambling-banking-a-modern-transaction-revolution/ HTTP/1.1" 200 1096 "-" "Mozilla/5.0 (compatible; MJ12bot/v1.4.8; http://mj12bot.com/)"
212.227.21.19 - - [12/May/2026:22:17:47 +0700] "GET /discover-lightning-fast-transfers-with-payid-based-gaming-systems/ HTTP/1.1" 200 1096 "-" "Mozilla/5.0 (compatible; MJ12bot/v1.4.8; http://mj12bot.com/)"
212.227.21.19 - - [12/May/2026:22:17:49 +0700] "GET /internet-gambling-payid-based-cash-out-quick-and-secure-financial/ HTTP/1.1" 200 1096 "-" "Mozilla/5.0 (compatible; MJ12bot/v1.4.8; http://mj12bot.com/)"
212.227.21.19 - - [12/May/2026:22:17:52 +0700] "GET /lightning-fast-payid-based-payouts-at-australia-based-internet-casinos/ HTTP/1.1" 200 1096 "-" "Mozilla/5.0 (compatible; MJ12bot/v1.4.8; http://mj12bot.com/)"
212.227.21.19 - - [12/May/2026:22:17:54 +0700] "GET /the-current-transformation-for-instant-payment-solutions-supporting/ HTTP/1.1" 200 1096 "-" "Mozilla/5.0 (compatible; MJ12bot/v1.4.8; http://mj12bot.com/)"
66.249.70.195 - - [12/May/2026:22:17:54 +0700] "GET /?detail/1380413196161 HTTP/1.1" 200 151650 "-" "Mozilla/5.0 (Linux; Android 6.0.1; Nexus 5X Build/MMB29P) AppleWebKit/537.36 (KHTML, like Gecko) Chrome/147.0.7727.137 Mobile Safari/537.36 (compatible; Googlebot/2.1; +http://www.google.com/bot.html)"
212.227.21.19 - - [12/May/2026:22:17:56 +0700] "GET /the-drag-s-has-a-2500-mah-inner-battery/feed/ HTTP/1.1" 200 1096 "-" "Mozilla/5.0 (compatible; MJ12bot/v1.4.8; http://mj12bot.com/)"
46.4.28.29 - - [12/May/2026:22:17:56 +0700] "GET /buy.php?products/112040186 HTTP/1.1" 200 74989 "-" "Mozilla/5.0 (compatible; SERankingBacklinksBot/1.0; +https://seranking.com/backlinks-crawler)"
66.249.70.196 - - [12/May/2026:22:18:38 +0700] "GET /?jp/057035338.html HTTP/1.1" 200 153259 "-" "Mozilla/5.0 (Linux; Android 6.0.1; Nexus 5X Build/MMB29P) AppleWebKit/537.36 (KHTML, like Gecko) Chrome/147.0.7727.137 Mobile Safari/537.36 (compatible; Googlebot/2.1; +http://www.google.com/bot.html)"
66.249.71.132 - - [12/May/2026:22:18:56 +0700] "GET /?goods/036002980 HTTP/1.1" 200 155517 "-" "Mozilla/5.0 (Linux; Android 6.0.1; Nexus 5X Build/MMB29P) AppleWebKit/537.36 (KHTML, like Gecko) Chrome/147.0.7727.137 Mobile Safari/537.36 (compatible; Googlebot/2.1; +http://www.google.com/bot.html)"
66.249.70.196 - - [12/May/2026:22:19:40 +0700] "GET /?goods/079001481 HTTP/1.1" 200 153928 "-" "Mozilla/5.0 (Linux; Android 6.0.1; Nexus 5X Build/MMB29P) AppleWebKit/537.36 (KHTML, like Gecko) Chrome/147.0.7727.137 Mobile Safari/537.36 (compatible; Googlebot/2.1; +http://www.google.com/bot.html)"
66.249.70.196 - - [12/May/2026:22:19:42 +0700] "GET /?detail/1740250863277 HTTP/1.1" 200 154842 "-" "Mozilla/5.0 (Linux; Android 6.0.1; Nexus 5X Build/MMB29P) AppleWebKit/537.36 (KHTML, like Gecko) Chrome/147.0.7727.137 Mobile Safari/537.36 (compatible; Googlebot/2.1; +http://www.google.com/bot.html)"
46.4.28.29 - - [12/May/2026:22:19:54 +0700] "GET /items/scent/041020334.htm HTTP/1.1" 200 1096 "-" "Mozilla/5.0 (compatible; SERankingBacklinksBot/1.0; +https://seranking.com/backlinks-crawler)"
66.249.70.196 - - [12/May/2026:22:20:25 +0700] "GET /?jp/298023840.html HTTP/1.1" 200 177687 "-" "Mozilla/5.0 (Linux; Android 6.0.1; Nexus 5X Build/MMB29P) AppleWebKit/537.36 (KHTML, like Gecko) Chrome/147.0.7727.137 Mobile Safari/537.36 (compatible; Googlebot/2.1; +http://www.google.com/bot.html)"
66.249.70.195 - - [12/May/2026:22:20:30 +0700] "GET /?detail/03603790013697 HTTP/1.1" 200 152143 "-" "Mozilla/5.0 (Linux; Android 6.0.1; Nexus 5X Build/MMB29P) AppleWebKit/537.36 (KHTML, like Gecko) Chrome/147.0.7727.137 Mobile Safari/537.36 (compatible; Googlebot/2.1; +http://www.google.com/bot.html)"
66.249.70.195 - - [12/May/2026:22:20:35 +0700] "GET /?goods/217029140 HTTP/1.1" 200 151427 "-" "Mozilla/5.0 (Linux; Android 6.0.1; Nexus 5X Build/MMB29P) AppleWebKit/537.36 (KHTML, like Gecko) Chrome/147.0.7727.137 Mobile Safari/537.36 (compatible; Googlebot/2.1; +http://www.google.com/bot.html)"
51.161.37.99 - - [12/May/2026:22:21:12 +0700] "GET /?sitemap348.xml HTTP/1.1" 200 13 "-" "Mozilla/5.0 (compatible; AhrefsBot/7.0; +http://ahrefs.com/robot/)"
66.249.71.133 - - [12/May/2026:22:21:19 +0700] "GET /?goods/185004767 HTTP/1.1" 200 163631 "-" "Mozilla/5.0 (Linux; Android 6.0.1; Nexus 5X Build/MMB29P) AppleWebKit/537.36 (KHTML, like Gecko) Chrome/147.0.7727.137 Mobile Safari/537.36 (compatible; Googlebot/2.1; +http://www.google.com/bot.html)"
66.249.71.132 - - [12/May/2026:22:21:33 +0700] "GET /?goods/252011232 HTTP/1.1" 200 156754 "-" "Mozilla/5.0 (Linux; Android 6.0.1; Nexus 5X Build/MMB29P) AppleWebKit/537.36 (KHTML, like Gecko) Chrome/147.0.7727.137 Mobile Safari/537.36 (compatible; Googlebot/2.1; +http://www.google.com/bot.html)"
66.249.70.195 - - [12/May/2026:22:21:35 +0700] "GET /?jp/163039477.html HTTP/1.1" 200 152323 "-" "Mozilla/5.0 (Linux; Android 6.0.1; Nexus 5X Build/MMB29P) AppleWebKit/537.36 (KHTML, like Gecko) Chrome/147.0.7727.137 Mobile Safari/537.36 (compatible; Googlebot/2.1; +http://www.google.com/bot.html)"
66.249.70.196 - - [12/May/2026:22:22:12 +0700] "GET /?detail/2430373417622 HTTP/1.1" 200 149884 "-" "Mozilla/5.0 (Linux; Android 6.0.1; Nexus 5X Build/MMB29P) AppleWebKit/537.36 (KHTML, like Gecko) Chrome/147.0.7727.137 Mobile Safari/537.36 (compatible; Googlebot/2.1; +http://www.google.com/bot.html)"
46.4.28.29 - - [12/May/2026:22:22:09 +0700] "GET /buy.php?products/112041268 HTTP/1.1" 200 15 "-" "Mozilla/5.0 (compatible; SERankingBacklinksBot/1.0; +https://seranking.com/backlinks-crawler)"
66.249.71.131 - - [12/May/2026:22:22:31 +0700] "GET /?goods/240023740 HTTP/1.1" 200 150285 "-" "Mozilla/5.0 (Linux; Android 6.0.1; Nexus 5X Build/MMB29P) AppleWebKit/537.36 (KHTML, like Gecko) Chrome/147.0.7727.137 Mobile Safari/537.36 (compatible; Googlebot/2.1; +http://www.google.com/bot.html)"
213.202.253.4 - - [12/May/2026:22:22:37 +0700] "GET /txets.php HTTP/1.1" 400 52 "www.google.com" "Mozlila/5.0 (Linux; Android 7.0; SM-G892A Bulid/NRD90M; wv) AppleWebKit/537.36 (KHTML, like Gecko) Version/4.0 Chrome/60.0.3112.107 Moblie Safari/537.36"
66.249.70.197 - - [12/May/2026:22:22:39 +0700] "GET /?goods/294030637 HTTP/1.1" 200 151721 "-" "Mozilla/5.0 (Linux; Android 6.0.1; Nexus 5X Build/MMB29P) AppleWebKit/537.36 (KHTML, like Gecko) Chrome/147.0.7727.137 Mobile Safari/537.36 (compatible; Googlebot/2.1; +http://www.google.com/bot.html)"
213.202.253.4 - - [12/May/2026:22:22:44 +0700] "GET /wp-content/txets.php HTTP/1.1" 400 52 "www.google.com" "Mozlila/5.0 (Linux; Android 7.0; SM-G892A Bulid/NRD90M; wv) AppleWebKit/537.36 (KHTML, like Gecko) Version/4.0 Chrome/60.0.3112.107 Moblie Safari/537.36"
213.202.253.4 - - [12/May/2026:22:22:50 +0700] "GET /wp-content/txets.php HTTP/1.1" 400 52 "www.google.com" "Mozlila/5.0 (Linux; Android 7.0; SM-G892A Bulid/NRD90M; wv) AppleWebKit/537.36 (KHTML, like Gecko) Version/4.0 Chrome/60.0.3112.107 Moblie Safari/537.36"
213.202.253.4 - - [12/May/2026:22:22:57 +0700] "GET /wp-content/postnews.php HTTP/1.1" 400 52 "www.google.com" "Mozlila/5.0 (Linux; Android 7.0; SM-G892A Bulid/NRD90M; wv) AppleWebKit/537.36 (KHTML, like Gecko) Version/4.0 Chrome/60.0.3112.107 Moblie Safari/537.36"
213.202.253.4 - - [12/May/2026:22:23:03 +0700] "GET /wp-content/postnews.php HTTP/1.1" 400 52 "www.google.com" "Mozlila/5.0 (Linux; Android 7.0; SM-G892A Bulid/NRD90M; wv) AppleWebKit/537.36 (KHTML, like Gecko) Version/4.0 Chrome/60.0.3112.107 Moblie Safari/537.36"
213.202.253.4 - - [12/May/2026:22:23:09 +0700] "GET /postnews.php HTTP/1.1" 400 52 "www.google.com" "Mozlila/5.0 (Linux; Android 7.0; SM-G892A Bulid/NRD90M; wv) AppleWebKit/537.36 (KHTML, like Gecko) Version/4.0 Chrome/60.0.3112.107 Moblie Safari/537.36"
66.249.70.196 - - [12/May/2026:22:23:09 +0700] "GET /?goods/183045957 HTTP/1.1" 200 157479 "-" "Mozilla/5.0 (Linux; Android 6.0.1; Nexus 5X Build/MMB29P) AppleWebKit/537.36 (KHTML, like Gecko) Chrome/147.0.7727.137 Mobile Safari/537.36 (compatible; Googlebot/2.1; +http://www.google.com/bot.html)"
213.202.253.4 - - [12/May/2026:22:23:16 +0700] "GET /postnews.php HTTP/1.1" 400 52 "www.google.com" "Mozlila/5.0 (Linux; Android 7.0; SM-G892A Bulid/NRD90M; wv) AppleWebKit/537.36 (KHTML, like Gecko) Version/4.0 Chrome/60.0.3112.107 Moblie Safari/537.36"
213.202.253.4 - - [12/May/2026:22:23:23 +0700] "GET /userfuns.php HTTP/1.1" 400 52 "www.google.com" "Mozlila/5.0 (Linux; Android 7.0; SM-G892A Bulid/NRD90M; wv) AppleWebKit/537.36 (KHTML, like Gecko) Version/4.0 Chrome/60.0.3112.107 Moblie Safari/537.36"
213.202.253.4 - - [12/May/2026:22:23:29 +0700] "GET /userfuns.php HTTP/1.1" 400 52 "www.google.com" "Mozlila/5.0 (Linux; Android 7.0; SM-G892A Bulid/NRD90M; wv) AppleWebKit/537.36 (KHTML, like Gecko) Version/4.0 Chrome/60.0.3112.107 Moblie Safari/537.36"
213.202.253.4 - - [12/May/2026:22:23:37 +0700] "GET /gdftps.php HTTP/1.1" 400 52 "www.google.com" "Mozlila/5.0 (Linux; Android 7.0; SM-G892A Bulid/NRD90M; wv) AppleWebKit/537.36 (KHTML, like Gecko) Version/4.0 Chrome/60.0.3112.107 Moblie Safari/537.36"
66.249.70.195 - - [12/May/2026:22:23:36 +0700] "GET /?jp/049020430.html HTTP/1.1" 200 151736 "-" "Mozilla/5.0 (Linux; Android 6.0.1; Nexus 5X Build/MMB29P) AppleWebKit/537.36 (KHTML, like Gecko) Chrome/147.0.7727.137 Mobile Safari/537.36 (compatible; Googlebot/2.1; +http://www.google.com/bot.html)"
213.202.253.4 - - [12/May/2026:22:23:44 +0700] "GET /gdftps.php HTTP/1.1" 400 52 "www.google.com" "Mozlila/5.0 (Linux; Android 7.0; SM-G892A Bulid/NRD90M; wv) AppleWebKit/537.36 (KHTML, like Gecko) Version/4.0 Chrome/60.0.3112.107 Moblie Safari/537.36"
66.249.70.195 - - [12/May/2026:22:23:49 +0700] "GET /?goods/086017059 HTTP/1.1" 200 153564 "-" "Mozilla/5.0 (Linux; Android 6.0.1; Nexus 5X Build/MMB29P) AppleWebKit/537.36 (KHTML, like Gecko) Chrome/147.0.7727.137 Mobile Safari/537.36 (compatible; Googlebot/2.1; +http://www.google.com/bot.html)"
213.202.253.4 - - [12/May/2026:22:23:51 +0700] "GET /adminfuns.php HTTP/1.1" 400 52 "www.google.com" "Mozlila/5.0 (Linux; Android 7.0; SM-G892A Bulid/NRD90M; wv) AppleWebKit/537.36 (KHTML, like Gecko) Version/4.0 Chrome/60.0.3112.107 Moblie Safari/537.36"
213.202.253.4 - - [12/May/2026:22:23:58 +0700] "GET /adminfuns.php HTTP/1.1" 400 52 "www.google.com" "Mozlila/5.0 (Linux; Android 7.0; SM-G892A Bulid/NRD90M; wv) AppleWebKit/537.36 (KHTML, like Gecko) Version/4.0 Chrome/60.0.3112.107 Moblie Safari/537.36"
213.202.253.4 - - [12/May/2026:22:24:04 +0700] "GET /memberfuns.php HTTP/1.1" 400 52 "www.google.com" "Mozlila/5.0 (Linux; Android 7.0; SM-G892A Bulid/NRD90M; wv) AppleWebKit/537.36 (KHTML, like Gecko) Version/4.0 Chrome/60.0.3112.107 Moblie Safari/537.36"
66.249.70.195 - - [12/May/2026:22:24:07 +0700] "GET /?goods/022037166 HTTP/1.1" 200 153858 "-" "Mozilla/5.0 (Linux; Android 6.0.1; Nexus 5X Build/MMB29P) AppleWebKit/537.36 (KHTML, like Gecko) Chrome/147.0.7727.137 Mobile Safari/537.36 (compatible; Googlebot/2.1; +http://www.google.com/bot.html)"
213.202.253.4 - - [12/May/2026:22:24:13 +0700] "GET /memberfuns.php HTTP/1.1" 400 52 "www.google.com" "Mozlila/5.0 (Linux; Android 7.0; SM-G892A Bulid/NRD90M; wv) AppleWebKit/537.36 (KHTML, like Gecko) Version/4.0 Chrome/60.0.3112.107 Moblie Safari/537.36"
213.202.253.4 - - [12/May/2026:22:24:19 +0700] "GET /delpaths.php HTTP/1.1" 400 52 "www.google.com" "Mozlila/5.0 (Linux; Android 7.0; SM-G892A Bulid/NRD90M; wv) AppleWebKit/537.36 (KHTML, like Gecko) Version/4.0 Chrome/60.0.3112.107 Moblie Safari/537.36"
213.202.253.4 - - [12/May/2026:22:24:26 +0700] "GET /delpaths.php HTTP/1.1" 400 52 "www.google.com" "Mozlila/5.0 (Linux; Android 7.0; SM-G892A Bulid/NRD90M; wv) AppleWebKit/537.36 (KHTML, like Gecko) Version/4.0 Chrome/60.0.3112.107 Moblie Safari/537.36"
213.202.253.4 - - [12/May/2026:22:24:31 +0700] "GET /doiconvs HTTP/1.1" 400 52 "www.google.com" "Mozlila/5.0 (Linux; Android 7.0; SM-G892A Bulid/NRD90M; wv) AppleWebKit/537.36 (KHTML, like Gecko) Version/4.0 Chrome/60.0.3112.107 Moblie Safari/537.36"
66.249.70.197 - - [12/May/2026:22:24:36 +0700] "GET /?goods/064030670 HTTP/1.1" 200 165048 "-" "Mozilla/5.0 (Linux; Android 6.0.1; Nexus 5X Build/MMB29P) AppleWebKit/537.36 (KHTML, like Gecko) Chrome/147.0.7727.137 Mobile Safari/537.36 (compatible; Googlebot/2.1; +http://www.google.com/bot.html)"
213.202.253.4 - - [12/May/2026:22:24:38 +0700] "GET /doiconvs HTTP/1.1" 400 52 "www.google.com" "Mozlila/5.0 (Linux; Android 7.0; SM-G892A Bulid/NRD90M; wv) AppleWebKit/537.36 (KHTML, like Gecko) Version/4.0 Chrome/60.0.3112.107 Moblie Safari/537.36"
213.202.253.4 - - [12/May/2026:22:24:44 +0700] "GET /siteheads HTTP/1.1" 400 52 "www.google.com" "Mozlila/5.0 (Linux; Android 7.0; SM-G892A Bulid/NRD90M; wv) AppleWebKit/537.36 (KHTML, like Gecko) Version/4.0 Chrome/60.0.3112.107 Moblie Safari/537.36"
213.202.253.4 - - [12/May/2026:22:24:50 +0700] "GET /siteheads HTTP/1.1" 400 52 "www.google.com" "Mozlila/5.0 (Linux; Android 7.0; SM-G892A Bulid/NRD90M; wv) AppleWebKit/537.36 (KHTML, like Gecko) Version/4.0 Chrome/60.0.3112.107 Moblie Safari/537.36"
213.202.253.4 - - [12/May/2026:22:24:56 +0700] "GET /moddofuns HTTP/1.1" 400 52 "www.google.com" "Mozlila/5.0 (Linux; Android 7.0; SM-G892A Bulid/NRD90M; wv) AppleWebKit/537.36 (KHTML, like Gecko) Version/4.0 Chrome/60.0.3112.107 Moblie Safari/537.36"
46.4.28.29 - - [12/May/2026:22:24:59 +0700] "GET /items/scent/103049472.htm HTTP/1.1" 200 1096 "-" "Mozilla/5.0 (compatible; SERankingBacklinksBot/1.0; +https://seranking.com/backlinks-crawler)"
213.202.253.4 - - [12/May/2026:22:25:03 +0700] "GET /moddofuns HTTP/1.1" 400 52 "www.google.com" "Mozlila/5.0 (Linux; Android 7.0; SM-G892A Bulid/NRD90M; wv) AppleWebKit/537.36 (KHTML, like Gecko) Version/4.0 Chrome/60.0.3112.107 Moblie Safari/537.36"
66.249.70.195 - - [12/May/2026:22:25:02 +0700] "GET /?detail/2130229170005 HTTP/1.1" 200 161002 "-" "Mozilla/5.0 (Linux; Android 6.0.1; Nexus 5X Build/MMB29P) AppleWebKit/537.36 (KHTML, like Gecko) Chrome/147.0.7727.137 Mobile Safari/537.36 (compatible; Googlebot/2.1; +http://www.google.com/bot.html)"
213.202.253.4 - - [12/May/2026:22:25:09 +0700] "GET /schallfuns.php HTTP/1.1" 400 52 "www.google.com" "Mozlila/5.0 (Linux; Android 7.0; SM-G892A Bulid/NRD90M; wv) AppleWebKit/537.36 (KHTML, like Gecko) Version/4.0 Chrome/60.0.3112.107 Moblie Safari/537.36"
213.202.253.4 - - [12/May/2026:22:25:15 +0700] "GET /schallfuns.php HTTP/1.1" 400 52 "www.google.com" "Mozlila/5.0 (Linux; Android 7.0; SM-G892A Bulid/NRD90M; wv) AppleWebKit/537.36 (KHTML, like Gecko) Version/4.0 Chrome/60.0.3112.107 Moblie Safari/537.36"
66.249.71.132 - - [12/May/2026:22:25:18 +0700] "GET /?goods/291035157 HTTP/1.1" 200 157970 "-" "Mozilla/5.0 (Linux; Android 6.0.1; Nexus 5X Build/MMB29P) AppleWebKit/537.36 (KHTML, like Gecko) Chrome/147.0.7727.137 Mobile Safari/537.36 (compatible; Googlebot/2.1; +http://www.google.com/bot.html)"
213.202.253.4 - - [12/May/2026:22:25:21 +0700] "GET /wp-content/schallfuns.php HTTP/1.1" 400 52 "www.google.com" "Mozlila/5.0 (Linux; Android 7.0; SM-G892A Bulid/NRD90M; wv) AppleWebKit/537.36 (KHTML, like Gecko) Version/4.0 Chrome/60.0.3112.107 Moblie Safari/537.36"
213.202.253.4 - - [12/May/2026:22:25:27 +0700] "GET /wp-content/schallfuns.php HTTP/1.1" 400 52 "www.google.com" "Mozlila/5.0 (Linux; Android 7.0; SM-G892A Bulid/NRD90M; wv) AppleWebKit/537.36 (KHTML, like Gecko) Version/4.0 Chrome/60.0.3112.107 Moblie Safari/537.36"
185.191.171.4 - - [12/May/2026:22:25:27 +0700] "GET /robots.txt HTTP/1.1" 200 347 "-" "Mozilla/5.0 (compatible; SemrushBot/7~bl; +http://www.semrush.com/bot.html)"
185.191.171.5 - - [12/May/2026:22:25:28 +0700] "GET /55bet-din-totale-hndbok-til-digitale-casinospill/ HTTP/1.1" 200 1096 "-" "Mozilla/5.0 (compatible; SemrushBot/7~bl; +http://www.semrush.com/bot.html)"
66.249.70.197 - - [12/May/2026:22:25:38 +0700] "GET /?goods/293013685 HTTP/1.1" 200 152738 "-" "Mozilla/5.0 (Linux; Android 6.0.1; Nexus 5X Build/MMB29P) AppleWebKit/537.36 (KHTML, like Gecko) Chrome/147.0.7727.137 Mobile Safari/537.36 (compatible; Googlebot/2.1; +http://www.google.com/bot.html)"
66.249.71.133 - - [12/May/2026:22:25:48 +0700] "GET /?goods/034005732 HTTP/1.1" 200 157759 "-" "Mozilla/5.0 (Linux; Android 6.0.1; Nexus 5X Build/MMB29P) AppleWebKit/537.36 (KHTML, like Gecko) Chrome/147.0.7727.137 Mobile Safari/537.36 (compatible; Googlebot/2.1; +http://www.google.com/bot.html)"
14.177.226.70 - - [12/May/2026:22:25:56 +0700] "GET /by-exploring-their-sexuality-in-a-secure-and-comfy-surroundings/ HTTP/1.1" 200 1096 "-" "Mozilla/5.0 (Windows NT 10.0; Win64; x64) AppleWebKit/537.36 (KHTML, like Gecko) Chrome/116.0.0.0 Safari/537.36"
66.249.70.195 - - [12/May/2026:22:26:08 +0700] "GET /?goods/226030270 HTTP/1.1" 200 154886 "-" "Mozilla/5.0 (Linux; Android 6.0.1; Nexus 5X Build/MMB29P) AppleWebKit/537.36 (KHTML, like Gecko) Chrome/147.0.7727.137 Mobile Safari/537.36 (compatible; Googlebot/2.1; +http://www.google.com/bot.html)"
15.235.98.82 - - [12/May/2026:22:26:31 +0700] "GET /this-model-created-a-few-of-the-most-wonderful-intercourse/feed/ HTTP/1.1" 200 1096 "-" "Mozilla/5.0 (compatible; AhrefsBot/7.0; +http://ahrefs.com/robot/)"
66.249.70.195 - - [12/May/2026:22:26:42 +0700] "GET /g-bike-1479348-2883431 HTTP/1.1" 200 152438 "-" "Mozilla/5.0 (Linux; Android 6.0.1; Nexus 5X Build/MMB29P) AppleWebKit/537.36 (KHTML, like Gecko) Chrome/147.0.7727.137 Mobile Safari/537.36 (compatible; Googlebot/2.1; +http://www.google.com/bot.html)"
66.249.70.195 - - [12/May/2026:22:26:44 +0700] "GET /re-vida-s1-519986600 HTTP/1.1" 200 149768 "-" "Mozilla/5.0 (Linux; Android 6.0.1; Nexus 5X Build/MMB29P) AppleWebKit/537.36 (KHTML, like Gecko) Chrome/147.0.7727.137 Mobile Safari/537.36 (compatible; Googlebot/2.1; +http://www.google.com/bot.html)"
46.4.28.29 - - [12/May/2026:22:27:58 +0700] "GET /buy.php?products/113004683 HTTP/1.1" 200 75036 "-" "Mozilla/5.0 (compatible; SERankingBacklinksBot/1.0; +https://seranking.com/backlinks-crawler)"
66.249.71.132 - - [12/May/2026:22:28:06 +0700] "GET /?jp/185010507.html HTTP/1.1" 200 155387 "-" "Mozilla/5.0 (Linux; Android 6.0.1; Nexus 5X Build/MMB29P) AppleWebKit/537.36 (KHTML, like Gecko) Chrome/147.0.7727.137 Mobile Safari/537.36 (compatible; Googlebot/2.1; +http://www.google.com/bot.html)"
66.249.70.195 - - [12/May/2026:22:29:55 +0700] "GET /?detail/244045877923 HTTP/1.1" 200 153091 "-" "Mozilla/5.0 (Linux; Android 6.0.1; Nexus 5X Build/MMB29P) AppleWebKit/537.36 (KHTML, like Gecko) Chrome/147.0.7727.137 Mobile Safari/537.36 (compatible; Googlebot/2.1; +http://www.google.com/bot.html)"
46.4.28.29 - - [12/May/2026:22:30:34 +0700] "GET /items/scent/245045330.htm HTTP/1.1" 200 1096 "-" "Mozilla/5.0 (compatible; SERankingBacklinksBot/1.0; +https://seranking.com/backlinks-crawler)"
66.249.71.132 - - [12/May/2026:22:32:16 +0700] "GET /?detail/06000832133536 HTTP/1.1" 200 152735 "-" "Mozilla/5.0 (Linux; Android 6.0.1; Nexus 5X Build/MMB29P) AppleWebKit/537.36 (KHTML, like Gecko) Chrome/147.0.7727.137 Mobile Safari/537.36 (compatible; Googlebot/2.1; +http://www.google.com/bot.html)"
46.4.28.29 - - [12/May/2026:22:32:47 +0700] "GET /buy.php?products/113013603 HTTP/1.1" 200 78420 "-" "Mozilla/5.0 (compatible; SERankingBacklinksBot/1.0; +https://seranking.com/backlinks-crawler)"
66.249.70.196 - - [12/May/2026:22:34:13 +0700] "GET /?goods/053037115 HTTP/1.1" 200 153722 "-" "Mozilla/5.0 (Linux; Android 6.0.1; Nexus 5X Build/MMB29P) AppleWebKit/537.36 (KHTML, like Gecko) Chrome/147.0.7727.137 Mobile Safari/537.36 (compatible; Googlebot/2.1; +http://www.google.com/bot.html)"
66.249.70.195 - - [12/May/2026:22:34:29 +0700] "GET /?jp/153019800.html HTTP/1.1" 200 155561 "-" "Mozilla/5.0 (Linux; Android 6.0.1; Nexus 5X Build/MMB29P) AppleWebKit/537.36 (KHTML, like Gecko) Chrome/147.0.7727.137 Mobile Safari/537.36 (compatible; Googlebot/2.1; +http://www.google.com/bot.html)"
66.249.71.132 - - [12/May/2026:22:35:01 +0700] "GET /?jp/157003379.html HTTP/1.1" 200 155968 "-" "Mozilla/5.0 (Linux; Android 6.0.1; Nexus 5X Build/MMB29P) AppleWebKit/537.36 (KHTML, like Gecko) Chrome/147.0.7727.137 Mobile Safari/537.36 (compatible; Googlebot/2.1; +http://www.google.com/bot.html)"
46.4.28.29 - - [12/May/2026:22:35:05 +0700] "GET /items/screw/172042469.htm HTTP/1.1" 200 1096 "-" "Mozilla/5.0 (compatible; SERankingBacklinksBot/1.0; +https://seranking.com/backlinks-crawler)"
66.249.70.195 - - [12/May/2026:22:35:40 +0700] "GET /?detail/10202001579477 HTTP/1.1" 200 152479 "-" "Mozilla/5.0 (Linux; Android 6.0.1; Nexus 5X Build/MMB29P) AppleWebKit/537.36 (KHTML, like Gecko) Chrome/147.0.7727.137 Mobile Safari/537.36 (compatible; Googlebot/2.1; +http://www.google.com/bot.html)"
66.249.70.196 - - [12/May/2026:22:36:17 +0700] "GET /?goods/113023532 HTTP/1.1" 200 156905 "-" "Mozilla/5.0 (Linux; Android 6.0.1; Nexus 5X Build/MMB29P) AppleWebKit/537.36 (KHTML, like Gecko) Chrome/147.0.7727.137 Mobile Safari/537.36 (compatible; Googlebot/2.1; +http://www.google.com/bot.html)"
66.249.70.195 - - [12/May/2026:22:36:59 +0700] "GET /?jp/090041733.html HTTP/1.1" 200 153547 "-" "Mozilla/5.0 (Linux; Android 6.0.1; Nexus 5X Build/MMB29P) AppleWebKit/537.36 (KHTML, like Gecko) Chrome/147.0.7727.137 Mobile Safari/537.36 (compatible; Googlebot/2.1; +http://www.google.com/bot.html)"
77.75.79.95 - - [12/May/2026:22:37:30 +0700] "GET /sitemap334.xml HTTP/1.1" 200 528597 "-" "Mozilla/5.0 (compatible; SeznamBot/4.0; +https://o-seznam.cz/napoveda/vyhledavani/en/seznambot-crawler/)"
66.249.71.131 - - [12/May/2026:22:37:41 +0700] "GET /?goods/279049494 HTTP/1.1" 200 148784 "-" "Mozilla/5.0 (Linux; Android 6.0.1; Nexus 5X Build/MMB29P) AppleWebKit/537.36 (KHTML, like Gecko) Chrome/147.0.7727.137 Mobile Safari/537.36 (compatible; Googlebot/2.1; +http://www.google.com/bot.html)"
66.249.71.132 - - [12/May/2026:22:37:42 +0700] "GET /?goods/040027510 HTTP/1.1" 200 150275 "-" "Mozilla/5.0 (Linux; Android 6.0.1; Nexus 5X Build/MMB29P) AppleWebKit/537.36 (KHTML, like Gecko) Chrome/147.0.7727.137 Mobile Safari/537.36 (compatible; Googlebot/2.1; +http://www.google.com/bot.html)"
66.249.71.133 - - [12/May/2026:22:38:04 +0700] "GET /?goods/213010992 HTTP/1.1" 200 152738 "-" "Mozilla/5.0 (Linux; Android 6.0.1; Nexus 5X Build/MMB29P) AppleWebKit/537.36 (KHTML, like Gecko) Chrome/147.0.7727.137 Mobile Safari/537.36 (compatible; Googlebot/2.1; +http://www.google.com/bot.html)"
46.4.28.29 - - [12/May/2026:22:38:18 +0700] "GET /buy.php?products/113035675 HTTP/1.1" 200 99503 "-" "Mozilla/5.0 (compatible; SERankingBacklinksBot/1.0; +https://seranking.com/backlinks-crawler)"
66.249.71.132 - - [12/May/2026:22:38:38 +0700] "GET /?goods/099035925 HTTP/1.1" 200 170986 "-" "Mozilla/5.0 (Linux; Android 6.0.1; Nexus 5X Build/MMB29P) AppleWebKit/537.36 (KHTML, like Gecko) Chrome/147.0.7727.137 Mobile Safari/537.36 (compatible; Googlebot/2.1; +http://www.google.com/bot.html)"
66.249.70.196 - - [12/May/2026:22:39:03 +0700] "GET /?jp/076038283.html HTTP/1.1" 200 150611 "-" "Mozilla/5.0 (Linux; Android 6.0.1; Nexus 5X Build/MMB29P) AppleWebKit/537.36 (KHTML, like Gecko) Chrome/147.0.7727.137 Mobile Safari/537.36 (compatible; Googlebot/2.1; +http://www.google.com/bot.html)"
66.249.70.195 - - [12/May/2026:22:39:13 +0700] "GET /?goods/297005724 HTTP/1.1" 200 149934 "-" "Mozilla/5.0 (Linux; Android 6.0.1; Nexus 5X Build/MMB29P) AppleWebKit/537.36 (KHTML, like Gecko) Chrome/147.0.7727.137 Mobile Safari/537.36 (compatible; Googlebot/2.1; +http://www.google.com/bot.html)"
66.249.71.133 - - [12/May/2026:22:39:36 +0700] "GET /?detail/0240326192653 HTTP/1.1" 200 152340 "-" "Mozilla/5.0 (Linux; Android 6.0.1; Nexus 5X Build/MMB29P) AppleWebKit/537.36 (KHTML, like Gecko) Chrome/147.0.7727.137 Mobile Safari/537.36 (compatible; Googlebot/2.1; +http://www.google.com/bot.html)"
66.249.70.196 - - [12/May/2026:22:40:07 +0700] "GET /?goods/268046825 HTTP/1.1" 200 163528 "-" "Mozilla/5.0 (Linux; Android 6.0.1; Nexus 5X Build/MMB29P) AppleWebKit/537.36 (KHTML, like Gecko) Chrome/147.0.7727.137 Mobile Safari/537.36 (compatible; Googlebot/2.1; +http://www.google.com/bot.html)"
66.249.70.195 - - [12/May/2026:22:40:44 +0700] "GET /?jp/206044391.html HTTP/1.1" 200 152476 "-" "Mozilla/5.0 (Linux; Android 6.0.1; Nexus 5X Build/MMB29P) AppleWebKit/537.36 (KHTML, like Gecko) Chrome/147.0.7727.137 Mobile Safari/537.36 (compatible; Googlebot/2.1; +http://www.google.com/bot.html)"
46.4.28.29 - - [12/May/2026:22:41:37 +0700] "GET /items/seize/167025406.htm HTTP/1.1" 200 1096 "-" "Mozilla/5.0 (compatible; SERankingBacklinksBot/1.0; +https://seranking.com/backlinks-crawler)"
66.249.70.196 - - [12/May/2026:22:41:55 +0700] "GET /?goods/031024543 HTTP/1.1" 200 153291 "-" "Mozilla/5.0 (Linux; Android 6.0.1; Nexus 5X Build/MMB29P) AppleWebKit/537.36 (KHTML, like Gecko) Chrome/147.0.7727.137 Mobile Safari/537.36 (compatible; Googlebot/2.1; +http://www.google.com/bot.html)"
66.249.70.197 - - [12/May/2026:22:42:25 +0700] "GET /?detail/09003828824900 HTTP/1.1" 200 150219 "-" "Mozilla/5.0 (Linux; Android 6.0.1; Nexus 5X Build/MMB29P) AppleWebKit/537.36 (KHTML, like Gecko) Chrome/147.0.7727.137 Mobile Safari/537.36 (compatible; Googlebot/2.1; +http://www.google.com/bot.html)"
66.249.70.196 - - [12/May/2026:22:42:48 +0700] "GET /?goods/231017264 HTTP/1.1" 200 154905 "-" "Mozilla/5.0 (Linux; Android 6.0.1; Nexus 5X Build/MMB29P) AppleWebKit/537.36 (KHTML, like Gecko) Chrome/147.0.7727.137 Mobile Safari/537.36 (compatible; Googlebot/2.1; +http://www.google.com/bot.html)"
66.249.71.133 - - [12/May/2026:22:43:23 +0700] "GET /?jp/286038149.html HTTP/1.1" 200 152260 "-" "Mozilla/5.0 (Linux; Android 6.0.1; Nexus 5X Build/MMB29P) AppleWebKit/537.36 (KHTML, like Gecko) Chrome/147.0.7727.137 Mobile Safari/537.36 (compatible; Googlebot/2.1; +http://www.google.com/bot.html)"
185.191.171.1 - - [12/May/2026:22:43:44 +0700] "GET /the-exterior-part-of-the-clitoris-what-we-see-is-only-a/ HTTP/1.1" 200 1096 "-" "Mozilla/5.0 (compatible; SemrushBot/7~bl; +http://www.semrush.com/bot.html)"
66.249.70.195 - - [12/May/2026:22:43:50 +0700] "GET /?goods/054025443 HTTP/1.1" 200 150610 "-" "Mozilla/5.0 (Linux; Android 6.0.1; Nexus 5X Build/MMB29P) AppleWebKit/537.36 (KHTML, like Gecko) Chrome/147.0.7727.137 Mobile Safari/537.36 (compatible; Googlebot/2.1; +http://www.google.com/bot.html)"
66.249.70.195 - - [12/May/2026:22:43:58 +0700] "GET /?goods/039036511 HTTP/1.1" 200 160246 "-" "Mozilla/5.0 (Linux; Android 6.0.1; Nexus 5X Build/MMB29P) AppleWebKit/537.36 (KHTML, like Gecko) Chrome/147.0.7727.137 Mobile Safari/537.36 (compatible; Googlebot/2.1; +http://www.google.com/bot.html)"
46.4.28.29 - - [12/May/2026:22:44:19 +0700] "GET /buy.php?products/113047495 HTTP/1.1" 200 92572 "-" "Mozilla/5.0 (compatible; SERankingBacklinksBot/1.0; +https://seranking.com/backlinks-crawler)"
66.249.71.133 - - [12/May/2026:22:44:32 +0700] "GET /?jp/295000882.html HTTP/1.1" 200 153104 "-" "Mozilla/5.0 (Linux; Android 6.0.1; Nexus 5X Build/MMB29P) AppleWebKit/537.36 (KHTML, like Gecko) Chrome/147.0.7727.137 Mobile Safari/537.36 (compatible; Googlebot/2.1; +http://www.google.com/bot.html)"
66.249.71.131 - - [12/May/2026:22:44:40 +0700] "GET /?detail/0390161409201 HTTP/1.1" 200 185590 "-" "Mozilla/5.0 (Linux; Android 6.0.1; Nexus 5X Build/MMB29P) AppleWebKit/537.36 (KHTML, like Gecko) Chrome/147.0.7727.137 Mobile Safari/537.36 (compatible; Googlebot/2.1; +http://www.google.com/bot.html)"
66.249.70.195 - - [12/May/2026:22:44:58 +0700] "GET /?detail/19202186063245 HTTP/1.1" 200 148628 "-" "Mozilla/5.0 (Linux; Android 6.0.1; Nexus 5X Build/MMB29P) AppleWebKit/537.36 (KHTML, like Gecko) Chrome/147.0.7727.137 Mobile Safari/537.36 (compatible; Googlebot/2.1; +http://www.google.com/bot.html)"
66.249.71.131 - - [12/May/2026:22:45:10 +0700] "GET /?jp/219040497.html HTTP/1.1" 200 158224 "-" "Mozilla/5.0 (Linux; Android 6.0.1; Nexus 5X Build/MMB29P) AppleWebKit/537.36 (KHTML, like Gecko) Chrome/147.0.7727.137 Mobile Safari/537.36 (compatible; Googlebot/2.1; +http://www.google.com/bot.html)"
66.249.70.195 - - [12/May/2026:22:45:15 +0700] "GET /?goods/206016657 HTTP/1.1" 200 155498 "-" "Mozilla/5.0 (Linux; Android 6.0.1; Nexus 5X Build/MMB29P) AppleWebKit/537.36 (KHTML, like Gecko) Chrome/147.0.7727.137 Mobile Safari/537.36 (compatible; Googlebot/2.1; +http://www.google.com/bot.html)"
66.249.71.131 - - [12/May/2026:22:45:45 +0700] "GET /?detail/29700725684856 HTTP/1.1" 200 151864 "-" "Mozilla/5.0 (Linux; Android 6.0.1; Nexus 5X Build/MMB29P) AppleWebKit/537.36 (KHTML, like Gecko) Chrome/147.0.7727.137 Mobile Safari/537.36 (compatible; Googlebot/2.1; +http://www.google.com/bot.html)"
66.249.70.197 - - [12/May/2026:22:46:03 +0700] "GET /?detail/090027620219 HTTP/1.1" 200 159945 "-" "Mozilla/5.0 (Linux; Android 6.0.1; Nexus 5X Build/MMB29P) AppleWebKit/537.36 (KHTML, like Gecko) Chrome/147.0.7727.137 Mobile Safari/537.36 (compatible; Googlebot/2.1; +http://www.google.com/bot.html)"
66.249.70.196 - - [12/May/2026:22:46:25 +0700] "GET /?goods/069044709 HTTP/1.1" 200 151716 "-" "Mozilla/5.0 (Linux; Android 6.0.1; Nexus 5X Build/MMB29P) AppleWebKit/537.36 (KHTML, like Gecko) Chrome/147.0.7727.137 Mobile Safari/537.36 (compatible; Googlebot/2.1; +http://www.google.com/bot.html)"
66.249.70.195 - - [12/May/2026:22:46:33 +0700] "GET /?detail/043003479783 HTTP/1.1" 200 149097 "-" "Mozilla/5.0 (Linux; Android 6.0.1; Nexus 5X Build/MMB29P) AppleWebKit/537.36 (KHTML, like Gecko) Chrome/147.0.7727.137 Mobile Safari/537.36 (compatible; Googlebot/2.1; +http://www.google.com/bot.html)"
66.249.71.131 - - [12/May/2026:22:46:47 +0700] "GET /?goods/197041976 HTTP/1.1" 200 148909 "-" "Mozilla/5.0 (Linux; Android 6.0.1; Nexus 5X Build/MMB29P) AppleWebKit/537.36 (KHTML, like Gecko) Chrome/147.0.7727.137 Mobile Safari/537.36 (compatible; Googlebot/2.1; +http://www.google.com/bot.html)"
66.249.70.195 - - [12/May/2026:22:47:22 +0700] "GET /?jp/267029652.html HTTP/1.1" 200 148368 "-" "Mozilla/5.0 (Linux; Android 6.0.1; Nexus 5X Build/MMB29P) AppleWebKit/537.36 (KHTML, like Gecko) Chrome/147.0.7727.137 Mobile Safari/537.36 (compatible; Googlebot/2.1; +http://www.google.com/bot.html)"
66.249.70.196 - - [12/May/2026:22:47:37 +0700] "GET /?goods/296011246 HTTP/1.1" 200 179111 "-" "Mozilla/5.0 (Linux; Android 6.0.1; Nexus 5X Build/MMB29P) AppleWebKit/537.36 (KHTML, like Gecko) Chrome/147.0.7727.137 Mobile Safari/537.36 (compatible; Googlebot/2.1; +http://www.google.com/bot.html)"
66.249.70.196 - - [12/May/2026:22:47:40 +0700] "GET /?goods/068019901 HTTP/1.1" 200 162959 "-" "Mozilla/5.0 (Linux; Android 6.0.1; Nexus 5X Build/MMB29P) AppleWebKit/537.36 (KHTML, like Gecko) Chrome/147.0.7727.137 Mobile Safari/537.36 (compatible; Googlebot/2.1; +http://www.google.com/bot.html)"
