216.73.216.128 - - [13/May/2026:03:08:45 +0700] "GET /detail/522711584.htm HTTP/1.1" 200 1100 "-" "Mozilla/5.0 AppleWebKit/537.36 (KHTML, like Gecko; compatible; ClaudeBot/1.0; +claudebot@anthropic.com)"
170.231.132.11 - - [13/May/2026:03:08:46 +0700] "GET /wp-admin/plugins.php HTTP/1.1" 200 1100 "https://fh888.org/wp-login.php" "Mozilla/5.0 (Macintosh; Intel Mac OS X 13_6_1; rv:118.0) Gecko/20100101 Firefox/118.0"
66.249.71.67 - - [13/May/2026:03:08:48 +0700] "GET /detail/163745120.htm HTTP/1.1" 200 1100 "-" "Mozilla/5.0 (Linux; Android 6.0.1; Nexus 5X Build/MMB29P) AppleWebKit/537.36 (KHTML, like Gecko) Chrome/147.0.7727.137 Mobile Safari/537.36 (compatible; GoogleOther)"
170.231.132.11 - - [13/May/2026:03:08:48 +0700] "POST /wp-login.php HTTP/1.1" 200 1100 "https://fh888.org/wp-login.php" "Mozilla/5.0 (Macintosh; Intel Mac OS X 13_6_1) AppleWebKit/537.36 (KHTML, like Gecko) Chrome/120.0.0.0 Safari/537.36"
170.231.132.11 - - [13/May/2026:03:08:49 +0700] "GET /wp-admin/index.php HTTP/1.1" 200 1100 "https://fh888.org/wp-login.php" "Mozilla/5.0 (Windows NT 10.0; Win64; x64; rv:118.0) Gecko/20100101 Firefox/118.0"
216.73.216.128 - - [13/May/2026:03:08:48 +0700] "GET /detail/522717891.htm HTTP/1.1" 200 1100 "-" "Mozilla/5.0 AppleWebKit/537.36 (KHTML, like Gecko; compatible; ClaudeBot/1.0; +claudebot@anthropic.com)"
15.235.96.179 - - [13/May/2026:03:08:47 +0700] "GET /shop/668667929 HTTP/1.1" 200 1100 "-" "Mozilla/5.0 (compatible; AhrefsBot/7.0; +http://ahrefs.com/robot/)"
170.231.132.11 - - [13/May/2026:03:08:50 +0700] "GET /wp-admin/profile.php HTTP/1.1" 200 1100 "https://fh888.org/wp-login.php" "Mozilla/5.0 (Windows NT 10.0; Win64; x64; rv:118.0) Gecko/20100101 Firefox/118.0"
216.73.216.128 - - [13/May/2026:03:08:51 +0700] "GET /detail/522078530.htm HTTP/1.1" 200 1100 "-" "Mozilla/5.0 AppleWebKit/537.36 (KHTML, like Gecko; compatible; ClaudeBot/1.0; +claudebot@anthropic.com)"
170.231.132.11 - - [13/May/2026:03:08:51 +0700] "GET /wp-admin/edit.php HTTP/1.1" 200 1100 "https://fh888.org/wp-login.php" "Mozilla/5.0 (Windows NT 10.0; Win64; x64; rv:118.0) Gecko/20100101 Firefox/118.0"
51.222.95.106 - - [13/May/2026:03:08:53 +0700] "GET /shop/663255016 HTTP/1.1" 200 1100 "-" "Mozilla/5.0 (compatible; AhrefsBot/7.0; +http://ahrefs.com/robot/)"
216.73.216.128 - - [13/May/2026:03:08:54 +0700] "GET /detail/522723694.htm HTTP/1.1" 200 1100 "-" "Mozilla/5.0 AppleWebKit/537.36 (KHTML, like Gecko; compatible; ClaudeBot/1.0; +claudebot@anthropic.com)"
170.231.132.11 - - [13/May/2026:03:08:54 +0700] "GET /wp-admin/plugins.php HTTP/1.1" 200 1100 "https://fh888.org/wp-login.php" "Mozilla/5.0 (Windows NT 10.0; Win64; x64; rv:118.0) Gecko/20100101 Firefox/118.0"
170.231.132.11 - - [13/May/2026:03:08:55 +0700] "POST /wp-login.php HTTP/1.1" 200 1100 "https://fh888.org/wp-login.php" "Mozilla/5.0 (Windows NT 11.0; Win64; x64) AppleWebKit/537.36 (KHTML, like Gecko) Chrome/119.0.0.0 Safari/537.36"
170.231.132.11 - - [13/May/2026:03:08:57 +0700] "GET /wp-admin/index.php HTTP/1.1" 200 1100 "https://fh888.org/wp-login.php" "Mozilla/5.0 (Windows NT 10.0; Win64; x64; rv:121.0) Gecko/20100101 Firefox/121.0"
216.73.216.128 - - [13/May/2026:03:08:57 +0700] "GET /detail/522085738.htm HTTP/1.1" 200 1100 "-" "Mozilla/5.0 AppleWebKit/537.36 (KHTML, like Gecko; compatible; ClaudeBot/1.0; +claudebot@anthropic.com)"
142.44.225.153 - - [13/May/2026:03:08:58 +0700] "GET /shop/659961784 HTTP/1.1" 200 1100 "-" "Mozilla/5.0 (compatible; AhrefsBot/7.0; +http://ahrefs.com/robot/)"
170.231.132.11 - - [13/May/2026:03:08:58 +0700] "GET /wp-admin/profile.php HTTP/1.1" 200 1100 "https://fh888.org/wp-login.php" "Mozilla/5.0 (Windows NT 10.0; Win64; x64; rv:121.0) Gecko/20100101 Firefox/121.0"
216.73.216.128 - - [13/May/2026:03:09:00 +0700] "GET /detail/522699738.htm HTTP/1.1" 200 1100 "-" "Mozilla/5.0 AppleWebKit/537.36 (KHTML, like Gecko; compatible; ClaudeBot/1.0; +claudebot@anthropic.com)"
170.231.132.11 - - [13/May/2026:03:09:00 +0700] "GET /wp-admin/edit.php HTTP/1.1" 200 1100 "https://fh888.org/wp-login.php" "Mozilla/5.0 (Windows NT 10.0; Win64; x64; rv:121.0) Gecko/20100101 Firefox/121.0"
170.231.132.11 - - [13/May/2026:03:09:02 +0700] "GET /wp-admin/plugins.php HTTP/1.1" 200 1100 "https://fh888.org/wp-login.php" "Mozilla/5.0 (Windows NT 10.0; Win64; x64; rv:121.0) Gecko/20100101 Firefox/121.0"
216.73.216.128 - - [13/May/2026:03:09:03 +0700] "GET /detail/522727421.htm HTTP/1.1" 200 1100 "-" "Mozilla/5.0 AppleWebKit/537.36 (KHTML, like Gecko; compatible; ClaudeBot/1.0; +claudebot@anthropic.com)"
54.39.203.63 - - [13/May/2026:03:09:04 +0700] "GET /shop/659733176 HTTP/1.1" 200 1100 "-" "Mozilla/5.0 (compatible; AhrefsBot/7.0; +http://ahrefs.com/robot/)"
216.73.216.128 - - [13/May/2026:03:09:06 +0700] "GET /detail/522626509.htm HTTP/1.1" 200 1100 "-" "Mozilla/5.0 AppleWebKit/537.36 (KHTML, like Gecko; compatible; ClaudeBot/1.0; +claudebot@anthropic.com)"
170.231.132.11 - - [13/May/2026:03:09:04 +0700] "POST /wp-login.php HTTP/1.1" 200 1100 "https://fh888.org/wp-login.php" "Mozilla/5.0 (Macintosh; Intel Mac OS X 13_6_1; rv:120.0) Gecko/20100101 Firefox/120.0"
170.231.132.11 - - [13/May/2026:03:09:08 +0700] "GET /wp-admin/index.php HTTP/1.1" 200 1100 "https://fh888.org/wp-login.php" "Mozilla/5.0 (Macintosh; Intel Mac OS X 10_15_7) AppleWebKit/537.36 (KHTML, like Gecko) Chrome/120.0.0.0 Safari/537.36"
170.231.132.11 - - [13/May/2026:03:09:08 +0700] "GET /wp-admin/profile.php HTTP/1.1" 200 1100 "https://fh888.org/wp-login.php" "Mozilla/5.0 (Macintosh; Intel Mac OS X 10_15_7) AppleWebKit/537.36 (KHTML, like Gecko) Chrome/120.0.0.0 Safari/537.36"
216.73.216.128 - - [13/May/2026:03:09:09 +0700] "GET /detail/522555578.htm HTTP/1.1" 200 1100 "-" "Mozilla/5.0 AppleWebKit/537.36 (KHTML, like Gecko; compatible; ClaudeBot/1.0; +claudebot@anthropic.com)"
170.231.132.11 - - [13/May/2026:03:09:09 +0700] "GET /wp-admin/edit.php HTTP/1.1" 200 1100 "https://fh888.org/wp-login.php" "Mozilla/5.0 (Macintosh; Intel Mac OS X 10_15_7) AppleWebKit/537.36 (KHTML, like Gecko) Chrome/120.0.0.0 Safari/537.36"
170.231.132.11 - - [13/May/2026:03:09:11 +0700] "GET /wp-admin/plugins.php HTTP/1.1" 200 1100 "https://fh888.org/wp-login.php" "Mozilla/5.0 (Macintosh; Intel Mac OS X 10_15_7) AppleWebKit/537.36 (KHTML, like Gecko) Chrome/120.0.0.0 Safari/537.36"
216.73.216.128 - - [13/May/2026:03:09:12 +0700] "GET /detail/522729737.htm HTTP/1.1" 200 1100 "-" "Mozilla/5.0 AppleWebKit/537.36 (KHTML, like Gecko; compatible; ClaudeBot/1.0; +claudebot@anthropic.com)"
170.231.132.11 - - [13/May/2026:03:09:13 +0700] "POST /wp-login.php HTTP/1.1" 200 1100 "https://fh888.org/wp-login.php" "Mozilla/5.0 (X11; Linux x86_64) AppleWebKit/537.36 (KHTML, like Gecko) Chrome/118.0.0.0 Safari/537.36"
170.231.132.11 - - [13/May/2026:03:09:15 +0700] "GET /wp-admin/index.php HTTP/1.1" 200 1100 "https://fh888.org/wp-login.php" "Mozilla/5.0 (Windows NT 10.0; Win64; x64; rv:119.0) Gecko/20100101 Firefox/119.0"
15.235.98.109 - - [13/May/2026:03:09:13 +0700] "GET /shop/650824959 HTTP/1.1" 200 1100 "-" "Mozilla/5.0 (compatible; AhrefsBot/7.0; +http://ahrefs.com/robot/)"
216.73.216.128 - - [13/May/2026:03:09:15 +0700] "GET /detail/522611837.htm HTTP/1.1" 200 1100 "-" "Mozilla/5.0 AppleWebKit/537.36 (KHTML, like Gecko; compatible; ClaudeBot/1.0; +claudebot@anthropic.com)"
170.231.132.11 - - [13/May/2026:03:09:16 +0700] "GET /wp-admin/profile.php HTTP/1.1" 200 1100 "https://fh888.org/wp-login.php" "Mozilla/5.0 (Windows NT 10.0; Win64; x64; rv:119.0) Gecko/20100101 Firefox/119.0"
170.231.132.11 - - [13/May/2026:03:09:18 +0700] "GET /wp-admin/edit.php HTTP/1.1" 200 1100 "https://fh888.org/wp-login.php" "Mozilla/5.0 (Windows NT 10.0; Win64; x64; rv:119.0) Gecko/20100101 Firefox/119.0"
216.73.216.128 - - [13/May/2026:03:09:18 +0700] "GET /sitemapmobileindex.xml HTTP/1.1" 200 10579 "-" "Mozilla/5.0 AppleWebKit/537.36 (KHTML, like Gecko; compatible; ClaudeBot/1.0; +claudebot@anthropic.com)"
148.113.130.200 - - [13/May/2026:03:09:19 +0700] "GET /shop/650757243 HTTP/1.1" 200 1100 "-" "Mozilla/5.0 (compatible; AhrefsBot/7.0; +http://ahrefs.com/robot/)"
170.231.132.11 - - [13/May/2026:03:09:19 +0700] "GET /wp-admin/plugins.php HTTP/1.1" 200 1100 "https://fh888.org/wp-login.php" "Mozilla/5.0 (Windows NT 10.0; Win64; x64; rv:119.0) Gecko/20100101 Firefox/119.0"
216.73.216.128 - - [13/May/2026:03:09:21 +0700] "GET /sitemapindex.xml HTTP/1.1" 200 10678 "-" "Mozilla/5.0 AppleWebKit/537.36 (KHTML, like Gecko; compatible; ClaudeBot/1.0; +claudebot@anthropic.com)"
170.231.132.11 - - [13/May/2026:03:09:21 +0700] "POST /wp-login.php HTTP/1.1" 200 1100 "https://fh888.org/wp-login.php" "Mozilla/5.0 (Macintosh; Intel Mac OS X 13_6_1) AppleWebKit/537.36 (KHTML, like Gecko) Chrome/119.0.0.0 Safari/537.36"
170.231.132.11 - - [13/May/2026:03:09:24 +0700] "GET /wp-admin/index.php HTTP/1.1" 200 1100 "https://fh888.org/wp-login.php" "Mozilla/5.0 (Macintosh; Intel Mac OS X 13_6_1) AppleWebKit/605.1.15 (KHTML, like Gecko) Version/17.0 Safari/605.1.15"
170.231.132.11 - - [13/May/2026:03:09:24 +0700] "GET /wp-admin/profile.php HTTP/1.1" 200 1100 "https://fh888.org/wp-login.php" "Mozilla/5.0 (Macintosh; Intel Mac OS X 13_6_1) AppleWebKit/605.1.15 (KHTML, like Gecko) Version/17.0 Safari/605.1.15"
15.235.98.205 - - [13/May/2026:03:09:25 +0700] "GET /shop/650648857 HTTP/1.1" 200 1100 "-" "Mozilla/5.0 (compatible; AhrefsBot/7.0; +http://ahrefs.com/robot/)"
170.231.132.11 - - [13/May/2026:03:09:26 +0700] "GET /wp-admin/edit.php HTTP/1.1" 200 1100 "https://fh888.org/wp-login.php" "Mozilla/5.0 (Macintosh; Intel Mac OS X 13_6_1) AppleWebKit/605.1.15 (KHTML, like Gecko) Version/17.0 Safari/605.1.15"
216.73.216.128 - - [13/May/2026:03:09:24 +0700] "GET /sitemap.xml HTTP/1.1" 200 157102 "-" "Mozilla/5.0 AppleWebKit/537.36 (KHTML, like Gecko; compatible; ClaudeBot/1.0; +claudebot@anthropic.com)"
170.231.132.11 - - [13/May/2026:03:09:28 +0700] "GET /wp-admin/plugins.php HTTP/1.1" 200 1100 "https://fh888.org/wp-login.php" "Mozilla/5.0 (Macintosh; Intel Mac OS X 13_6_1) AppleWebKit/605.1.15 (KHTML, like Gecko) Version/17.0 Safari/605.1.15"
170.231.132.11 - - [13/May/2026:03:09:30 +0700] "POST /wp-login.php HTTP/1.1" 200 1100 "https://fh888.org/wp-login.php" "Mozilla/5.0 (Macintosh; Intel Mac OS X 10_15_7) AppleWebKit/605.1.15 (KHTML, like Gecko) Version/17.2 Safari/605.1.15"
170.231.132.11 - - [13/May/2026:03:09:31 +0700] "GET /wp-admin/index.php HTTP/1.1" 200 1100 "https://fh888.org/wp-login.php" "Mozilla/5.0 (Macintosh; Intel Mac OS X 10_15_7) AppleWebKit/605.1.15 (KHTML, like Gecko) Version/17.0 Safari/605.1.15"
170.231.132.11 - - [13/May/2026:03:09:32 +0700] "GET /wp-admin/profile.php HTTP/1.1" 200 1100 "https://fh888.org/wp-login.php" "Mozilla/5.0 (Macintosh; Intel Mac OS X 10_15_7) AppleWebKit/605.1.15 (KHTML, like Gecko) Version/17.0 Safari/605.1.15"
51.222.168.237 - - [13/May/2026:03:09:32 +0700] "GET /shop/647525146 HTTP/1.1" 200 1100 "-" "Mozilla/5.0 (compatible; AhrefsBot/7.0; +http://ahrefs.com/robot/)"
170.231.132.11 - - [13/May/2026:03:09:33 +0700] "GET /wp-admin/edit.php HTTP/1.1" 200 1100 "https://fh888.org/wp-login.php" "Mozilla/5.0 (Macintosh; Intel Mac OS X 10_15_7) AppleWebKit/605.1.15 (KHTML, like Gecko) Version/17.0 Safari/605.1.15"
170.231.132.11 - - [13/May/2026:03:09:35 +0700] "GET /wp-admin/plugins.php HTTP/1.1" 200 1100 "https://fh888.org/wp-login.php" "Mozilla/5.0 (Macintosh; Intel Mac OS X 10_15_7) AppleWebKit/605.1.15 (KHTML, like Gecko) Version/17.0 Safari/605.1.15"
15.235.98.1 - - [13/May/2026:03:09:36 +0700] "GET /shop/640100966 HTTP/1.1" 200 1100 "-" "Mozilla/5.0 (compatible; AhrefsBot/7.0; +http://ahrefs.com/robot/)"
170.231.132.11 - - [13/May/2026:03:09:37 +0700] "POST /wp-login.php HTTP/1.1" 200 1100 "https://fh888.org/wp-login.php" "Mozilla/5.0 (Windows NT 11.0; Win64; x64) AppleWebKit/537.36 (KHTML, like Gecko) Chrome/118.0.0.0 Safari/537.36"
170.231.132.11 - - [13/May/2026:03:09:38 +0700] "GET /wp-admin/index.php HTTP/1.1" 200 1100 "https://fh888.org/wp-login.php" "Mozilla/5.0 (Macintosh; Intel Mac OS X 13_6_1; rv:118.0) Gecko/20100101 Firefox/118.0"
170.231.132.11 - - [13/May/2026:03:09:38 +0700] "GET /wp-admin/profile.php HTTP/1.1" 200 1100 "https://fh888.org/wp-login.php" "Mozilla/5.0 (Macintosh; Intel Mac OS X 13_6_1; rv:118.0) Gecko/20100101 Firefox/118.0"
170.231.132.11 - - [13/May/2026:03:09:40 +0700] "GET /wp-admin/edit.php HTTP/1.1" 200 1100 "https://fh888.org/wp-login.php" "Mozilla/5.0 (Macintosh; Intel Mac OS X 13_6_1; rv:118.0) Gecko/20100101 Firefox/118.0"
170.231.132.11 - - [13/May/2026:03:09:41 +0700] "GET /wp-admin/plugins.php HTTP/1.1" 200 1100 "https://fh888.org/wp-login.php" "Mozilla/5.0 (Macintosh; Intel Mac OS X 13_6_1; rv:118.0) Gecko/20100101 Firefox/118.0"
142.44.228.98 - - [13/May/2026:03:09:41 +0700] "GET /shop/640055404 HTTP/1.1" 200 1100 "-" "Mozilla/5.0 (compatible; AhrefsBot/7.0; +http://ahrefs.com/robot/)"
170.231.132.11 - - [13/May/2026:03:09:42 +0700] "POST /wp-login.php HTTP/1.1" 200 1100 "https://fh888.org/wp-login.php" "Mozilla/5.0 (Windows NT 11.0; Win64; x64; rv:119.0) Gecko/20100101 Firefox/119.0"
170.231.132.11 - - [13/May/2026:03:09:44 +0700] "GET /wp-admin/index.php HTTP/1.1" 200 1100 "https://fh888.org/wp-login.php" "Mozilla/5.0 (Macintosh; Intel Mac OS X 13_6_1) AppleWebKit/605.1.15 (KHTML, like Gecko) Version/17.2 Safari/605.1.15"
170.231.132.11 - - [13/May/2026:03:09:44 +0700] "GET /wp-admin/profile.php HTTP/1.1" 200 1100 "https://fh888.org/wp-login.php" "Mozilla/5.0 (Macintosh; Intel Mac OS X 13_6_1) AppleWebKit/605.1.15 (KHTML, like Gecko) Version/17.2 Safari/605.1.15"
148.113.128.228 - - [13/May/2026:03:09:45 +0700] "GET /shop/639526733 HTTP/1.1" 200 1100 "-" "Mozilla/5.0 (compatible; AhrefsBot/7.0; +http://ahrefs.com/robot/)"
170.231.132.11 - - [13/May/2026:03:09:46 +0700] "GET /wp-admin/edit.php HTTP/1.1" 200 1100 "https://fh888.org/wp-login.php" "Mozilla/5.0 (Macintosh; Intel Mac OS X 13_6_1) AppleWebKit/605.1.15 (KHTML, like Gecko) Version/17.2 Safari/605.1.15"
170.231.132.11 - - [13/May/2026:03:09:47 +0700] "GET /wp-admin/plugins.php HTTP/1.1" 200 1100 "https://fh888.org/wp-login.php" "Mozilla/5.0 (Macintosh; Intel Mac OS X 13_6_1) AppleWebKit/605.1.15 (KHTML, like Gecko) Version/17.2 Safari/605.1.15"
170.231.132.11 - - [13/May/2026:03:09:49 +0700] "POST /wp-login.php HTTP/1.1" 200 1100 "https://fh888.org/wp-login.php" "Mozilla/5.0 (Windows NT 10.0; Win64; x64; rv:119.0) Gecko/20100101 Firefox/119.0"
170.231.132.11 - - [13/May/2026:03:09:52 +0700] "GET /wp-admin/index.php HTTP/1.1" 200 1100 "https://fh888.org/wp-login.php" "Mozilla/5.0 (Macintosh; Intel Mac OS X 13_6_1) AppleWebKit/537.36 (KHTML, like Gecko) Chrome/121.0.0.0 Safari/537.36"
54.39.0.228 - - [13/May/2026:03:09:51 +0700] "GET /shop/637447996 HTTP/1.1" 200 1100 "-" "Mozilla/5.0 (compatible; AhrefsBot/7.0; +http://ahrefs.com/robot/)"
170.231.132.11 - - [13/May/2026:03:09:52 +0700] "GET /wp-admin/profile.php HTTP/1.1" 200 1100 "https://fh888.org/wp-login.php" "Mozilla/5.0 (Macintosh; Intel Mac OS X 13_6_1) AppleWebKit/537.36 (KHTML, like Gecko) Chrome/121.0.0.0 Safari/537.36"
170.231.132.11 - - [13/May/2026:03:09:54 +0700] "GET /wp-admin/edit.php HTTP/1.1" 200 1100 "https://fh888.org/wp-login.php" "Mozilla/5.0 (Macintosh; Intel Mac OS X 13_6_1) AppleWebKit/537.36 (KHTML, like Gecko) Chrome/121.0.0.0 Safari/537.36"
170.231.132.11 - - [13/May/2026:03:09:55 +0700] "GET /wp-admin/plugins.php HTTP/1.1" 200 1100 "https://fh888.org/wp-login.php" "Mozilla/5.0 (Macintosh; Intel Mac OS X 13_6_1) AppleWebKit/537.36 (KHTML, like Gecko) Chrome/121.0.0.0 Safari/537.36"
170.231.132.11 - - [13/May/2026:03:09:57 +0700] "POST /wp-login.php HTTP/1.1" 200 1100 "https://fh888.org/wp-login.php" "Mozilla/5.0 (X11; Ubuntu; Linux x86_64) AppleWebKit/537.36 (KHTML, like Gecko) Chrome/120.0.0.0 Safari/537.36"
170.231.132.11 - - [13/May/2026:03:09:59 +0700] "GET /wp-admin/index.php HTTP/1.1" 200 1100 "https://fh888.org/wp-login.php" "Mozilla/5.0 (Macintosh; Intel Mac OS X 10_15_7; rv:119.0) Gecko/20100101 Firefox/119.0"
54.39.136.94 - - [13/May/2026:03:09:59 +0700] "GET /shop/636731008 HTTP/1.1" 200 1100 "-" "Mozilla/5.0 (compatible; AhrefsBot/7.0; +http://ahrefs.com/robot/)"
170.231.132.11 - - [13/May/2026:03:09:59 +0700] "GET /wp-admin/profile.php HTTP/1.1" 200 1100 "https://fh888.org/wp-login.php" "Mozilla/5.0 (Macintosh; Intel Mac OS X 10_15_7; rv:119.0) Gecko/20100101 Firefox/119.0"
170.231.132.11 - - [13/May/2026:03:10:01 +0700] "GET /wp-admin/edit.php HTTP/1.1" 200 1100 "https://fh888.org/wp-login.php" "Mozilla/5.0 (Macintosh; Intel Mac OS X 10_15_7; rv:119.0) Gecko/20100101 Firefox/119.0"
170.231.132.11 - - [13/May/2026:03:10:02 +0700] "GET /wp-admin/plugins.php HTTP/1.1" 200 1100 "https://fh888.org/wp-login.php" "Mozilla/5.0 (Macintosh; Intel Mac OS X 10_15_7; rv:119.0) Gecko/20100101 Firefox/119.0"
170.231.132.11 - - [13/May/2026:03:10:03 +0700] "POST /wp-login.php HTTP/1.1" 200 1100 "https://fh888.org/wp-login.php" "Mozilla/5.0 (X11; Ubuntu; Linux x86_64) AppleWebKit/537.36 (KHTML, like Gecko) Chrome/118.0.0.0 Safari/537.36"
170.231.132.11 - - [13/May/2026:03:10:04 +0700] "GET /wp-admin/index.php HTTP/1.1" 200 1100 "https://fh888.org/wp-login.php" "Mozilla/5.0 (Windows NT 10.0; Win64; x64; rv:120.0) Gecko/20100101 Firefox/120.0"
170.231.132.11 - - [13/May/2026:03:10:04 +0700] "GET /wp-admin/profile.php HTTP/1.1" 200 1100 "https://fh888.org/wp-login.php" "Mozilla/5.0 (Windows NT 10.0; Win64; x64; rv:120.0) Gecko/20100101 Firefox/120.0"
170.231.132.11 - - [13/May/2026:03:10:05 +0700] "GET /wp-admin/edit.php HTTP/1.1" 200 1100 "https://fh888.org/wp-login.php" "Mozilla/5.0 (Windows NT 10.0; Win64; x64; rv:120.0) Gecko/20100101 Firefox/120.0"
170.231.132.11 - - [13/May/2026:03:10:06 +0700] "GET /wp-admin/plugins.php HTTP/1.1" 200 1100 "https://fh888.org/wp-login.php" "Mozilla/5.0 (Windows NT 10.0; Win64; x64; rv:120.0) Gecko/20100101 Firefox/120.0"
170.231.132.11 - - [13/May/2026:03:10:07 +0700] "POST /wp-login.php HTTP/1.1" 200 1100 "https://fh888.org/wp-login.php" "Mozilla/5.0 (Macintosh; Intel Mac OS X 10_15_7) AppleWebKit/605.1.15 (KHTML, like Gecko) Version/16.6 Safari/605.1.15"
170.231.132.11 - - [13/May/2026:03:10:08 +0700] "GET /wp-admin/index.php HTTP/1.1" 200 1100 "https://fh888.org/wp-login.php" "Mozilla/5.0 (Macintosh; Intel Mac OS X 10_15_7) AppleWebKit/605.1.15 (KHTML, like Gecko) Version/17.0 Safari/605.1.15"
15.235.98.231 - - [13/May/2026:03:10:08 +0700] "GET /shop/626055431 HTTP/1.1" 200 1100 "-" "Mozilla/5.0 (compatible; AhrefsBot/7.0; +http://ahrefs.com/robot/)"
170.231.132.11 - - [13/May/2026:03:10:08 +0700] "GET /wp-admin/profile.php HTTP/1.1" 200 1100 "https://fh888.org/wp-login.php" "Mozilla/5.0 (Macintosh; Intel Mac OS X 10_15_7) AppleWebKit/605.1.15 (KHTML, like Gecko) Version/17.0 Safari/605.1.15"
170.231.132.11 - - [13/May/2026:03:10:09 +0700] "GET /wp-admin/edit.php HTTP/1.1" 200 1100 "https://fh888.org/wp-login.php" "Mozilla/5.0 (Macintosh; Intel Mac OS X 10_15_7) AppleWebKit/605.1.15 (KHTML, like Gecko) Version/17.0 Safari/605.1.15"
170.231.132.11 - - [13/May/2026:03:10:10 +0700] "GET /wp-admin/plugins.php HTTP/1.1" 200 1100 "https://fh888.org/wp-login.php" "Mozilla/5.0 (Macintosh; Intel Mac OS X 10_15_7) AppleWebKit/605.1.15 (KHTML, like Gecko) Version/17.0 Safari/605.1.15"
170.231.132.11 - - [13/May/2026:03:10:11 +0700] "POST /wp-login.php HTTP/1.1" 200 1100 "https://fh888.org/wp-login.php" "Mozilla/5.0 (Windows NT 11.0; Win64; x64; rv:118.0) Gecko/20100101 Firefox/118.0"
170.231.132.11 - - [13/May/2026:03:10:12 +0700] "GET /wp-admin/index.php HTTP/1.1" 200 1100 "https://fh888.org/wp-login.php" "Mozilla/5.0 (Windows NT 10.0; Win64; x64) AppleWebKit/537.36 (KHTML, like Gecko) Chrome/118.0.0.0 Safari/537.36"
51.161.65.3 - - [13/May/2026:03:10:12 +0700] "GET /shop/624812096 HTTP/1.1" 200 1100 "-" "Mozilla/5.0 (compatible; AhrefsBot/7.0; +http://ahrefs.com/robot/)"
170.231.132.11 - - [13/May/2026:03:10:12 +0700] "GET /wp-admin/profile.php HTTP/1.1" 200 1100 "https://fh888.org/wp-login.php" "Mozilla/5.0 (Windows NT 10.0; Win64; x64) AppleWebKit/537.36 (KHTML, like Gecko) Chrome/118.0.0.0 Safari/537.36"
170.231.132.11 - - [13/May/2026:03:10:13 +0700] "GET /wp-admin/edit.php HTTP/1.1" 200 1100 "https://fh888.org/wp-login.php" "Mozilla/5.0 (Windows NT 10.0; Win64; x64) AppleWebKit/537.36 (KHTML, like Gecko) Chrome/118.0.0.0 Safari/537.36"
170.231.132.11 - - [13/May/2026:03:10:14 +0700] "GET /wp-admin/plugins.php HTTP/1.1" 200 1100 "https://fh888.org/wp-login.php" "Mozilla/5.0 (Windows NT 10.0; Win64; x64) AppleWebKit/537.36 (KHTML, like Gecko) Chrome/118.0.0.0 Safari/537.36"
170.231.132.11 - - [13/May/2026:03:10:15 +0700] "POST /wp-login.php HTTP/1.1" 200 1100 "https://fh888.org/wp-login.php" "Mozilla/5.0 (Macintosh; Intel Mac OS X 10_15_7; rv:118.0) Gecko/20100101 Firefox/118.0"
170.231.132.11 - - [13/May/2026:03:10:16 +0700] "GET /wp-admin/index.php HTTP/1.1" 200 1100 "https://fh888.org/wp-login.php" "Mozilla/5.0 (Macintosh; Intel Mac OS X 10_15_7; rv:119.0) Gecko/20100101 Firefox/119.0"
170.231.132.11 - - [13/May/2026:03:10:16 +0700] "GET /wp-admin/profile.php HTTP/1.1" 200 1100 "https://fh888.org/wp-login.php" "Mozilla/5.0 (Macintosh; Intel Mac OS X 10_15_7; rv:119.0) Gecko/20100101 Firefox/119.0"
170.231.132.11 - - [13/May/2026:03:10:17 +0700] "GET /wp-admin/edit.php HTTP/1.1" 200 1100 "https://fh888.org/wp-login.php" "Mozilla/5.0 (Macintosh; Intel Mac OS X 10_15_7; rv:119.0) Gecko/20100101 Firefox/119.0"
170.231.132.11 - - [13/May/2026:03:10:18 +0700] "GET /wp-admin/plugins.php HTTP/1.1" 200 1100 "https://fh888.org/wp-login.php" "Mozilla/5.0 (Macintosh; Intel Mac OS X 10_15_7; rv:119.0) Gecko/20100101 Firefox/119.0"
148.113.130.236 - - [13/May/2026:03:10:18 +0700] "GET /shop/621888683 HTTP/1.1" 200 1100 "-" "Mozilla/5.0 (compatible; AhrefsBot/7.0; +http://ahrefs.com/robot/)"
170.231.132.11 - - [13/May/2026:03:10:19 +0700] "POST /wp-login.php HTTP/1.1" 200 1100 "https://fh888.org/wp-login.php" "Mozilla/5.0 (Macintosh; Intel Mac OS X 13_6_1) AppleWebKit/537.36 (KHTML, like Gecko) Chrome/120.0.0.0 Safari/537.36"
170.231.132.11 - - [13/May/2026:03:10:20 +0700] "GET /wp-admin/index.php HTTP/1.1" 200 1100 "https://fh888.org/wp-login.php" "Mozilla/5.0 (Macintosh; Intel Mac OS X 13_6_1; rv:119.0) Gecko/20100101 Firefox/119.0"
170.231.132.11 - - [13/May/2026:03:10:20 +0700] "GET /wp-admin/profile.php HTTP/1.1" 200 1100 "https://fh888.org/wp-login.php" "Mozilla/5.0 (Macintosh; Intel Mac OS X 13_6_1; rv:119.0) Gecko/20100101 Firefox/119.0"
170.231.132.11 - - [13/May/2026:03:10:21 +0700] "GET /wp-admin/edit.php HTTP/1.1" 200 1100 "https://fh888.org/wp-login.php" "Mozilla/5.0 (Macintosh; Intel Mac OS X 13_6_1; rv:119.0) Gecko/20100101 Firefox/119.0"
170.231.132.11 - - [13/May/2026:03:10:22 +0700] "GET /wp-admin/plugins.php HTTP/1.1" 200 1100 "https://fh888.org/wp-login.php" "Mozilla/5.0 (Macintosh; Intel Mac OS X 13_6_1; rv:119.0) Gecko/20100101 Firefox/119.0"
54.39.0.79 - - [13/May/2026:03:10:23 +0700] "GET /shop/613059746 HTTP/1.1" 200 1100 "-" "Mozilla/5.0 (compatible; AhrefsBot/7.0; +http://ahrefs.com/robot/)"
170.231.132.11 - - [13/May/2026:03:10:23 +0700] "POST /wp-login.php HTTP/1.1" 200 1100 "https://fh888.org/wp-login.php" "Mozilla/5.0 (X11; Ubuntu; Linux x86_64) AppleWebKit/537.36 (KHTML, like Gecko) Chrome/118.0.0.0 Safari/537.36"
170.231.132.11 - - [13/May/2026:03:10:24 +0700] "GET /wp-admin/index.php HTTP/1.1" 200 1100 "https://fh888.org/wp-login.php" "Mozilla/5.0 (Windows NT 10.0; Win64; x64; rv:120.0) Gecko/20100101 Firefox/120.0"
170.231.132.11 - - [13/May/2026:03:10:24 +0700] "GET /wp-admin/profile.php HTTP/1.1" 200 1100 "https://fh888.org/wp-login.php" "Mozilla/5.0 (Windows NT 10.0; Win64; x64; rv:120.0) Gecko/20100101 Firefox/120.0"
170.231.132.11 - - [13/May/2026:03:10:25 +0700] "GET /wp-admin/edit.php HTTP/1.1" 200 1100 "https://fh888.org/wp-login.php" "Mozilla/5.0 (Windows NT 10.0; Win64; x64; rv:120.0) Gecko/20100101 Firefox/120.0"
170.231.132.11 - - [13/May/2026:03:10:26 +0700] "GET /wp-admin/plugins.php HTTP/1.1" 200 1100 "https://fh888.org/wp-login.php" "Mozilla/5.0 (Windows NT 10.0; Win64; x64; rv:120.0) Gecko/20100101 Firefox/120.0"
51.222.95.217 - - [13/May/2026:03:10:27 +0700] "GET /shop/612305956 HTTP/1.1" 200 1100 "-" "Mozilla/5.0 (compatible; AhrefsBot/7.0; +http://ahrefs.com/robot/)"
170.231.132.11 - - [13/May/2026:03:10:27 +0700] "POST /wp-login.php HTTP/1.1" 200 1100 "https://fh888.org/wp-login.php" "Mozilla/5.0 (Macintosh; Intel Mac OS X 10_15_7; rv:120.0) Gecko/20100101 Firefox/120.0"
170.231.132.11 - - [13/May/2026:03:10:28 +0700] "GET /wp-admin/index.php HTTP/1.1" 200 1100 "https://fh888.org/wp-login.php" "Mozilla/5.0 (X11; Linux x86_64) AppleWebKit/537.36 (KHTML, like Gecko) Chrome/120.0.0.0 Safari/537.36"
170.231.132.11 - - [13/May/2026:03:10:28 +0700] "GET /wp-admin/profile.php HTTP/1.1" 200 1100 "https://fh888.org/wp-login.php" "Mozilla/5.0 (X11; Linux x86_64) AppleWebKit/537.36 (KHTML, like Gecko) Chrome/120.0.0.0 Safari/537.36"
170.231.132.11 - - [13/May/2026:03:10:29 +0700] "GET /wp-admin/edit.php HTTP/1.1" 200 1100 "https://fh888.org/wp-login.php" "Mozilla/5.0 (X11; Linux x86_64) AppleWebKit/537.36 (KHTML, like Gecko) Chrome/120.0.0.0 Safari/537.36"
170.231.132.11 - - [13/May/2026:03:10:30 +0700] "GET /wp-admin/plugins.php HTTP/1.1" 200 1100 "https://fh888.org/wp-login.php" "Mozilla/5.0 (X11; Linux x86_64) AppleWebKit/537.36 (KHTML, like Gecko) Chrome/120.0.0.0 Safari/537.36"
170.231.132.11 - - [13/May/2026:03:10:31 +0700] "POST /wp-login.php HTTP/1.1" 200 1100 "https://fh888.org/wp-login.php" "Mozilla/5.0 (Windows NT 10.0; Win64; x64) AppleWebKit/537.36 (KHTML, like Gecko) Chrome/121.0.0.0 Safari/537.36"
170.231.132.11 - - [13/May/2026:03:10:32 +0700] "GET /wp-admin/index.php HTTP/1.1" 200 1100 "https://fh888.org/wp-login.php" "Mozilla/5.0 (Windows NT 11.0; Win64; x64; rv:120.0) Gecko/20100101 Firefox/120.0"
170.231.132.11 - - [13/May/2026:03:10:32 +0700] "GET /wp-admin/profile.php HTTP/1.1" 200 1100 "https://fh888.org/wp-login.php" "Mozilla/5.0 (Windows NT 11.0; Win64; x64; rv:120.0) Gecko/20100101 Firefox/120.0"
170.231.132.11 - - [13/May/2026:03:10:33 +0700] "GET /wp-admin/edit.php HTTP/1.1" 200 1100 "https://fh888.org/wp-login.php" "Mozilla/5.0 (Windows NT 11.0; Win64; x64; rv:120.0) Gecko/20100101 Firefox/120.0"
54.39.210.157 - - [13/May/2026:03:10:33 +0700] "GET /shop/609690183 HTTP/1.1" 200 1100 "-" "Mozilla/5.0 (compatible; AhrefsBot/7.0; +http://ahrefs.com/robot/)"
170.231.132.11 - - [13/May/2026:03:10:34 +0700] "GET /wp-admin/plugins.php HTTP/1.1" 200 1100 "https://fh888.org/wp-login.php" "Mozilla/5.0 (Windows NT 11.0; Win64; x64; rv:120.0) Gecko/20100101 Firefox/120.0"
170.231.132.11 - - [13/May/2026:03:10:39 +0700] "POST /wp-login.php HTTP/1.1" 200 1100 "https://fh888.org/wp-login.php" "Mozilla/5.0 (Windows NT 10.0; Win64; x64; rv:118.0) Gecko/20100101 Firefox/118.0"
170.231.132.11 - - [13/May/2026:03:10:39 +0700] "GET /wp-admin/index.php HTTP/1.1" 200 1100 "https://fh888.org/wp-login.php" "Mozilla/5.0 (Macintosh; Intel Mac OS X 13_6_1; rv:121.0) Gecko/20100101 Firefox/121.0"
170.231.132.11 - - [13/May/2026:03:10:40 +0700] "GET /wp-admin/profile.php HTTP/1.1" 200 1100 "https://fh888.org/wp-login.php" "Mozilla/5.0 (Macintosh; Intel Mac OS X 13_6_1; rv:121.0) Gecko/20100101 Firefox/121.0"
170.231.132.11 - - [13/May/2026:03:10:41 +0700] "GET /wp-admin/edit.php HTTP/1.1" 200 1100 "https://fh888.org/wp-login.php" "Mozilla/5.0 (Macintosh; Intel Mac OS X 13_6_1; rv:121.0) Gecko/20100101 Firefox/121.0"
54.39.136.21 - - [13/May/2026:03:10:41 +0700] "GET /shop/603956107 HTTP/1.1" 200 1100 "-" "Mozilla/5.0 (compatible; AhrefsBot/7.0; +http://ahrefs.com/robot/)"
170.231.132.11 - - [13/May/2026:03:10:42 +0700] "GET /wp-admin/plugins.php HTTP/1.1" 200 1100 "https://fh888.org/wp-login.php" "Mozilla/5.0 (Macintosh; Intel Mac OS X 13_6_1; rv:121.0) Gecko/20100101 Firefox/121.0"
170.231.132.11 - - [13/May/2026:03:10:43 +0700] "POST /wp-login.php HTTP/1.1" 200 1100 "https://fh888.org/wp-login.php" "Mozilla/5.0 (Macintosh; Intel Mac OS X 13_6_1; rv:119.0) Gecko/20100101 Firefox/119.0"
170.231.132.11 - - [13/May/2026:03:10:43 +0700] "GET /wp-admin/index.php HTTP/1.1" 200 1100 "https://fh888.org/wp-login.php" "Mozilla/5.0 (Macintosh; Intel Mac OS X 13_6_1; rv:121.0) Gecko/20100101 Firefox/121.0"
170.231.132.11 - - [13/May/2026:03:10:44 +0700] "GET /wp-admin/profile.php HTTP/1.1" 200 1100 "https://fh888.org/wp-login.php" "Mozilla/5.0 (Macintosh; Intel Mac OS X 13_6_1; rv:121.0) Gecko/20100101 Firefox/121.0"
170.231.132.11 - - [13/May/2026:03:10:45 +0700] "GET /wp-admin/edit.php HTTP/1.1" 200 1100 "https://fh888.org/wp-login.php" "Mozilla/5.0 (Macintosh; Intel Mac OS X 13_6_1; rv:121.0) Gecko/20100101 Firefox/121.0"
170.231.132.11 - - [13/May/2026:03:10:46 +0700] "GET /wp-admin/plugins.php HTTP/1.1" 200 1100 "https://fh888.org/wp-login.php" "Mozilla/5.0 (Macintosh; Intel Mac OS X 13_6_1; rv:121.0) Gecko/20100101 Firefox/121.0"
170.231.132.11 - - [13/May/2026:03:10:46 +0700] "POST /wp-login.php HTTP/1.1" 200 1100 "https://fh888.org/wp-login.php" "Mozilla/5.0 (Macintosh; Intel Mac OS X 10_15_7) AppleWebKit/605.1.15 (KHTML, like Gecko) Version/17.2 Safari/605.1.15"
170.231.132.11 - - [13/May/2026:03:10:47 +0700] "GET /wp-admin/index.php HTTP/1.1" 200 1100 "https://fh888.org/wp-login.php" "Mozilla/5.0 (Macintosh; Intel Mac OS X 10_15_7) AppleWebKit/605.1.15 (KHTML, like Gecko) Version/17.1 Safari/605.1.15"
170.231.132.11 - - [13/May/2026:03:10:48 +0700] "GET /wp-admin/profile.php HTTP/1.1" 200 1100 "https://fh888.org/wp-login.php" "Mozilla/5.0 (Macintosh; Intel Mac OS X 10_15_7) AppleWebKit/605.1.15 (KHTML, like Gecko) Version/17.1 Safari/605.1.15"
170.231.132.11 - - [13/May/2026:03:10:49 +0700] "GET /wp-admin/edit.php HTTP/1.1" 200 1100 "https://fh888.org/wp-login.php" "Mozilla/5.0 (Macintosh; Intel Mac OS X 10_15_7) AppleWebKit/605.1.15 (KHTML, like Gecko) Version/17.1 Safari/605.1.15"
170.231.132.11 - - [13/May/2026:03:10:50 +0700] "GET /wp-admin/plugins.php HTTP/1.1" 200 1100 "https://fh888.org/wp-login.php" "Mozilla/5.0 (Macintosh; Intel Mac OS X 10_15_7) AppleWebKit/605.1.15 (KHTML, like Gecko) Version/17.1 Safari/605.1.15"
54.39.210.137 - - [13/May/2026:03:10:51 +0700] "GET /shop/603135379 HTTP/1.1" 200 1100 "-" "Mozilla/5.0 (compatible; AhrefsBot/7.0; +http://ahrefs.com/robot/)"
170.231.132.11 - - [13/May/2026:03:10:51 +0700] "POST /wp-login.php HTTP/1.1" 200 1100 "https://fh888.org/wp-login.php" "Mozilla/5.0 (Windows NT 10.0; Win64; x64) AppleWebKit/537.36 (KHTML, like Gecko) Chrome/120.0.0.0 Safari/537.36"
170.231.132.11 - - [13/May/2026:03:10:52 +0700] "GET /wp-admin/index.php HTTP/1.1" 200 1100 "https://fh888.org/wp-login.php" "Mozilla/5.0 (Windows NT 10.0; Win64; x64; rv:121.0) Gecko/20100101 Firefox/121.0"
170.231.132.11 - - [13/May/2026:03:10:52 +0700] "GET /wp-admin/profile.php HTTP/1.1" 200 1100 "https://fh888.org/wp-login.php" "Mozilla/5.0 (Windows NT 10.0; Win64; x64; rv:121.0) Gecko/20100101 Firefox/121.0"
170.231.132.11 - - [13/May/2026:03:10:53 +0700] "GET /wp-admin/edit.php HTTP/1.1" 200 1100 "https://fh888.org/wp-login.php" "Mozilla/5.0 (Windows NT 10.0; Win64; x64; rv:121.0) Gecko/20100101 Firefox/121.0"
170.231.132.11 - - [13/May/2026:03:10:54 +0700] "GET /wp-admin/plugins.php HTTP/1.1" 200 1100 "https://fh888.org/wp-login.php" "Mozilla/5.0 (Windows NT 10.0; Win64; x64; rv:121.0) Gecko/20100101 Firefox/121.0"
170.231.132.11 - - [13/May/2026:03:10:55 +0700] "POST /wp-login.php HTTP/1.1" 200 1100 "https://fh888.org/wp-login.php" "Mozilla/5.0 (Macintosh; Intel Mac OS X 10_15_7) AppleWebKit/605.1.15 (KHTML, like Gecko) Version/17.0 Safari/605.1.15"
170.231.132.11 - - [13/May/2026:03:10:56 +0700] "GET /wp-admin/index.php HTTP/1.1" 200 1100 "https://fh888.org/wp-login.php" "Mozilla/5.0 (Macintosh; Intel Mac OS X 13_6_1) AppleWebKit/605.1.15 (KHTML, like Gecko) Version/17.2 Safari/605.1.15"
170.231.132.11 - - [13/May/2026:03:10:56 +0700] "GET /wp-admin/profile.php HTTP/1.1" 200 1100 "https://fh888.org/wp-login.php" "Mozilla/5.0 (Macintosh; Intel Mac OS X 13_6_1) AppleWebKit/605.1.15 (KHTML, like Gecko) Version/17.2 Safari/605.1.15"
170.231.132.11 - - [13/May/2026:03:10:57 +0700] "GET /wp-admin/edit.php HTTP/1.1" 200 1100 "https://fh888.org/wp-login.php" "Mozilla/5.0 (Macintosh; Intel Mac OS X 13_6_1) AppleWebKit/605.1.15 (KHTML, like Gecko) Version/17.2 Safari/605.1.15"
170.231.132.11 - - [13/May/2026:03:10:58 +0700] "GET /wp-admin/plugins.php HTTP/1.1" 200 1100 "https://fh888.org/wp-login.php" "Mozilla/5.0 (Macintosh; Intel Mac OS X 13_6_1) AppleWebKit/605.1.15 (KHTML, like Gecko) Version/17.2 Safari/605.1.15"
54.39.203.206 - - [13/May/2026:03:10:58 +0700] "GET /shop/600807309 HTTP/1.1" 200 1100 "-" "Mozilla/5.0 (compatible; AhrefsBot/7.0; +http://ahrefs.com/robot/)"
170.231.132.11 - - [13/May/2026:03:10:59 +0700] "POST /wp-login.php HTTP/1.1" 200 1100 "https://fh888.org/wp-login.php" "Mozilla/5.0 (Windows NT 11.0; Win64; x64; rv:118.0) Gecko/20100101 Firefox/118.0"
170.231.132.11 - - [13/May/2026:03:10:59 +0700] "GET /wp-admin/index.php HTTP/1.1" 200 1100 "https://fh888.org/wp-login.php" "Mozilla/5.0 (Macintosh; Intel Mac OS X 13_6_1) AppleWebKit/537.36 (KHTML, like Gecko) Chrome/120.0.0.0 Safari/537.36"
170.231.132.11 - - [13/May/2026:03:11:00 +0700] "GET /wp-admin/profile.php HTTP/1.1" 200 1100 "https://fh888.org/wp-login.php" "Mozilla/5.0 (Macintosh; Intel Mac OS X 13_6_1) AppleWebKit/537.36 (KHTML, like Gecko) Chrome/120.0.0.0 Safari/537.36"
170.231.132.11 - - [13/May/2026:03:11:01 +0700] "GET /wp-admin/edit.php HTTP/1.1" 200 1100 "https://fh888.org/wp-login.php" "Mozilla/5.0 (Macintosh; Intel Mac OS X 13_6_1) AppleWebKit/537.36 (KHTML, like Gecko) Chrome/120.0.0.0 Safari/537.36"
170.231.132.11 - - [13/May/2026:03:11:02 +0700] "GET /wp-admin/plugins.php HTTP/1.1" 200 1100 "https://fh888.org/wp-login.php" "Mozilla/5.0 (Macintosh; Intel Mac OS X 13_6_1) AppleWebKit/537.36 (KHTML, like Gecko) Chrome/120.0.0.0 Safari/537.36"
170.231.132.11 - - [13/May/2026:03:11:03 +0700] "POST /wp-login.php HTTP/1.1" 200 1100 "https://fh888.org/wp-login.php" "Mozilla/5.0 (X11; Linux x86_64) AppleWebKit/537.36 (KHTML, like Gecko) Chrome/121.0.0.0 Safari/537.36"
170.231.132.11 - - [13/May/2026:03:11:03 +0700] "GET /wp-admin/index.php HTTP/1.1" 200 1100 "https://fh888.org/wp-login.php" "Mozilla/5.0 (Windows NT 10.0; Win64; x64) AppleWebKit/537.36 (KHTML, like Gecko) Chrome/121.0.0.0 Safari/537.36"
170.231.132.11 - - [13/May/2026:03:11:04 +0700] "GET /wp-admin/profile.php HTTP/1.1" 200 1100 "https://fh888.org/wp-login.php" "Mozilla/5.0 (Windows NT 10.0; Win64; x64) AppleWebKit/537.36 (KHTML, like Gecko) Chrome/121.0.0.0 Safari/537.36"
170.231.132.11 - - [13/May/2026:03:11:05 +0700] "GET /wp-admin/edit.php HTTP/1.1" 200 1100 "https://fh888.org/wp-login.php" "Mozilla/5.0 (Windows NT 10.0; Win64; x64) AppleWebKit/537.36 (KHTML, like Gecko) Chrome/121.0.0.0 Safari/537.36"
170.231.132.11 - - [13/May/2026:03:11:06 +0700] "GET /wp-admin/plugins.php HTTP/1.1" 200 1100 "https://fh888.org/wp-login.php" "Mozilla/5.0 (Windows NT 10.0; Win64; x64) AppleWebKit/537.36 (KHTML, like Gecko) Chrome/121.0.0.0 Safari/537.36"
170.231.132.11 - - [13/May/2026:03:11:06 +0700] "POST /wp-login.php HTTP/1.1" 200 1100 "https://fh888.org/wp-login.php" "Mozilla/5.0 (Windows NT 11.0; Win64; x64) AppleWebKit/537.36 (KHTML, like Gecko) Chrome/121.0.0.0 Safari/537.36"
54.39.136.13 - - [13/May/2026:03:11:07 +0700] "GET /shop/600111433 HTTP/1.1" 200 1100 "-" "Mozilla/5.0 (compatible; AhrefsBot/7.0; +http://ahrefs.com/robot/)"
170.231.132.11 - - [13/May/2026:03:11:07 +0700] "GET /wp-admin/index.php HTTP/1.1" 200 1100 "https://fh888.org/wp-login.php" "Mozilla/5.0 (Macintosh; Intel Mac OS X 10_15_7; rv:118.0) Gecko/20100101 Firefox/118.0"
170.231.132.11 - - [13/May/2026:03:11:08 +0700] "GET /wp-admin/profile.php HTTP/1.1" 200 1100 "https://fh888.org/wp-login.php" "Mozilla/5.0 (Macintosh; Intel Mac OS X 10_15_7; rv:118.0) Gecko/20100101 Firefox/118.0"
170.231.132.11 - - [13/May/2026:03:11:09 +0700] "GET /wp-admin/edit.php HTTP/1.1" 200 1100 "https://fh888.org/wp-login.php" "Mozilla/5.0 (Macintosh; Intel Mac OS X 10_15_7; rv:118.0) Gecko/20100101 Firefox/118.0"
170.231.132.11 - - [13/May/2026:03:11:09 +0700] "GET /wp-admin/plugins.php HTTP/1.1" 200 1100 "https://fh888.org/wp-login.php" "Mozilla/5.0 (Macintosh; Intel Mac OS X 10_15_7; rv:118.0) Gecko/20100101 Firefox/118.0"
170.231.132.11 - - [13/May/2026:03:11:10 +0700] "POST /wp-login.php HTTP/1.1" 200 1100 "https://fh888.org/wp-login.php" "Mozilla/5.0 (X11; Linux x86_64) AppleWebKit/537.36 (KHTML, like Gecko) Chrome/119.0.0.0 Safari/537.36"
170.231.132.11 - - [13/May/2026:03:11:11 +0700] "GET /wp-admin/index.php HTTP/1.1" 200 1100 "https://fh888.org/wp-login.php" "Mozilla/5.0 (Windows NT 11.0; Win64; x64) AppleWebKit/537.36 (KHTML, like Gecko) Chrome/118.0.0.0 Safari/537.36"
170.231.132.11 - - [13/May/2026:03:11:12 +0700] "GET /wp-admin/profile.php HTTP/1.1" 200 1100 "https://fh888.org/wp-login.php" "Mozilla/5.0 (Windows NT 11.0; Win64; x64) AppleWebKit/537.36 (KHTML, like Gecko) Chrome/118.0.0.0 Safari/537.36"
170.231.132.11 - - [13/May/2026:03:11:13 +0700] "GET /wp-admin/edit.php HTTP/1.1" 200 1100 "https://fh888.org/wp-login.php" "Mozilla/5.0 (Windows NT 11.0; Win64; x64) AppleWebKit/537.36 (KHTML, like Gecko) Chrome/118.0.0.0 Safari/537.36"
170.231.132.11 - - [13/May/2026:03:11:14 +0700] "GET /wp-admin/plugins.php HTTP/1.1" 200 1100 "https://fh888.org/wp-login.php" "Mozilla/5.0 (Windows NT 11.0; Win64; x64) AppleWebKit/537.36 (KHTML, like Gecko) Chrome/118.0.0.0 Safari/537.36"
142.44.225.212 - - [13/May/2026:03:11:14 +0700] "GET /shop/598766027 HTTP/1.1" 200 1100 "-" "Mozilla/5.0 (compatible; AhrefsBot/7.0; +http://ahrefs.com/robot/)"
170.231.132.11 - - [13/May/2026:03:11:14 +0700] "POST /wp-login.php HTTP/1.1" 200 1100 "https://fh888.org/wp-login.php" "Mozilla/5.0 (Macintosh; Intel Mac OS X 13_6_1) AppleWebKit/605.1.15 (KHTML, like Gecko) Version/17.0 Safari/605.1.15"
170.231.132.11 - - [13/May/2026:03:11:15 +0700] "GET /wp-admin/index.php HTTP/1.1" 200 1100 "https://fh888.org/wp-login.php" "Mozilla/5.0 (Macintosh; Intel Mac OS X 13_6_1) AppleWebKit/605.1.15 (KHTML, like Gecko) Version/17.1 Safari/605.1.15"
170.231.132.11 - - [13/May/2026:03:11:16 +0700] "GET /wp-admin/profile.php HTTP/1.1" 200 1100 "https://fh888.org/wp-login.php" "Mozilla/5.0 (Macintosh; Intel Mac OS X 13_6_1) AppleWebKit/605.1.15 (KHTML, like Gecko) Version/17.1 Safari/605.1.15"
170.231.132.11 - - [13/May/2026:03:11:17 +0700] "GET /wp-admin/edit.php HTTP/1.1" 200 1100 "https://fh888.org/wp-login.php" "Mozilla/5.0 (Macintosh; Intel Mac OS X 13_6_1) AppleWebKit/605.1.15 (KHTML, like Gecko) Version/17.1 Safari/605.1.15"
170.231.132.11 - - [13/May/2026:03:11:17 +0700] "GET /wp-admin/plugins.php HTTP/1.1" 200 1100 "https://fh888.org/wp-login.php" "Mozilla/5.0 (Macintosh; Intel Mac OS X 13_6_1) AppleWebKit/605.1.15 (KHTML, like Gecko) Version/17.1 Safari/605.1.15"
170.231.132.11 - - [13/May/2026:03:11:18 +0700] "POST /wp-login.php HTTP/1.1" 200 1100 "https://fh888.org/wp-login.php" "Mozilla/5.0 (Macintosh; Intel Mac OS X 13_6_1) AppleWebKit/537.36 (KHTML, like Gecko) Chrome/121.0.0.0 Safari/537.36"
170.231.132.11 - - [13/May/2026:03:11:19 +0700] "GET /wp-admin/index.php HTTP/1.1" 200 1100 "https://fh888.org/wp-login.php" "Mozilla/5.0 (Windows NT 10.0; Win64; x64; rv:121.0) Gecko/20100101 Firefox/121.0"
170.231.132.11 - - [13/May/2026:03:11:20 +0700] "GET /wp-admin/profile.php HTTP/1.1" 200 1100 "https://fh888.org/wp-login.php" "Mozilla/5.0 (Windows NT 10.0; Win64; x64; rv:121.0) Gecko/20100101 Firefox/121.0"
51.161.65.31 - - [13/May/2026:03:11:20 +0700] "GET /shop/598750196 HTTP/1.1" 200 1100 "-" "Mozilla/5.0 (compatible; AhrefsBot/7.0; +http://ahrefs.com/robot/)"
170.231.132.11 - - [13/May/2026:03:11:20 +0700] "GET /wp-admin/edit.php HTTP/1.1" 200 1100 "https://fh888.org/wp-login.php" "Mozilla/5.0 (Windows NT 10.0; Win64; x64; rv:121.0) Gecko/20100101 Firefox/121.0"
170.231.132.11 - - [13/May/2026:03:11:21 +0700] "GET /wp-admin/plugins.php HTTP/1.1" 200 1100 "https://fh888.org/wp-login.php" "Mozilla/5.0 (Windows NT 10.0; Win64; x64; rv:121.0) Gecko/20100101 Firefox/121.0"
170.231.132.11 - - [13/May/2026:03:11:23 +0700] "POST /wp-login.php HTTP/1.1" 200 1100 "https://fh888.org/wp-login.php" "Mozilla/5.0 (Windows NT 11.0; Win64; x64; rv:121.0) Gecko/20100101 Firefox/121.0"
170.231.132.11 - - [13/May/2026:03:11:24 +0700] "GET /wp-admin/index.php HTTP/1.1" 200 1100 "https://fh888.org/wp-login.php" "Mozilla/5.0 (Macintosh; Intel Mac OS X 13_6_1) AppleWebKit/605.1.15 (KHTML, like Gecko) Version/16.6 Safari/605.1.15"
170.231.132.11 - - [13/May/2026:03:11:25 +0700] "GET /wp-admin/profile.php HTTP/1.1" 200 1100 "https://fh888.org/wp-login.php" "Mozilla/5.0 (Macintosh; Intel Mac OS X 13_6_1) AppleWebKit/605.1.15 (KHTML, like Gecko) Version/16.6 Safari/605.1.15"
170.231.132.11 - - [13/May/2026:03:11:26 +0700] "GET /wp-admin/edit.php HTTP/1.1" 200 1100 "https://fh888.org/wp-login.php" "Mozilla/5.0 (Macintosh; Intel Mac OS X 13_6_1) AppleWebKit/605.1.15 (KHTML, like Gecko) Version/16.6 Safari/605.1.15"
51.222.168.109 - - [13/May/2026:03:11:26 +0700] "GET /shop/598596240 HTTP/1.1" 200 1100 "-" "Mozilla/5.0 (compatible; AhrefsBot/7.0; +http://ahrefs.com/robot/)"
170.231.132.11 - - [13/May/2026:03:11:27 +0700] "GET /wp-admin/plugins.php HTTP/1.1" 200 1100 "https://fh888.org/wp-login.php" "Mozilla/5.0 (Macintosh; Intel Mac OS X 13_6_1) AppleWebKit/605.1.15 (KHTML, like Gecko) Version/16.6 Safari/605.1.15"
170.231.132.11 - - [13/May/2026:03:11:28 +0700] "POST /wp-login.php HTTP/1.1" 200 1100 "https://fh888.org/wp-login.php" "Mozilla/5.0 (Macintosh; Intel Mac OS X 13_6_1) AppleWebKit/537.36 (KHTML, like Gecko) Chrome/120.0.0.0 Safari/537.36"
170.231.132.11 - - [13/May/2026:03:11:29 +0700] "GET /wp-admin/index.php HTTP/1.1" 200 1100 "https://fh888.org/wp-login.php" "Mozilla/5.0 (Macintosh; Intel Mac OS X 13_6_1; rv:119.0) Gecko/20100101 Firefox/119.0"
170.231.132.11 - - [13/May/2026:03:11:29 +0700] "GET /wp-admin/profile.php HTTP/1.1" 200 1100 "https://fh888.org/wp-login.php" "Mozilla/5.0 (Macintosh; Intel Mac OS X 13_6_1; rv:119.0) Gecko/20100101 Firefox/119.0"
170.231.132.11 - - [13/May/2026:03:11:31 +0700] "GET /wp-admin/edit.php HTTP/1.1" 200 1100 "https://fh888.org/wp-login.php" "Mozilla/5.0 (Macintosh; Intel Mac OS X 13_6_1; rv:119.0) Gecko/20100101 Firefox/119.0"
170.231.132.11 - - [13/May/2026:03:11:32 +0700] "GET /wp-admin/plugins.php HTTP/1.1" 200 1100 "https://fh888.org/wp-login.php" "Mozilla/5.0 (Macintosh; Intel Mac OS X 13_6_1; rv:119.0) Gecko/20100101 Firefox/119.0"
51.222.95.45 - - [13/May/2026:03:11:32 +0700] "GET /shop/585113993 HTTP/1.1" 200 1100 "-" "Mozilla/5.0 (compatible; AhrefsBot/7.0; +http://ahrefs.com/robot/)"
170.231.132.11 - - [13/May/2026:03:11:33 +0700] "POST /wp-login.php HTTP/1.1" 200 1100 "https://fh888.org/wp-login.php" "Mozilla/5.0 (X11; Linux x86_64) AppleWebKit/537.36 (KHTML, like Gecko) Chrome/118.0.0.0 Safari/537.36"
170.231.132.11 - - [13/May/2026:03:11:36 +0700] "GET /wp-admin/index.php HTTP/1.1" 200 1100 "https://fh888.org/wp-login.php" "Mozilla/5.0 (Macintosh; Intel Mac OS X 10_15_7) AppleWebKit/605.1.15 (KHTML, like Gecko) Version/16.6 Safari/605.1.15"
170.231.132.11 - - [13/May/2026:03:11:37 +0700] "GET /wp-admin/profile.php HTTP/1.1" 200 1100 "https://fh888.org/wp-login.php" "Mozilla/5.0 (Macintosh; Intel Mac OS X 10_15_7) AppleWebKit/605.1.15 (KHTML, like Gecko) Version/16.6 Safari/605.1.15"
54.39.0.78 - - [13/May/2026:03:11:37 +0700] "GET /shop/581980504 HTTP/1.1" 200 1100 "-" "Mozilla/5.0 (compatible; AhrefsBot/7.0; +http://ahrefs.com/robot/)"
170.231.132.11 - - [13/May/2026:03:11:38 +0700] "GET /wp-admin/edit.php HTTP/1.1" 200 1100 "https://fh888.org/wp-login.php" "Mozilla/5.0 (Macintosh; Intel Mac OS X 10_15_7) AppleWebKit/605.1.15 (KHTML, like Gecko) Version/16.6 Safari/605.1.15"
170.231.132.11 - - [13/May/2026:03:11:40 +0700] "GET /wp-admin/plugins.php HTTP/1.1" 200 1100 "https://fh888.org/wp-login.php" "Mozilla/5.0 (Macintosh; Intel Mac OS X 10_15_7) AppleWebKit/605.1.15 (KHTML, like Gecko) Version/16.6 Safari/605.1.15"
170.231.132.11 - - [13/May/2026:03:11:41 +0700] "POST /wp-login.php HTTP/1.1" 200 1100 "https://fh888.org/wp-login.php" "Mozilla/5.0 (Macintosh; Intel Mac OS X 10_15_7; rv:121.0) Gecko/20100101 Firefox/121.0"
170.231.132.11 - - [13/May/2026:03:11:43 +0700] "GET /wp-admin/index.php HTTP/1.1" 200 1100 "https://fh888.org/wp-login.php" "Mozilla/5.0 (X11; Ubuntu; Linux x86_64) AppleWebKit/537.36 (KHTML, like Gecko) Chrome/121.0.0.0 Safari/537.36"
142.44.220.196 - - [13/May/2026:03:11:42 +0700] "GET /shop/578330968 HTTP/1.1" 200 1100 "-" "Mozilla/5.0 (compatible; AhrefsBot/7.0; +http://ahrefs.com/robot/)"
170.231.132.11 - - [13/May/2026:03:11:43 +0700] "GET /wp-admin/profile.php HTTP/1.1" 200 1100 "https://fh888.org/wp-login.php" "Mozilla/5.0 (X11; Ubuntu; Linux x86_64) AppleWebKit/537.36 (KHTML, like Gecko) Chrome/121.0.0.0 Safari/537.36"
170.231.132.11 - - [13/May/2026:03:11:44 +0700] "GET /wp-admin/edit.php HTTP/1.1" 200 1100 "https://fh888.org/wp-login.php" "Mozilla/5.0 (X11; Ubuntu; Linux x86_64) AppleWebKit/537.36 (KHTML, like Gecko) Chrome/121.0.0.0 Safari/537.36"
170.231.132.11 - - [13/May/2026:03:11:45 +0700] "GET /wp-admin/plugins.php HTTP/1.1" 200 1100 "https://fh888.org/wp-login.php" "Mozilla/5.0 (X11; Ubuntu; Linux x86_64) AppleWebKit/537.36 (KHTML, like Gecko) Chrome/121.0.0.0 Safari/537.36"
170.231.132.11 - - [13/May/2026:03:11:46 +0700] "POST /wp-login.php HTTP/1.1" 200 1100 "https://fh888.org/wp-login.php" "Mozilla/5.0 (Macintosh; Intel Mac OS X 10_15_7; rv:118.0) Gecko/20100101 Firefox/118.0"
170.231.132.11 - - [13/May/2026:03:11:48 +0700] "GET /wp-admin/index.php HTTP/1.1" 200 1100 "https://fh888.org/wp-login.php" "Mozilla/5.0 (Macintosh; Intel Mac OS X 10_15_7) AppleWebKit/605.1.15 (KHTML, like Gecko) Version/16.6 Safari/605.1.15"
170.231.132.11 - - [13/May/2026:03:11:48 +0700] "GET /wp-admin/profile.php HTTP/1.1" 200 1100 "https://fh888.org/wp-login.php" "Mozilla/5.0 (Macintosh; Intel Mac OS X 10_15_7) AppleWebKit/605.1.15 (KHTML, like Gecko) Version/16.6 Safari/605.1.15"
54.39.203.254 - - [13/May/2026:03:11:47 +0700] "GET /shop/578226583 HTTP/1.1" 200 1100 "-" "Mozilla/5.0 (compatible; AhrefsBot/7.0; +http://ahrefs.com/robot/)"
170.231.132.11 - - [13/May/2026:03:11:49 +0700] "GET /wp-admin/edit.php HTTP/1.1" 200 1100 "https://fh888.org/wp-login.php" "Mozilla/5.0 (Macintosh; Intel Mac OS X 10_15_7) AppleWebKit/605.1.15 (KHTML, like Gecko) Version/16.6 Safari/605.1.15"
170.231.132.11 - - [13/May/2026:03:11:51 +0700] "GET /wp-admin/plugins.php HTTP/1.1" 200 1100 "https://fh888.org/wp-login.php" "Mozilla/5.0 (Macintosh; Intel Mac OS X 10_15_7) AppleWebKit/605.1.15 (KHTML, like Gecko) Version/16.6 Safari/605.1.15"
170.231.132.11 - - [13/May/2026:03:11:53 +0700] "POST /wp-login.php HTTP/1.1" 200 1100 "https://fh888.org/wp-login.php" "Mozilla/5.0 (Macintosh; Intel Mac OS X 13_6_1) AppleWebKit/537.36 (KHTML, like Gecko) Chrome/121.0.0.0 Safari/537.36"
54.39.203.56 - - [13/May/2026:03:11:54 +0700] "GET /shop/569389015 HTTP/1.1" 200 1100 "-" "Mozilla/5.0 (compatible; AhrefsBot/7.0; +http://ahrefs.com/robot/)"
170.231.132.11 - - [13/May/2026:03:11:55 +0700] "GET /wp-admin/index.php HTTP/1.1" 200 1100 "https://fh888.org/wp-login.php" "Mozilla/5.0 (Macintosh; Intel Mac OS X 13_6_1) AppleWebKit/537.36 (KHTML, like Gecko) Chrome/118.0.0.0 Safari/537.36"
170.231.132.11 - - [13/May/2026:03:11:55 +0700] "GET /wp-admin/profile.php HTTP/1.1" 200 1100 "https://fh888.org/wp-login.php" "Mozilla/5.0 (Macintosh; Intel Mac OS X 13_6_1) AppleWebKit/537.36 (KHTML, like Gecko) Chrome/118.0.0.0 Safari/537.36"
170.231.132.11 - - [13/May/2026:03:11:56 +0700] "GET /wp-admin/edit.php HTTP/1.1" 200 1100 "https://fh888.org/wp-login.php" "Mozilla/5.0 (Macintosh; Intel Mac OS X 13_6_1) AppleWebKit/537.36 (KHTML, like Gecko) Chrome/118.0.0.0 Safari/537.36"
170.231.132.11 - - [13/May/2026:03:11:57 +0700] "GET /wp-admin/plugins.php HTTP/1.1" 200 1100 "https://fh888.org/wp-login.php" "Mozilla/5.0 (Macintosh; Intel Mac OS X 13_6_1) AppleWebKit/537.36 (KHTML, like Gecko) Chrome/118.0.0.0 Safari/537.36"
170.231.132.11 - - [13/May/2026:03:11:59 +0700] "POST /wp-login.php HTTP/1.1" 200 1100 "https://fh888.org/wp-login.php" "Mozilla/5.0 (X11; Linux x86_64) AppleWebKit/537.36 (KHTML, like Gecko) Chrome/119.0.0.0 Safari/537.36"
54.39.6.180 - - [13/May/2026:03:12:00 +0700] "GET /shop/567203307 HTTP/1.1" 200 1100 "-" "Mozilla/5.0 (compatible; AhrefsBot/7.0; +http://ahrefs.com/robot/)"
170.231.132.11 - - [13/May/2026:03:12:01 +0700] "GET /wp-admin/index.php HTTP/1.1" 200 1100 "https://fh888.org/wp-login.php" "Mozilla/5.0 (Macintosh; Intel Mac OS X 13_6_1) AppleWebKit/605.1.15 (KHTML, like Gecko) Version/16.6 Safari/605.1.15"
170.231.132.11 - - [13/May/2026:03:12:01 +0700] "GET /wp-admin/profile.php HTTP/1.1" 200 1100 "https://fh888.org/wp-login.php" "Mozilla/5.0 (Macintosh; Intel Mac OS X 13_6_1) AppleWebKit/605.1.15 (KHTML, like Gecko) Version/16.6 Safari/605.1.15"
170.231.132.11 - - [13/May/2026:03:12:02 +0700] "GET /wp-admin/edit.php HTTP/1.1" 200 1100 "https://fh888.org/wp-login.php" "Mozilla/5.0 (Macintosh; Intel Mac OS X 13_6_1) AppleWebKit/605.1.15 (KHTML, like Gecko) Version/16.6 Safari/605.1.15"
170.231.132.11 - - [13/May/2026:03:12:04 +0700] "GET /wp-admin/plugins.php HTTP/1.1" 200 1100 "https://fh888.org/wp-login.php" "Mozilla/5.0 (Macintosh; Intel Mac OS X 13_6_1) AppleWebKit/605.1.15 (KHTML, like Gecko) Version/16.6 Safari/605.1.15"
148.113.130.152 - - [13/May/2026:03:12:04 +0700] "GET /shop/567026312 HTTP/1.1" 200 1100 "-" "Mozilla/5.0 (compatible; AhrefsBot/7.0; +http://ahrefs.com/robot/)"
170.231.132.11 - - [13/May/2026:03:12:04 +0700] "POST /wp-login.php HTTP/1.1" 200 1100 "https://fh888.org/wp-login.php" "Mozilla/5.0 (X11; Ubuntu; Linux x86_64) AppleWebKit/537.36 (KHTML, like Gecko) Chrome/118.0.0.0 Safari/537.36"
