File manager - Edit - /home/gameba29/188v9.bet/access-logs.tar
Back
188v.fan.gamebai22.com-ssl_log 0000640 00000000000 15200700411 0011655 0 ustar 00 1888v.org.gamebai22.com 0000640 00000012216 15200700411 0010344 0 ustar 00
103.76.88.36 - - [12/May/2026:19:06:45 +0700] "GET /.env HTTP/1.1" 200 1100 "-" "-"
43.161.233.190 - - [12/May/2026:20:20:47 +0700] "GET / HTTP/1.1" 200 1100 "-" "Mozilla/5.0 (iPhone; CPU iPhone OS 13_2_3 like Mac OS X) AppleWebKit/605.1.15 (KHTML, like Gecko) Version/13.0.3 Mobile/15E148 Safari/604.1"
198.252.107.224 - - [12/May/2026:20:43:05 +0700] "GET /.well-known/acme-challenge/WSB8YX6KC0LX_T03MJD12Q_1F-E-0E6G HTTP/1.1" 200 64 "-" "Cpanel-HTTP-Client/1.0"
198.252.107.224 - - [12/May/2026:20:43:06 +0700] "GET /.well-known/acme-challenge/IXBXVWPX4L929S28PH67ZQCHYIM6YM18 HTTP/1.1" 200 64 "-" "Cpanel-HTTP-Client/1.0"
198.252.107.224 - - [12/May/2026:20:43:06 +0700] "GET /.well-known/acme-challenge/FWXATP6G7EEKGDPTRQ2M6Y5AXA2HU6VD HTTP/1.1" 200 64 "-" "Cpanel-HTTP-Client/1.0"
198.252.107.224 - - [12/May/2026:20:43:06 +0700] "GET /.well-known/acme-challenge/-OUBKD-35JTCBR2QKE83I_6CQ6LCN_M5 HTTP/1.1" 200 64 "-" "Cpanel-HTTP-Client/1.0"
198.252.107.224 - - [12/May/2026:20:43:07 +0700] "GET /.well-known/acme-challenge/ZUO2ME5_Z7C8UR1GE9DMHT5FAELN0JON HTTP/1.1" 200 64 "-" "Cpanel-HTTP-Client/1.0"
198.252.107.224 - - [12/May/2026:20:43:07 +0700] "GET /.well-known/acme-challenge/_AMWL5J-QKFDH9I15VY1_XSPPKJZV7-Y HTTP/1.1" 200 64 "-" "Cpanel-HTTP-Client/1.0"
198.252.107.224 - - [12/May/2026:20:43:10 +0700] "GET /.well-known/acme-challenge/VY5PV34E7613ET5DP1XZ3CDITSP0S5C1 HTTP/1.1" 200 64 "-" "Cpanel-HTTP-Client/1.0"
198.252.107.224 - - [12/May/2026:20:43:10 +0700] "GET /.well-known/acme-challenge/LJLHSVZAGQT4TP_JGCILMRCWH5ODR8-B HTTP/1.1" 200 64 "-" "Cpanel-HTTP-Client/1.0"
198.252.107.224 - - [12/May/2026:20:43:11 +0700] "GET /.well-known/acme-challenge/X4OBU418WD1Z0T26-E5W_MDUF4HZZQ27 HTTP/1.1" 200 64 "-" "Cpanel-HTTP-Client/1.0"
43.134.40.189 - - [12/May/2026:20:56:18 +0700] "GET / HTTP/1.1" 200 1100 "-" "Mozilla/5.0 (iPhone; CPU iPhone OS 13_2_3 like Mac OS X) AppleWebKit/605.1.15 (KHTML, like Gecko) Version/13.0.3 Mobile/15E148 Safari/604.1"
205.210.31.196 - - [12/May/2026:21:24:29 +0700] "GET / HTTP/1.1" 200 1100 "-" "Hello from Palo Alto Networks, find out more about our scans in https://docs-cortex.paloaltonetworks.com/r/1/Cortex-Xpanse/Scanning-activity"
66.132.172.222 - - [12/May/2026:21:44:40 +0700] "GET / HTTP/1.1" 200 1100 "-" "Mozilla/5.0 (compatible; CensysInspect/1.1; +https://about.censys.io/)"
66.132.172.222 - - [12/May/2026:21:44:46 +0700] "GET /favicon.ico HTTP/1.1" 200 1100 "-" "Mozilla/5.0 (compatible; CensysInspect/1.1; +https://about.censys.io/)"
185.220.101.52 - - [12/May/2026:21:52:10 +0700] "GET / HTTP/1.1" 200 1100 "1888v.org" "Mozilla/5.0 (Windows NT 10.0; Win64; x64) AppleWebKit/537.36 (KHTML, like Gecko) Chrome/125.0.0.0 Safari/537.36"
64.89.160.178 - - [12/May/2026:22:14:07 +0700] "GET / HTTP/1.1" 200 1100 "-" "-"
64.89.160.178 - - [12/May/2026:22:14:07 +0700] "GET / HTTP/1.1" 200 1100 "-" "-"
64.89.160.178 - - [12/May/2026:22:14:15 +0700] "GET / HTTP/1.1" 200 1100 "-" "-"
64.89.160.178 - - [12/May/2026:22:14:15 +0700] "GET / HTTP/1.1" 200 1100 "-" "-"
45.77.207.238 - - [12/May/2026:22:14:16 +0700] "HEAD / HTTP/1.1" 200 - "-" "Java/1.8.0_332"
64.89.160.178 - - [12/May/2026:22:14:17 +0700] "GET / HTTP/1.1" 200 1100 "-" "-"
64.89.160.178 - - [12/May/2026:22:14:17 +0700] "GET / HTTP/1.1" 200 1100 "-" "-"
45.77.148.88 - - [12/May/2026:22:16:16 +0700] "HEAD / HTTP/1.1" 200 - "-" "Java/1.8.0_332"
198.252.107.224 - - [12/May/2026:23:43:05 +0700] "GET /.well-known/acme-challenge/_5YMYO__MPIK6Y6UG9DRUYU__Z08YVRY HTTP/1.1" 200 64 "-" "Cpanel-HTTP-Client/1.0"
198.252.107.224 - - [12/May/2026:23:43:06 +0700] "GET /.well-known/acme-challenge/WWG-DFUIVO-PEAV41JXZ0J5-NJLLR_N5 HTTP/1.1" 200 64 "-" "Cpanel-HTTP-Client/1.0"
198.252.107.224 - - [12/May/2026:23:43:06 +0700] "GET /.well-known/acme-challenge/YS0MWFLH-99DYK9W9VODKOEF9O68OQ5N HTTP/1.1" 200 64 "-" "Cpanel-HTTP-Client/1.0"
198.252.107.224 - - [12/May/2026:23:43:07 +0700] "GET /.well-known/acme-challenge/-KI7U0XSGQ05LQRLFG474HNDSSXRRN9B HTTP/1.1" 200 64 "-" "Cpanel-HTTP-Client/1.0"
198.252.107.224 - - [12/May/2026:23:43:07 +0700] "GET /.well-known/acme-challenge/SZ3PZVSCI7AXIU3TFOY237SL_S8GHNGD HTTP/1.1" 200 64 "-" "Cpanel-HTTP-Client/1.0"
198.252.107.224 - - [12/May/2026:23:43:07 +0700] "GET /.well-known/acme-challenge/NY0Q2LB--_Q-BOFH9HCXSW9D0XA4JPF_ HTTP/1.1" 200 64 "-" "Cpanel-HTTP-Client/1.0"
198.252.107.224 - - [12/May/2026:23:43:10 +0700] "GET /.well-known/acme-challenge/UP80V-BA4WZEL3UM08V_197PLTHNN01X HTTP/1.1" 200 64 "-" "Cpanel-HTTP-Client/1.0"
198.252.107.224 - - [12/May/2026:23:43:10 +0700] "GET /.well-known/acme-challenge/2DSO4HB76I1WT6QMONA7RGIF4P2V08Z_ HTTP/1.1" 200 64 "-" "Cpanel-HTTP-Client/1.0"
198.252.107.224 - - [12/May/2026:23:43:11 +0700] "GET /.well-known/acme-challenge/MN99V4RGXQTWTWZVBAAA2T1HSL-38VST HTTP/1.1" 200 64 "-" "Cpanel-HTTP-Client/1.0"
43.157.38.228 - - [13/May/2026:00:03:51 +0700] "GET / HTTP/1.1" 200 1100 "-" "Mozilla/5.0 (iPhone; CPU iPhone OS 13_2_3 like Mac OS X) AppleWebKit/605.1.15 (KHTML, like Gecko) Version/13.0.3 Mobile/15E148 Safari/604.1"
43.135.182.95 - - [13/May/2026:00:54:26 +0700] "GET / HTTP/1.1" 200 1100 "-" "Mozilla/5.0 (iPhone; CPU iPhone OS 13_2_3 like Mac OS X) AppleWebKit/605.1.15 (KHTML, like Gecko) Version/13.0.3 Mobile/15E148 Safari/604.1" 1888v.org.gamebai22.com-ssl_log 0000640 00001371230 15200700411 0012011 0 ustar 00
114.119.138.179 - - [12/May/2026:19:10:43 +0700] "GET /shop/goods/record246022486.html HTTP/1.1" 200 1100 "https://1888v.org/?sitemap341.xml" "Mozilla/5.0 (Linux; Android 7.0;) AppleWebKit/537.36 (KHTML, like Gecko) Mobile Safari/537.36 (compatible; PetalBot;+https://webmaster.petalsearch.com/site/petalbot)"
114.119.149.89 - - [12/May/2026:19:12:07 +0700] "GET /shop/goods/raise015007787.html HTTP/1.1" 200 1100 "https://1888v.org/?sitemap299.xml" "Mozilla/5.0 (Linux; Android 7.0;) AppleWebKit/537.36 (HTML, like Gecko) Mobile Safari/537.36 (compatible; PetalBot;+https://webmaster.petalsearch.com/site/petalbot)"
114.119.132.85 - - [12/May/2026:19:14:52 +0700] "GET /shop/goods/promotion096041474.html HTTP/1.1" 200 1100 "https://1888v.org/?sitemap804.xml" "Mozilla/5.0 (Linux; Android 7.0;) AppleWebKit/537.36 (KHTML, like Gecko) Mobile Safari/537.36 (compatible; PetalBot;+https://webmaster.petalsearch.com/site/petalbot)"
205.210.31.149 - - [12/May/2026:19:16:21 +0700] "GET / HTTP/1.1" 200 1100 "-" "Hello from Palo Alto Networks, find out more about our scans in https://docs-cortex.paloaltonetworks.com/r/1/Cortex-Xpanse/Scanning-activity"
114.119.144.41 - - [12/May/2026:19:16:21 +0700] "GET /shop/goods/profound097049727.html HTTP/1.1" 200 1100 "https://1888v.org/?sitemap341.xml" "Mozilla/5.0 (Linux; Android 7.0;) AppleWebKit/537.36 (KHTML, like Gecko) Mobile Safari/537.36 (compatible; PetalBot;+https://webmaster.petalsearch.com/site/petalbot)"
94.102.49.148 - - [12/May/2026:19:18:29 +0700] "GET /favicon-32x32.png HTTP/1.1" 200 1100 "-" "Mozilla/5.0"
114.119.149.89 - - [12/May/2026:19:18:37 +0700] "GET /shop/goods/preliminary062020128.html HTTP/1.1" 200 1100 "https://1888v.org/?sitemap863.xml" "Mozilla/5.0 (Linux; Android 7.0;) AppleWebKit/537.36 (KHTML, like Gecko) Mobile Safari/537.36 (compatible; PetalBot;+https://webmaster.petalsearch.com/site/petalbot)"
114.119.132.85 - - [12/May/2026:19:20:48 +0700] "GET /shop/goods/pile201015449.html HTTP/1.1" 200 1100 "https://1888v.org/?sitemap998.xml" "Mozilla/5.0 (Linux; Android 7.0;) AppleWebKit/537.36 (KHTML, like Gecko) Mobile Safari/537.36 (compatible; PetalBot;+https://webmaster.petalsearch.com/site/petalbot)"
114.119.149.89 - - [12/May/2026:19:22:12 +0700] "GET /shop/goods/physically225047947.html HTTP/1.1" 200 1100 "https://1888v.org/?sitemap65.xml" "Mozilla/5.0 (Linux; Android 7.0;) AppleWebKit/537.36 (KHTML, like Gecko) Mobile Safari/537.36 (compatible; PetalBot;+https://webmaster.petalsearch.com/site/petalbot)"
192.178.4.96 - - [12/May/2026:19:27:56 +0700] "GET /115009808?goods=0114759153 HTTP/1.1" 200 1100 "-" "Mozilla/5.0 (Linux; Android 6.0.1; Nexus 5X Build/MMB29P) AppleWebKit/537.36 (KHTML, like Gecko) Chrome/147.0.7727.137 Mobile Safari/537.36 (compatible; Googlebot/2.1; +http://www.google.com/bot.html)"
91.92.241.188 - - [12/May/2026:19:28:38 +0700] "GET /.git/config HTTP/1.1" 200 1100 "-" "Mozilla/5.0 (Linux; Android 9; H3223) AppleWebKit/537.36 (KHTML, like Gecko) Chrome/76.0.3809.111 Mobile Safari/537.36"
41.135.82.70 - - [12/May/2026:19:29:50 +0700] "GET / HTTP/1.0" 403 - "-" "-"
114.119.135.202 - - [12/May/2026:19:33:37 +0700] "GET /shop/goods/pump145032821.html HTTP/1.1" 200 1100 "https://1888v.org/?sitemap998.xml" "Mozilla/5.0 (Linux; Android 7.0;) AppleWebKit/537.36 (KHTML, like Gecko) Mobile Safari/537.36 (compatible; PetalBot;+https://webmaster.petalsearch.com/site/petalbot)"
114.119.152.177 - - [12/May/2026:19:35:22 +0700] "GET /shop/goods/particularly126018658.html HTTP/1.1" 200 1100 "https://1888v.org/?sitemap65.xml" "Mozilla/5.0 (Linux; Android 7.0;) AppleWebKit/537.36 (KHTML, like Gecko) Mobile Safari/537.36 (compatible; PetalBot;+https://webmaster.petalsearch.com/site/petalbot)"
114.119.132.85 - - [12/May/2026:19:36:35 +0700] "GET /shop/goods/pace155026219.html HTTP/1.1" 200 1100 "https://1888v.org/?sitemap749.xml" "Mozilla/5.0 (Linux; Android 7.0;) AppleWebKit/537.36 (KHTML, like Gecko) Mobile Safari/537.36 (compatible; PetalBot;+https://webmaster.petalsearch.com/site/petalbot)"
114.119.132.85 - - [12/May/2026:19:37:52 +0700] "GET /shop/goods/overall095032333.html HTTP/1.1" 200 1100 "https://1888v.org/?sitemap804.xml" "Mozilla/5.0 (Linux; Android 7.0;) AppleWebKit/537.36 (KHTML, like Gecko) Mobile Safari/537.36 (compatible; PetalBot;+https://webmaster.petalsearch.com/site/petalbot)"
114.119.135.202 - - [12/May/2026:19:38:38 +0700] "GET /shop/goods/over294049894.html HTTP/1.1" 200 1100 "https://1888v.org/?sitemap341.xml" "Mozilla/5.0 (Linux; Android 7.0;) AppleWebKit/537.36 (KHTML, like Gecko) Mobile Safari/537.36 (compatible; PetalBot;+https://webmaster.petalsearch.com/site/petalbot)"
114.119.140.169 - - [12/May/2026:19:40:12 +0700] "GET /shop/goods/output226015364.html HTTP/1.1" 200 1100 "https://1888v.org/?sitemap577.xml" "Mozilla/5.0 (Linux; Android 7.0;) AppleWebKit/537.36 (HTML, like Gecko) Mobile Safari/537.36 (compatible; PetalBot;+https://webmaster.petalsearch.com/site/petalbot)"
114.119.152.177 - - [12/May/2026:19:41:24 +0700] "GET /shop/goods/out034022516.html HTTP/1.1" 200 1100 "https://1888v.org/?sitemap645.xml" "Mozilla/5.0 (Linux; Android 7.0;) AppleWebKit/537.36 (KHTML, like Gecko) Mobile Safari/537.36 (compatible; PetalBot;+https://webmaster.petalsearch.com/site/petalbot)"
114.119.152.177 - - [12/May/2026:19:43:09 +0700] "GET /shop/goods/open072011988.html HTTP/1.1" 200 1100 "https://1888v.org/?sitemap341.xml" "Mozilla/5.0 (Linux; Android 7.0;) AppleWebKit/537.36 (KHTML, like Gecko) Mobile Safari/537.36 (compatible; PetalBot;+https://webmaster.petalsearch.com/site/petalbot)"
114.119.152.177 - - [12/May/2026:19:45:04 +0700] "GET /shop/goods/one-third278023982.html HTTP/1.1" 200 1100 "https://1888v.org/?sitemap645.xml" "Mozilla/5.0 (Linux; Android 7.0;) AppleWebKit/537.36 (KHTML, like Gecko) Mobile Safari/537.36 (compatible; PetalBot;+https://webmaster.petalsearch.com/site/petalbot)"
114.119.136.66 - - [12/May/2026:19:47:11 +0700] "GET /?sitemapindex.xml HTTP/1.1" 200 1100 "-" "Mozilla/5.0 (Linux; Android 7.0;) AppleWebKit/537.36 (KHTML, like Gecko) Mobile Safari/537.36 (compatible; PetalBot;+https://webmaster.petalsearch.com/site/petalbot)"
114.119.144.41 - - [12/May/2026:19:48:49 +0700] "GET /shop/goods/national045002845.html HTTP/1.1" 200 1100 "https://1888v.org/?sitemap804.xml" "Mozilla/5.0 (Linux; Android 7.0;) AppleWebKit/537.36 (KHTML, like Gecko) Mobile Safari/537.36 (compatible; PetalBot;+https://webmaster.petalsearch.com/site/petalbot)"
114.119.132.85 - - [12/May/2026:19:50:44 +0700] "GET /shop/goods/move299009601.html HTTP/1.1" 200 1100 "https://1888v.org/?sitemap577.xml" "Mozilla/5.0 (Linux; Android 7.0;) AppleWebKit/537.36 (KHTML, like Gecko) Mobile Safari/537.36 (compatible; PetalBot;+https://webmaster.petalsearch.com/site/petalbot)"
114.119.146.18 - - [12/May/2026:19:51:48 +0700] "GET /shop/goods/mortality224048264.html HTTP/1.1" 200 1100 "https://1888v.org/?sitemap577.xml" "Mozilla/5.0 (Linux; Android 7.0;) AppleWebKit/537.36 (KHTML, like Gecko) Mobile Safari/537.36 (compatible; PetalBot;+https://webmaster.petalsearch.com/site/petalbot)"
114.119.144.41 - - [12/May/2026:19:52:56 +0700] "GET /shop/goods/moral052034278.html HTTP/1.1" 200 1100 "https://1888v.org/?sitemap341.xml" "Mozilla/5.0 (Linux; Android 7.0;) AppleWebKit/537.36 (KHTML, like Gecko) Mobile Safari/537.36 (compatible; PetalBot;+https://webmaster.petalsearch.com/site/petalbot)"
114.119.140.169 - - [12/May/2026:19:54:32 +0700] "GET /shop/goods/mirror245014153.html HTTP/1.1" 200 1100 "https://1888v.org/?sitemap617.xml" "Mozilla/5.0 (Linux; Android 7.0;) AppleWebKit/537.36 (KHTML, like Gecko) Mobile Safari/537.36 (compatible; PetalBot;+https://webmaster.petalsearch.com/site/petalbot)"
114.119.138.179 - - [12/May/2026:19:56:03 +0700] "GET /shop/goods/marine074043756.html HTTP/1.1" 200 1100 "https://1888v.org/?sitemap998.xml" "Mozilla/5.0 (Linux; Android 7.0;) AppleWebKit/537.36 (KHTML, like Gecko) Mobile Safari/537.36 (compatible; PetalBot;+https://webmaster.petalsearch.com/site/petalbot)"
114.119.146.18 - - [12/May/2026:19:56:56 +0700] "GET /shop/goods/lock178028080.html HTTP/1.1" 200 1100 "https://1888v.org/?sitemap299.xml" "Mozilla/5.0 (Linux; Android 7.0;) AppleWebKit/537.36 (HTML, like Gecko) Mobile Safari/537.36 (compatible; PetalBot;+https://webmaster.petalsearch.com/site/petalbot)"
114.119.140.169 - - [12/May/2026:19:58:07 +0700] "GET /shop/goods/liberty072030248.html HTTP/1.1" 200 1100 "https://1888v.org/?sitemap617.xml" "Mozilla/5.0 (Linux; Android 7.0;) AppleWebKit/537.36 (KHTML, like Gecko) Mobile Safari/537.36 (compatible; PetalBot;+https://webmaster.petalsearch.com/site/petalbot)"
212.73.148.23 - - [12/May/2026:20:00:04 +0700] "GET / HTTP/1.1" 200 1100 "-" "Mozilla/5.0 (compatible; ModatScanner/1.2; +https://modat.io/)"
114.119.146.18 - - [12/May/2026:20:00:55 +0700] "GET /shop/goods/killing094050312.html HTTP/1.1" 200 1100 "https://1888v.org/?sitemap804.xml" "Mozilla/5.0 (Linux; Android 7.0;) AppleWebKit/537.36 (KHTML, like Gecko) Mobile Safari/537.36 (compatible; PetalBot;+https://webmaster.petalsearch.com/site/petalbot)"
52.167.144.204 - - [12/May/2026:20:01:00 +0700] "GET /?s=2025 HTTP/1.1" 200 1100 "-" "Mozilla/5.0 AppleWebKit/537.36 (KHTML, like Gecko; compatible; bingbot/2.0; +http://www.bing.com/bingbot.htm) Chrome/116.0.1938.76 Safari/537.36"
194.180.48.34 - - [12/May/2026:20:02:03 +0700] "GET /.git/config HTTP/1.1" 200 1100 "-" "Nokia6630/1.0 (2.3.129) SymbianOS/8.0 Series60/2.6 Profile/MIDP-2.0 Configuration/CLDC-1.1"
114.119.152.177 - - [12/May/2026:20:02:19 +0700] "GET /shop/goods/keep098020490.html HTTP/1.1" 200 1100 "https://1888v.org/?sitemap617.xml" "Mozilla/5.0 (Linux; Android 7.0;) AppleWebKit/537.36 (KHTML, like Gecko) Mobile Safari/537.36 (compatible; PetalBot;+https://webmaster.petalsearch.com/site/petalbot)"
114.119.144.41 - - [12/May/2026:20:03:58 +0700] "GET /shop/goods/instructor244046744.html HTTP/1.1" 200 1100 "https://1888v.org/?sitemap299.xml" "Mozilla/5.0 (Linux; Android 7.0;) AppleWebKit/537.36 (KHTML, like Gecko) Mobile Safari/537.36 (compatible; PetalBot;+https://webmaster.petalsearch.com/site/petalbot)"
114.119.132.85 - - [12/May/2026:20:05:28 +0700] "GET /shop/goods/institutional231047875.html HTTP/1.1" 200 1100 "https://1888v.org/?sitemap577.xml" "Mozilla/5.0 (Linux; Android 7.0;) AppleWebKit/537.36 (KHTML, like Gecko) Mobile Safari/537.36 (compatible; PetalBot;+https://webmaster.petalsearch.com/site/petalbot)"
205.210.31.140 - - [12/May/2026:20:06:34 +0700] "GET / HTTP/1.1" 200 1100 "-" "Hello from Palo Alto Networks, find out more about our scans in https://docs-cortex.paloaltonetworks.com/r/1/Cortex-Xpanse/Scanning-activity"
74.7.244.10 - - [12/May/2026:20:06:44 +0700] "GET /robots.txt HTTP/1.1" 401 53 "-" "Mozilla/5.0 (Macintosh; Intel Mac OS X 10_15_7) AppleWebKit/537.36 (KHTML, like Gecko) Chrome/131.0.0.0 Safari/537.36; compatible; OAI-SearchBot/1.3; robots.txt; +https://openai.com/searchbot"
88.214.16.249 - - [12/May/2026:20:07:45 +0700] "GET / HTTP/1.1" 200 1100 "-" "Mozilla/5.0 (Macintosh; Intel Mac OS X 10_15_2) AppleWebKit/537.36 (KHTML, like Gecko) Brave Chrome/78.0.3904.97 Safari/537.36"
114.119.133.14 - - [12/May/2026:20:19:23 +0700] "GET /?sitemap998.xml HTTP/1.1" 200 1100 "-" "Mozilla/5.0 (Linux; Android 7.0;) AppleWebKit/537.36 (KHTML, like Gecko) Mobile Safari/537.36 (compatible; PetalBot;+https://webmaster.petalsearch.com/site/petalbot)"
114.119.132.85 - - [12/May/2026:20:19:41 +0700] "GET /shop/goods/newspaper294021144.html HTTP/1.1" 200 1100 "https://1888v.org/?sitemap65.xml" "Mozilla/5.0 (Linux; Android 7.0;) AppleWebKit/537.36 (KHTML, like Gecko) Mobile Safari/537.36 (compatible; PetalBot;+https://webmaster.petalsearch.com/site/petalbot)"
95.215.0.144 - - [12/May/2026:20:20:39 +0700] "GET / HTTP/1.0" 403 - "-" "-"
176.32.193.16 - - [12/May/2026:20:20:39 +0700] "GET /aaa9 HTTP/1.1" 200 1100 "-" "Mozilla/5.0 (Windows NT 10.0; Win64; x64) AppleWebKit/537.36 (KHTML, like Gecko) Chrome/70.0.3538.77 Safari/537.36"
176.32.193.16 - - [12/May/2026:20:20:40 +0700] "GET /aab9 HTTP/1.1" 200 1100 "-" "Mozilla/5.0 (Windows NT 10.0; Win64; x64) AppleWebKit/537.36 (KHTML, like Gecko) Chrome/70.0.3538.77 Safari/537.36"
114.119.152.177 - - [12/May/2026:20:23:51 +0700] "GET /shop/goods/in155026435.html HTTP/1.1" 200 1100 "https://1888v.org/?sitemap749.xml" "Mozilla/5.0 (Linux; Android 7.0;) AppleWebKit/537.36 (KHTML, like Gecko) Mobile Safari/537.36 (compatible; PetalBot;+https://webmaster.petalsearch.com/site/petalbot)"
114.119.135.202 - - [12/May/2026:20:25:05 +0700] "GET /shop/goods/impress033008225.html HTTP/1.1" 200 1100 "https://1888v.org/?sitemap341.xml" "Mozilla/5.0 (Linux; Android 7.0;) AppleWebKit/537.36 (KHTML, like Gecko) Mobile Safari/537.36 (compatible; PetalBot;+https://webmaster.petalsearch.com/site/petalbot)"
114.119.153.49 - - [12/May/2026:20:29:08 +0700] "GET /?sitemap863.xml HTTP/1.1" 200 1100 "-" "Mozilla/5.0 (Linux; Android 7.0;) AppleWebKit/537.36 (KHTML, like Gecko) Mobile Safari/537.36 (compatible; PetalBot;+https://webmaster.petalsearch.com/site/petalbot)"
74.7.241.151 - - [12/May/2026:20:29:39 +0700] "GET /robots.txt HTTP/1.1" 200 1100 "-" "Mozilla/5.0 (Macintosh; Intel Mac OS X 10_15_7) AppleWebKit/537.36 (KHTML, like Gecko) Chrome/131.0.0.0 Safari/537.36; compatible; OAI-SearchBot/1.3; robots.txt; +https://openai.com/searchbot"
87.236.176.83 - - [12/May/2026:20:31:21 +0700] "GET / HTTP/1.1" 200 1100 "-" "Mozilla/5.0 (compatible; InternetMeasurement/1.0; +https://internet-measurement.com/)"
114.119.140.169 - - [12/May/2026:20:38:41 +0700] "GET /shop/goods/occasion155016139.html HTTP/1.1" 200 1100 "https://1888v.org/?sitemap998.xml" "Mozilla/5.0 (Linux; Android 7.0;) AppleWebKit/537.36 (KHTML, like Gecko) Mobile Safari/537.36 (compatible; PetalBot;+https://webmaster.petalsearch.com/site/petalbot)"
74.7.241.173 - - [12/May/2026:20:39:01 +0700] "GET /robots.txt HTTP/1.1" 401 53 "-" "Mozilla/5.0 (Macintosh; Intel Mac OS X 10_15_7) AppleWebKit/537.36 (KHTML, like Gecko) Chrome/131.0.0.0 Safari/537.36; compatible; OAI-SearchBot/1.3; robots.txt; +https://openai.com/searchbot"
46.151.178.13 - - [12/May/2026:20:39:29 +0700] "PROPFIND / HTTP/1.1" 405 1100 "http://198.252.107.224:443/" "-"
77.83.39.42 - - [12/May/2026:20:41:46 +0700] "GET /.env HTTP/1.1" 200 1100 "-" "Mozilla/5.0 (X11; Linux x86_64) AppleWebKit/537.36 (KHTML, like Gecko) Chrome/71.0.3578.98 Safari/537.36 OPR/58.0.3135.107"
172.86.89.229 - - [12/May/2026:20:42:28 +0700] "POST /cgi-bin/.%2e/.%2e/.%2e/.%2e/.%2e/.%2e/.%2e/.%2e/.%2e/.%2e/bin/sh HTTP/1.1" 400 1100 "-" "libredtail-http"
192.178.4.105 - - [12/May/2026:20:42:36 +0700] "GET /?goods/228015324 HTTP/1.1" 200 1100 "-" "Mozilla/5.0 (Linux; Android 6.0.1; Nexus 5X Build/MMB29P) AppleWebKit/537.36 (KHTML, like Gecko) Chrome/147.0.7727.137 Mobile Safari/537.36 (compatible; Googlebot/2.1; +http://www.google.com/bot.html)"
114.119.146.18 - - [12/May/2026:20:43:27 +0700] "GET /shop/goods/fuel258034696.html HTTP/1.1" 200 1100 "https://1888v.org/?sitemap299.xml" "Mozilla/5.0 (Linux; Android 7.0;) AppleWebKit/537.36 (KHTML, like Gecko) Mobile Safari/537.36 (compatible; PetalBot;+https://webmaster.petalsearch.com/site/petalbot)"
66.249.71.32 - - [12/May/2026:20:44:21 +0700] "GET /?detail/282017430707 HTTP/1.1" 200 1100 "-" "Mozilla/5.0 (Linux; Android 6.0.1; Nexus 5X Build/MMB29P) AppleWebKit/537.36 (KHTML, like Gecko) Chrome/147.0.7727.137 Mobile Safari/537.36 (compatible; Googlebot/2.1; +http://www.google.com/bot.html)"
3.18.186.238 - - [12/May/2026:20:45:08 +0700] "GET / HTTP/1.1" 200 12522 "-" "visionheight.com/scan Mozilla/5.0 (Macintosh; Intel Mac OS X 10_15_7) Chrome/126.0.0.0 Safari/537.36"
192.178.4.105 - - [12/May/2026:20:46:10 +0700] "GET /?goods/033025105 HTTP/1.1" 200 1100 "-" "Mozilla/5.0 (Linux; Android 6.0.1; Nexus 5X Build/MMB29P) AppleWebKit/537.36 (KHTML, like Gecko) Chrome/147.0.7727.137 Mobile Safari/537.36 (compatible; Googlebot/2.1; +http://www.google.com/bot.html)"
114.119.135.202 - - [12/May/2026:20:46:19 +0700] "GET /shop/goods/failure139002955.html HTTP/1.1" 200 1100 "https://1888v.org/?sitemap617.xml" "Mozilla/5.0 (Linux; Android 7.0;) AppleWebKit/537.36 (KHTML, like Gecko) Mobile Safari/537.36 (compatible; PetalBot;+https://webmaster.petalsearch.com/site/petalbot)"
205.210.31.39 - - [12/May/2026:20:46:24 +0700] "GET / HTTP/1.1" 200 1100 "-" "Hello from Palo Alto Networks, find out more about our scans in https://docs-cortex.paloaltonetworks.com/r/1/Cortex-Xpanse/Scanning-activity"
114.119.135.202 - - [12/May/2026:20:47:19 +0700] "GET /shop/goods/failure069036303.html HTTP/1.1" 200 1100 "https://1888v.org/?sitemap617.xml" "Mozilla/5.0 (Linux; Android 7.0;) AppleWebKit/537.36 (KHTML, like Gecko) Mobile Safari/537.36 (compatible; PetalBot;+https://webmaster.petalsearch.com/site/petalbot)"
192.178.4.105 - - [12/May/2026:20:48:01 +0700] "GET /?detail/08903700513128 HTTP/1.1" 200 1100 "-" "Mozilla/5.0 (Linux; Android 6.0.1; Nexus 5X Build/MMB29P) AppleWebKit/537.36 (KHTML, like Gecko) Chrome/147.0.7727.137 Mobile Safari/537.36 (compatible; Googlebot/2.1; +http://www.google.com/bot.html)"
114.119.135.202 - - [12/May/2026:20:48:25 +0700] "GET /shop/goods/existing173030819.html HTTP/1.1" 200 1100 "https://1888v.org/?sitemap863.xml" "Mozilla/5.0 (Linux; Android 7.0;) AppleWebKit/537.36 (KHTML, like Gecko) Mobile Safari/537.36 (compatible; PetalBot;+https://webmaster.petalsearch.com/site/petalbot)"
114.119.152.177 - - [12/May/2026:20:50:15 +0700] "GET /shop/goods/equip018040156.html HTTP/1.1" 200 1100 "https://1888v.org/?sitemap299.xml" "Mozilla/5.0 (Linux; Android 7.0;) AppleWebKit/537.36 (KHTML, like Gecko) Mobile Safari/537.36 (compatible; PetalBot;+https://webmaster.petalsearch.com/site/petalbot)"
114.119.146.18 - - [12/May/2026:20:52:49 +0700] "GET /shop/goods/emission157024477.html HTTP/1.1" 200 1100 "https://1888v.org/?sitemap341.xml" "Mozilla/5.0 (Linux; Android 7.0;) AppleWebKit/537.36 (HTML, like Gecko) Mobile Safari/537.36 (compatible; PetalBot;+https://webmaster.petalsearch.com/site/petalbot)"
114.119.149.89 - - [12/May/2026:20:54:31 +0700] "GET /shop/goods/election036030086.html HTTP/1.1" 200 1100 "https://1888v.org/?sitemap617.xml" "Mozilla/5.0 (Linux; Android 7.0;) AppleWebKit/537.36 (KHTML, like Gecko) Mobile Safari/537.36 (compatible; PetalBot;+https://webmaster.petalsearch.com/site/petalbot)"
74.7.230.45 - - [12/May/2026:20:56:25 +0700] "GET /robots.txt HTTP/1.1" 400 52 "-" "Mozilla/5.0 (Macintosh; Intel Mac OS X 10_15_7) AppleWebKit/537.36 (KHTML, like Gecko) Chrome/131.0.0.0 Safari/537.36; compatible; OAI-SearchBot/1.3; robots.txt; +https://openai.com/searchbot"
114.119.146.18 - - [12/May/2026:20:56:30 +0700] "GET /shop/goods/diagnosis282008162.html HTTP/1.1" 200 1100 "https://1888v.org/?sitemap804.xml" "Mozilla/5.0 (Linux; Android 7.0;) AppleWebKit/537.36 (KHTML, like Gecko) Mobile Safari/537.36 (compatible; PetalBot;+https://webmaster.petalsearch.com/site/petalbot)"
114.119.149.89 - - [12/May/2026:21:03:07 +0700] "GET /shop/goods/cottage139029181.html HTTP/1.1" 200 1100 "https://1888v.org/?sitemap645.xml" "Mozilla/5.0 (Linux; Android 7.0;) AppleWebKit/537.36 (KHTML, like Gecko) Mobile Safari/537.36 (compatible; PetalBot;+https://webmaster.petalsearch.com/site/petalbot)"
114.119.129.74 - - [12/May/2026:21:07:57 +0700] "GET /?sitemap577.xml HTTP/1.1" 200 1100 "-" "Mozilla/5.0 (Linux; Android 7.0;) AppleWebKit/537.36 (KHTML, like Gecko) Mobile Safari/537.36 (compatible; PetalBot;+https://webmaster.petalsearch.com/site/petalbot)"
114.119.135.202 - - [12/May/2026:21:08:21 +0700] "GET /shop/goods/composition035005669.html HTTP/1.1" 200 1100 "https://1888v.org/?sitemap998.xml" "Mozilla/5.0 (Linux; Android 7.0;) AppleWebKit/537.36 (KHTML, like Gecko) Mobile Safari/537.36 (compatible; PetalBot;+https://webmaster.petalsearch.com/site/petalbot)"
205.210.31.18 - - [12/May/2026:21:08:25 +0700] "GET / HTTP/1.1" 200 1100 "-" "Hello from Palo Alto Networks, find out more about our scans in https://docs-cortex.paloaltonetworks.com/r/1/Cortex-Xpanse/Scanning-activity"
114.119.140.169 - - [12/May/2026:21:09:45 +0700] "GET /shop/goods/competition282005998.html HTTP/1.1" 200 1100 "https://1888v.org/?sitemap341.xml" "Mozilla/5.0 (Linux; Android 7.0;) AppleWebKit/537.36 (KHTML, like Gecko) Mobile Safari/537.36 (compatible; PetalBot;+https://webmaster.petalsearch.com/site/petalbot)"
114.119.138.179 - - [12/May/2026:21:11:07 +0700] "GET /shop/goods/communicate270013698.html HTTP/1.1" 200 1100 "https://1888v.org/?sitemap804.xml" "Mozilla/5.0 (Linux; Android 7.0;) AppleWebKit/537.36 (KHTML, like Gecko) Mobile Safari/537.36 (compatible; PetalBot;+https://webmaster.petalsearch.com/site/petalbot)"
74.7.244.18 - - [12/May/2026:21:11:24 +0700] "GET /robots.txt HTTP/1.1" 200 26 "-" "Mozilla/5.0 (Macintosh; Intel Mac OS X 10_15_7) AppleWebKit/537.36 (KHTML, like Gecko) Chrome/131.0.0.0 Safari/537.36; compatible; OAI-SearchBot/1.3; robots.txt; +https://openai.com/searchbot"
114.119.149.89 - - [12/May/2026:21:12:32 +0700] "GET /shop/goods/combined204028554.html HTTP/1.1" 200 1100 "https://1888v.org/?sitemap863.xml" "Mozilla/5.0 (Linux; Android 7.0;) AppleWebKit/537.36 (KHTML, like Gecko) Mobile Safari/537.36 (compatible; PetalBot;+https://webmaster.petalsearch.com/site/petalbot)"
114.119.146.18 - - [12/May/2026:21:13:44 +0700] "GET /shop/goods/cloth062001792.html HTTP/1.1" 200 1100 "https://1888v.org/?sitemap617.xml" "Mozilla/5.0 (Linux; Android 7.0;) AppleWebKit/537.36 (KHTML, like Gecko) Mobile Safari/537.36 (compatible; PetalBot;+https://webmaster.petalsearch.com/site/petalbot)"
46.151.178.13 - - [12/May/2026:21:19:20 +0700] "PROPFIND / HTTP/1.1" 405 1100 "http://198.252.107.224:443/" "-"
114.119.149.89 - - [12/May/2026:21:25:39 +0700] "GET /shop/goods/income110020450.html HTTP/1.1" 200 1100 "https://1888v.org/?sitemap299.xml" "Mozilla/5.0 (Linux; Android 7.0;) AppleWebKit/537.36 (KHTML, like Gecko) Mobile Safari/537.36 (compatible; PetalBot;+https://webmaster.petalsearch.com/site/petalbot)"
114.119.135.202 - - [12/May/2026:21:28:11 +0700] "GET /shop/goods/fame246039964.html HTTP/1.1" 200 1100 "https://1888v.org/?sitemap299.xml" "Mozilla/5.0 (Linux; Android 7.0;) AppleWebKit/537.36 (KHTML, like Gecko) Mobile Safari/537.36 (compatible; PetalBot;+https://webmaster.petalsearch.com/site/petalbot)"
114.119.142.39 - - [12/May/2026:21:28:28 +0700] "GET /?sitemap299.xml HTTP/1.1" 200 1100 "-" "Mozilla/5.0 (Linux; Android 7.0;) AppleWebKit/537.36 (KHTML, like Gecko) Mobile Safari/537.36 (compatible; PetalBot;+https://webmaster.petalsearch.com/site/petalbot)"
114.119.149.89 - - [12/May/2026:21:28:55 +0700] "GET /shop/goods/enemy296019700.html HTTP/1.1" 200 1100 "https://1888v.org/?sitemap998.xml" "Mozilla/5.0 (Linux; Android 7.0;) AppleWebKit/537.36 (KHTML, like Gecko) Mobile Safari/537.36 (compatible; PetalBot;+https://webmaster.petalsearch.com/site/petalbot)"
114.119.128.44 - - [12/May/2026:21:30:16 +0700] "GET /?sitemap645.xml HTTP/1.1" 200 1100 "-" "Mozilla/5.0 (Linux; Android 7.0;) AppleWebKit/537.36 (KHTML, like Gecko) Mobile Safari/537.36 (compatible; PetalBot;+https://webmaster.petalsearch.com/site/petalbot)"
114.119.140.169 - - [12/May/2026:21:32:28 +0700] "GET /shop/goods/definition247009205.html HTTP/1.1" 200 1100 "https://1888v.org/?sitemap299.xml" "Mozilla/5.0 (Linux; Android 7.0;) AppleWebKit/537.36 (KHTML, like Gecko) Mobile Safari/537.36 (compatible; PetalBot;+https://webmaster.petalsearch.com/site/petalbot)"
114.119.150.114 - - [12/May/2026:21:32:36 +0700] "GET /?sitemap341.xml HTTP/1.1" 200 1100 "-" "Mozilla/5.0 (Linux; Android 7.0;) AppleWebKit/537.36 (KHTML, like Gecko) Mobile Safari/537.36 (compatible; PetalBot;+https://webmaster.petalsearch.com/site/petalbot)"
195.178.110.162 - - [12/May/2026:21:34:47 +0700] "GET /.git/credentials HTTP/1.1" 200 1100 "-" "Mozilla/5.0 (Windows NT 10.0; Win64; x64) AppleWebKit/537.36 (KHTML, like Gecko) Chrome/72.0.3626.119 Safari/537.36"
114.119.141.127 - - [12/May/2026:21:35:08 +0700] "GET /?sitemap749.xml HTTP/1.1" 200 1100 "-" "Mozilla/5.0 (Linux; Android 7.0;) AppleWebKit/537.36 (KHTML, like Gecko) Mobile Safari/537.36 (compatible; PetalBot;+https://webmaster.petalsearch.com/site/petalbot)"
114.119.135.202 - - [12/May/2026:21:36:22 +0700] "GET /shop/goods/confront244014276.html HTTP/1.1" 200 1100 "https://1888v.org/?sitemap645.xml" "Mozilla/5.0 (Linux; Android 7.0;) AppleWebKit/537.36 (KHTML, like Gecko) Mobile Safari/537.36 (compatible; PetalBot;+https://webmaster.petalsearch.com/site/petalbot)"
185.177.72.100 - - [12/May/2026:21:39:16 +0700] "GET /.cache HTTP/1.1" 200 1100 "-" "curl/8.7.1"
185.177.72.100 - - [12/May/2026:21:39:16 +0700] "GET /config/stripe.yaml HTTP/1.1" 200 1100 "-" "curl/8.7.1"
185.177.72.100 - - [12/May/2026:21:39:17 +0700] "GET /.well-known/stripe.txt HTTP/1.1" 200 1100 "-" "curl/8.7.1"
185.177.72.100 - - [12/May/2026:21:39:17 +0700] "GET /payment/stripe.json HTTP/1.1" 200 1100 "-" "curl/8.7.1"
185.177.72.100 - - [12/May/2026:21:39:17 +0700] "GET /stripe.yaml HTTP/1.1" 200 1100 "-" "curl/8.7.1"
185.177.72.100 - - [12/May/2026:21:39:17 +0700] "GET /payment_gateways/stripe.yaml HTTP/1.1" 200 1100 "-" "curl/8.7.1"
185.177.72.100 - - [12/May/2026:21:39:18 +0700] "GET /stripe/config.json HTTP/1.1" 200 1100 "-" "curl/8.7.1"
185.177.72.100 - - [12/May/2026:21:39:18 +0700] "GET /src/config/stripe.ts HTTP/1.1" 200 1100 "-" "curl/8.7.1"
185.177.72.100 - - [12/May/2026:21:39:18 +0700] "GET /client/stripe.config.js HTTP/1.1" 200 1100 "-" "curl/8.7.1"
185.177.72.100 - - [12/May/2026:21:39:18 +0700] "GET /stripe.env HTTP/1.1" 200 1100 "-" "curl/8.7.1"
185.177.72.100 - - [12/May/2026:21:39:19 +0700] "GET /stripe.config.js HTTP/1.1" 200 1100 "-" "curl/8.7.1"
185.177.72.100 - - [12/May/2026:21:39:19 +0700] "GET /stripe/webhook_secret.env HTTP/1.1" 200 1100 "-" "curl/8.7.1"
185.177.72.100 - - [12/May/2026:21:39:19 +0700] "GET /public/stripe.js HTTP/1.1" 200 1100 "-" "curl/8.7.1"
185.177.72.100 - - [12/May/2026:21:39:19 +0700] "GET /config/stripe.php HTTP/1.1" 200 1100 "-" "curl/8.7.1"
185.177.72.100 - - [12/May/2026:21:39:20 +0700] "GET /webhooks/incoming/stripe.json HTTP/1.1" 200 1100 "-" "curl/8.7.1"
185.177.72.100 - - [12/May/2026:21:39:20 +0700] "GET /stripe-keys.json HTTP/1.1" 200 1100 "-" "curl/8.7.1"
185.177.72.100 - - [12/May/2026:21:39:20 +0700] "GET /src/config/stripe.js HTTP/1.1" 200 1100 "-" "curl/8.7.1"
185.177.72.100 - - [12/May/2026:21:39:20 +0700] "GET /stripe.json HTTP/1.1" 200 1100 "-" "curl/8.7.1"
185.177.72.100 - - [12/May/2026:21:39:21 +0700] "GET /stripe-credentials.json HTTP/1.1" 200 1100 "-" "curl/8.7.1"
185.177.72.100 - - [12/May/2026:21:39:21 +0700] "GET /.well-known/stripe/ HTTP/1.1" 200 1100 "-" "curl/8.7.1"
185.177.72.100 - - [12/May/2026:21:39:21 +0700] "GET /.stripe/ HTTP/1.1" 200 1100 "-" "curl/8.7.1"
185.177.72.100 - - [12/May/2026:21:39:21 +0700] "GET /stripe/.env HTTP/1.1" 200 1100 "-" "curl/8.7.1"
185.177.72.100 - - [12/May/2026:21:39:22 +0700] "GET /config/stripe.json HTTP/1.1" 200 1100 "-" "curl/8.7.1"
185.177.72.100 - - [12/May/2026:21:39:22 +0700] "GET /plugins/payments/stripe.json HTTP/1.1" 200 1100 "-" "curl/8.7.1"
185.177.72.100 - - [12/May/2026:21:39:22 +0700] "GET /unprotected/json-minified.js HTTP/1.1" 200 1100 "-" "curl/8.7.1"
114.119.152.177 - - [12/May/2026:21:41:55 +0700] "GET /shop/goods/founder190036868.html HTTP/1.1" 200 1100 "https://1888v.org/?sitemap749.xml" "Mozilla/5.0 (Linux; Android 7.0;) AppleWebKit/537.36 (KHTML, like Gecko) Mobile Safari/537.36 (compatible; PetalBot;+https://webmaster.petalsearch.com/site/petalbot)"
114.119.149.89 - - [12/May/2026:21:44:15 +0700] "GET /shop/goods/depth209015393.html HTTP/1.1" 200 1100 "https://1888v.org/?sitemap299.xml" "Mozilla/5.0 (Linux; Android 7.0;) AppleWebKit/537.36 (KHTML, like Gecko) Mobile Safari/537.36 (compatible; PetalBot;+https://webmaster.petalsearch.com/site/petalbot)"
94.231.206.248 - - [12/May/2026:21:47:49 +0700] "GET / HTTP/1.1" 200 1100 "-" "Mozilla/5.0 (X11; Ubuntu; Linux x86_64; rv:134.0) Gecko/20100101 Firefox/134.0"
94.231.206.154 - - [12/May/2026:21:50:10 +0700] "GET /favicon.ico HTTP/1.1" 200 1100 "-" "Mozilla/5.0 (X11; Ubuntu; Linux x86_64; rv:134.0) Gecko/20100101 Firefox/134.0"
114.119.144.41 - - [12/May/2026:21:54:45 +0700] "GET /shop/goods/ceiling224043486.html HTTP/1.1" 200 1100 "https://1888v.org/?sitemap341.xml" "Mozilla/5.0 (Linux; Android 7.0;) AppleWebKit/537.36 (KHTML, like Gecko) Mobile Safari/537.36 (compatible; PetalBot;+https://webmaster.petalsearch.com/site/petalbot)"
166.88.41.174 - - [12/May/2026:21:54:53 +0700] "GET / HTTP/1.1" 200 1100 "-" "Mozilla/5.0 (Windows NT 10.0; Win64; x64) AppleWebKit/537.36 (KHTML, like Gecko) Chrome/144.0.0.0 Safari/537.36"
114.119.152.177 - - [12/May/2026:21:58:09 +0700] "GET /shop/goods/cab023022827.html HTTP/1.1" 200 1100 "https://1888v.org/?sitemap617.xml" "Mozilla/5.0 (Linux; Android 7.0;) AppleWebKit/537.36 (KHTML, like Gecko) Mobile Safari/537.36 (compatible; PetalBot;+https://webmaster.petalsearch.com/site/petalbot)"
121.226.29.90 - - [12/May/2026:21:59:12 +0700] "GET / HTTP/1.0" 403 - "-" "-"
121.226.29.90 - - [12/May/2026:21:59:17 +0700] "GET / HTTP/1.0" 403 - "-" "-"
121.226.29.90 - - [12/May/2026:21:59:20 +0700] "GET / HTTP/1.0" 403 - "-" "-"
121.226.29.90 - - [12/May/2026:21:59:24 +0700] "GET / HTTP/1.0" 403 - "-" "-"
121.226.29.90 - - [12/May/2026:21:59:28 +0700] "GET / HTTP/1.0" 403 - "-" "-"
121.226.29.90 - - [12/May/2026:21:59:31 +0700] "GET / HTTP/1.0" 403 - "-" "-"
121.226.29.90 - - [12/May/2026:21:59:36 +0700] "GET / HTTP/1.0" 403 - "-" "-"
121.226.29.90 - - [12/May/2026:21:59:37 +0700] "GET / HTTP/1.0" 403 - "-" "-"
121.226.29.90 - - [12/May/2026:21:59:39 +0700] "GET / HTTP/1.0" 403 - "-" "-"
121.226.29.90 - - [12/May/2026:21:59:42 +0700] "GET / HTTP/1.0" 403 - "-" "-"
121.226.29.90 - - [12/May/2026:21:59:46 +0700] "GET / HTTP/1.0" 403 - "-" "-"
121.226.29.90 - - [12/May/2026:21:59:51 +0700] "GET / HTTP/1.0" 403 - "-" "-"
121.226.29.90 - - [12/May/2026:21:59:53 +0700] "GET / HTTP/1.0" 403 - "-" "-"
121.226.29.90 - - [12/May/2026:21:59:58 +0700] "GET / HTTP/1.0" 403 - "-" "-"
121.226.29.90 - - [12/May/2026:22:00:02 +0700] "GET / HTTP/1.0" 403 - "-" "-"
121.226.29.90 - - [12/May/2026:22:00:04 +0700] "GET / HTTP/1.0" 403 - "-" "-"
121.226.29.90 - - [12/May/2026:22:00:07 +0700] "GET / HTTP/1.0" 403 - "-" "-"
114.119.144.41 - - [12/May/2026:22:00:08 +0700] "GET /shop/goods/button076004180.html HTTP/1.1" 200 1100 "https://1888v.org/?sitemap645.xml" "Mozilla/5.0 (Linux; Android 7.0;) AppleWebKit/537.36 (KHTML, like Gecko) Mobile Safari/537.36 (compatible; PetalBot;+https://webmaster.petalsearch.com/site/petalbot)"
121.226.29.90 - - [12/May/2026:22:00:11 +0700] "GET / HTTP/1.0" 403 - "-" "-"
121.226.29.90 - - [12/May/2026:22:00:15 +0700] "GET / HTTP/1.0" 403 - "-" "-"
121.226.29.90 - - [12/May/2026:22:00:18 +0700] "GET / HTTP/1.0" 403 - "-" "-"
121.226.29.90 - - [12/May/2026:22:00:20 +0700] "GET / HTTP/1.0" 403 - "-" "-"
121.226.29.90 - - [12/May/2026:22:00:24 +0700] "GET / HTTP/1.0" 403 - "-" "-"
121.226.29.90 - - [12/May/2026:22:00:31 +0700] "GET / HTTP/1.0" 403 - "-" "-"
121.226.29.90 - - [12/May/2026:22:00:33 +0700] "GET / HTTP/1.0" 403 - "-" "-"
121.226.29.90 - - [12/May/2026:22:00:35 +0700] "GET / HTTP/1.0" 403 - "-" "-"
121.226.29.90 - - [12/May/2026:22:00:36 +0700] "GET / HTTP/1.0" 403 - "-" "-"
121.226.29.90 - - [12/May/2026:22:00:40 +0700] "GET / HTTP/1.0" 403 - "-" "-"
121.226.29.90 - - [12/May/2026:22:00:43 +0700] "GET / HTTP/1.0" 403 - "-" "-"
121.226.29.90 - - [12/May/2026:22:00:45 +0700] "GET / HTTP/1.0" 403 - "-" "-"
121.226.29.90 - - [12/May/2026:22:00:48 +0700] "GET / HTTP/1.0" 403 - "-" "-"
121.226.29.90 - - [12/May/2026:22:00:50 +0700] "GET / HTTP/1.0" 403 - "-" "-"
121.226.29.90 - - [12/May/2026:22:00:53 +0700] "GET / HTTP/1.0" 403 - "-" "-"
121.226.29.90 - - [12/May/2026:22:00:59 +0700] "GET / HTTP/1.0" 403 - "-" "-"
121.226.29.90 - - [12/May/2026:22:01:06 +0700] "GET / HTTP/1.0" 403 - "-" "-"
121.226.29.90 - - [12/May/2026:22:01:07 +0700] "GET / HTTP/1.0" 403 - "-" "-"
121.226.29.90 - - [12/May/2026:22:01:11 +0700] "GET / HTTP/1.0" 403 - "-" "-"
121.226.29.90 - - [12/May/2026:22:01:13 +0700] "GET / HTTP/1.0" 403 - "-" "-"
121.226.29.90 - - [12/May/2026:22:01:16 +0700] "GET / HTTP/1.0" 403 - "-" "-"
121.226.29.90 - - [12/May/2026:22:01:21 +0700] "GET / HTTP/1.0" 403 - "-" "-"
121.226.29.90 - - [12/May/2026:22:01:24 +0700] "GET / HTTP/1.0" 403 - "-" "-"
121.226.29.90 - - [12/May/2026:22:01:27 +0700] "GET / HTTP/1.0" 403 - "-" "-"
121.226.29.90 - - [12/May/2026:22:01:30 +0700] "GET / HTTP/1.0" 403 - "-" "-"
121.226.29.90 - - [12/May/2026:22:01:33 +0700] "GET / HTTP/1.0" 403 - "-" "-"
121.226.29.90 - - [12/May/2026:22:01:37 +0700] "GET / HTTP/1.0" 403 - "-" "-"
121.226.29.90 - - [12/May/2026:22:01:40 +0700] "GET / HTTP/1.0" 403 - "-" "-"
121.226.29.90 - - [12/May/2026:22:01:43 +0700] "GET / HTTP/1.0" 403 - "-" "-"
121.226.29.90 - - [12/May/2026:22:01:46 +0700] "GET / HTTP/1.0" 403 - "-" "-"
121.226.29.90 - - [12/May/2026:22:01:51 +0700] "GET / HTTP/1.0" 403 - "-" "-"
121.226.29.90 - - [12/May/2026:22:01:52 +0700] "GET / HTTP/1.0" 403 - "-" "-"
121.226.29.90 - - [12/May/2026:22:02:01 +0700] "GET / HTTP/1.0" 403 - "-" "-"
121.226.29.90 - - [12/May/2026:22:02:05 +0700] "GET / HTTP/1.0" 403 - "-" "-"
121.226.29.90 - - [12/May/2026:22:02:07 +0700] "GET / HTTP/1.0" 403 - "-" "-"
121.226.29.90 - - [12/May/2026:22:02:08 +0700] "GET / HTTP/1.0" 403 - "-" "-"
121.226.29.90 - - [12/May/2026:22:02:11 +0700] "GET / HTTP/1.0" 403 - "-" "-"
121.226.29.90 - - [12/May/2026:22:02:14 +0700] "GET / HTTP/1.0" 403 - "-" "-"
121.226.29.90 - - [12/May/2026:22:02:16 +0700] "GET / HTTP/1.0" 403 - "-" "-"
121.226.29.90 - - [12/May/2026:22:02:18 +0700] "GET / HTTP/1.0" 403 - "-" "-"
121.226.29.90 - - [12/May/2026:22:02:22 +0700] "GET / HTTP/1.0" 403 - "-" "-"
121.226.29.90 - - [12/May/2026:22:02:24 +0700] "GET / HTTP/1.0" 403 - "-" "-"
121.226.29.90 - - [12/May/2026:22:02:26 +0700] "GET / HTTP/1.0" 403 - "-" "-"
121.226.29.90 - - [12/May/2026:22:02:28 +0700] "GET / HTTP/1.0" 403 - "-" "-"
121.226.29.90 - - [12/May/2026:22:02:34 +0700] "GET / HTTP/1.0" 403 - "-" "-"
114.119.140.169 - - [12/May/2026:22:03:58 +0700] "GET /shop/goods/bow030021598.html HTTP/1.1" 200 1100 "https://1888v.org/?sitemap863.xml" "Mozilla/5.0 (Linux; Android 7.0;) AppleWebKit/537.36 (HTML, like Gecko) Mobile Safari/537.36 (compatible; PetalBot;+https://webmaster.petalsearch.com/site/petalbot)"
165.154.60.191 - - [12/May/2026:22:06:50 +0700] "GET / HTTP/1.0" 403 - "-" "-"
165.154.60.191 - - [12/May/2026:22:06:58 +0700] "t3 12.1.2\n" 403 - "-" "-"
114.119.152.177 - - [12/May/2026:22:07:56 +0700] "GET /shop/goods/bike230040974.html HTTP/1.1" 200 1100 "https://1888v.org/?sitemap998.xml" "Mozilla/5.0 (Linux; Android 7.0;) AppleWebKit/537.36 (KHTML, like Gecko) Mobile Safari/537.36 (compatible; PetalBot;+https://webmaster.petalsearch.com/site/petalbot)"
45.148.10.67 - - [12/May/2026:22:08:57 +0700] "GET / HTTP/1.1" 200 1100 "-" "Mozilla/5.0 (Windows NT 10.0; Win64; x64) AppleWebKit/537.36 (KHTML, like Gecko) Chrome/131.0.0.0 Safari/537.36"
114.119.152.177 - - [12/May/2026:22:11:08 +0700] "GET /shop/goods/angel049037969.html HTTP/1.1" 200 1100 "https://1888v.org/?sitemap863.xml" "Mozilla/5.0 (Linux; Android 7.0;) AppleWebKit/537.36 (KHTML, like Gecko) Mobile Safari/537.36 (compatible; PetalBot;+https://webmaster.petalsearch.com/site/petalbot)"
114.119.132.85 - - [12/May/2026:22:13:40 +0700] "GET /shop/goods/activity146018566.html HTTP/1.1" 200 1100 "https://1888v.org/?sitemap863.xml" "Mozilla/5.0 (Linux; Android 7.0;) AppleWebKit/537.36 (KHTML, like Gecko) Mobile Safari/537.36 (compatible; PetalBot;+https://webmaster.petalsearch.com/site/petalbot)"
205.210.31.55 - - [12/May/2026:22:14:15 +0700] "GET / HTTP/1.1" 200 1100 "-" "Hello from Palo Alto Networks, find out more about our scans in https://docs-cortex.paloaltonetworks.com/r/1/Cortex-Xpanse/Scanning-activity"
64.89.160.178 - - [12/May/2026:22:14:17 +0700] "GET / HTTP/1.1" 401 36 "-" "-"
64.89.160.178 - - [12/May/2026:22:14:17 +0700] "GET / HTTP/1.1" 200 37940 "-" "-"
64.89.160.178 - - [12/May/2026:22:14:17 +0700] "GET / HTTP/1.1" 401 36 "-" "-"
64.89.160.178 - - [12/May/2026:22:14:18 +0700] "GET / HTTP/1.1" 401 36 "-" "-"
64.89.160.178 - - [12/May/2026:22:14:24 +0700] "GET /autodiscover/autodiscover.xml HTTP/1.1" 400 52 "-" "-"
114.119.144.41 - - [12/May/2026:22:14:59 +0700] "GET /buy.php?products/tent/e087013471 HTTP/1.1" 200 1100 "https://1888v.org/buy.php?sitemap231.xml" "Mozilla/5.0 (Linux; Android 7.0;) AppleWebKit/537.36 (KHTML, like Gecko) Mobile Safari/537.36 (compatible; PetalBot;+https://webmaster.petalsearch.com/site/petalbot)"
47.254.195.243 - - [12/May/2026:22:15:58 +0700] "GET / HTTP/1.1" 200 1100 "-" "curl/7.64.1"
47.254.195.243 - - [12/May/2026:22:16:03 +0700] "GET / HTTP/1.1" 200 1100 "-" "curl/7.74.0"
114.119.138.179 - - [12/May/2026:22:18:00 +0700] "GET /buy.php?products/calendar/h189025169 HTTP/1.1" 200 1100 "https://1888v.org/buy.php?sitemap231.xml" "Mozilla/5.0 (Linux; Android 7.0;) AppleWebKit/537.36 (HTML, like Gecko) Mobile Safari/537.36 (compatible; PetalBot;+https://webmaster.petalsearch.com/site/petalbot)"
114.119.132.85 - - [12/May/2026:22:22:08 +0700] "GET /buy.php?item/176034335 HTTP/1.1" 200 1100 "https://1888v.org/buy.php?sitemap231.xml" "Mozilla/5.0 (Linux; Android 7.0;) AppleWebKit/537.36 (HTML, like Gecko) Mobile Safari/537.36 (compatible; PetalBot;+https://webmaster.petalsearch.com/site/petalbot)"
5.255.122.133 - - [12/May/2026:22:23:49 +0700] "GET / HTTP/1.1" 400 52 "-" "Mozilla/5.0 (compatible; Applebot/0.1; +http://www.apple.com/go/applebot)"
5.255.122.133 - - [12/May/2026:22:23:50 +0700] "GET /.ssh/id_ed25519 HTTP/1.1" 400 52 "-" "Mozilla/5.0 (Windows NT 10.0; Win64; x64) AppleWebKit/537.36 (KHTML, like Gecko) Chrome/130.0.0.0 Safari/537.36"
5.255.122.133 - - [12/May/2026:22:23:50 +0700] "GET /.env.test HTTP/1.1" 400 52 "-" "Mozilla/5.0 (Macintosh; Intel Mac OS X 10_15_7) AppleWebKit/605.1.15 (KHTML, like Gecko) Version/18.1 Safari/605.1.15"
5.255.122.133 - - [12/May/2026:22:23:50 +0700] "GET /.env.old HTTP/1.1" 400 52 "-" "Mozilla/5.0 (X11; Linux x86_64) AppleWebKit/537.36 (KHTML, like Gecko) Chrome/131.0.0.0 Safari/537.36"
5.255.122.133 - - [12/May/2026:22:23:50 +0700] "GET /.env.example HTTP/1.1" 400 52 "-" "Mozilla/5.0 (Windows NT 10.0; Win64; x64) AppleWebKit/537.36 (KHTML, like Gecko) Chrome/129.0.0.0 Safari/537.36"
5.255.122.133 - - [12/May/2026:22:23:50 +0700] "GET /application.properties HTTP/1.1" 400 52 "-" "Mozilla/5.0 (Windows NT 10.0; Win64; x64) AppleWebKit/537.36 (KHTML, like Gecko) Chrome/130.0.0.0 Safari/537.36"
5.255.122.133 - - [12/May/2026:22:23:50 +0700] "GET /.env.development HTTP/1.1" 400 52 "-" "Mozilla/5.0 (Macintosh; Intel Mac OS X 10_15_7) AppleWebKit/605.1.15 (KHTML, like Gecko) Version/17.6 Safari/605.1.15"
5.255.122.133 - - [12/May/2026:22:23:50 +0700] "GET /.env.local HTTP/1.1" 400 52 "-" "Mozilla/5.0 (Windows NT 10.0; Win64; x64; rv:132.0) Gecko/20100101 Firefox/132.0"
5.255.122.133 - - [12/May/2026:22:23:52 +0700] "GET /secrets.json HTTP/1.1" 400 52 "-" "Mozilla/5.0 (Windows NT 10.0; Win64; x64) AppleWebKit/537.36 (KHTML, like Gecko) Chrome/131.0.0.0 Safari/537.36"
5.255.122.133 - - [12/May/2026:22:23:52 +0700] "GET /app/.env HTTP/1.1" 400 52 "-" "Mozilla/5.0 (iPad; CPU OS 18_1 like Mac OS X) AppleWebKit/605.1.15 (KHTML, like Gecko) Version/18.1 Mobile/15E148 Safari/604.1"
5.255.122.133 - - [12/May/2026:22:23:52 +0700] "GET /.pypirc HTTP/1.1" 400 52 "-" "Mozilla/5.0 (Macintosh; Intel Mac OS X 14.7; rv:133.0) Gecko/20100101 Firefox/133.0"
5.255.122.133 - - [12/May/2026:22:23:52 +0700] "GET /config/secrets.yml HTTP/1.1" 400 52 "-" "Mozilla/5.0 (Windows NT 10.0; Win64; x64; rv:132.0) Gecko/20100101 Firefox/132.0"
5.255.122.133 - - [12/May/2026:22:23:52 +0700] "GET /.env.production HTTP/1.1" 400 52 "-" "Mozilla/5.0 (Windows NT 10.0; Win64; x64) AppleWebKit/537.36 (KHTML, like Gecko) Chrome/130.0.0.0 Safari/537.36"
5.255.122.133 - - [12/May/2026:22:23:52 +0700] "GET /application.yml HTTP/1.1" 400 52 "-" "Mozilla/5.0 (Windows NT 10.0; Win64; x64; rv:132.0) Gecko/20100101 Firefox/132.0"
5.255.122.133 - - [12/May/2026:22:23:53 +0700] "GET /service-account.json HTTP/1.1" 400 52 "-" "Mozilla/5.0 (Macintosh; Intel Mac OS X 10_15_7) AppleWebKit/537.36 (KHTML, like Gecko) Chrome/131.0.0.0 Safari/537.36"
5.255.122.133 - - [12/May/2026:22:23:53 +0700] "GET /config/application.properties HTTP/1.1" 400 52 "-" "Mozilla/5.0 (Macintosh; Intel Mac OS X 10_15_7) AppleWebKit/605.1.15 (KHTML, like Gecko) Version/18.1 Safari/605.1.15"
5.255.122.133 - - [12/May/2026:22:23:54 +0700] "GET /config.json HTTP/1.1" 400 52 "-" "Mozilla/5.0 (Macintosh; Intel Mac OS X 10_15_7) AppleWebKit/537.36 (KHTML, like Gecko) Chrome/131.0.0.0 Safari/537.36"
5.255.122.133 - - [12/May/2026:22:23:54 +0700] "GET /api/health HTTP/1.1" 400 52 "-" "Mozilla/5.0 (iPhone; CPU iPhone OS 18_1 like Mac OS X) AppleWebKit/605.1.15 (KHTML, like Gecko) Version/18.1 Mobile/15E148 Safari/604.1"
5.255.122.133 - - [12/May/2026:22:23:54 +0700] "GET /__env.js HTTP/1.1" 400 52 "-" "Mozilla/5.0 (Macintosh; Intel Mac OS X 10_15_7) AppleWebKit/537.36 (KHTML, like Gecko) Chrome/131.0.0.0 Safari/537.36"
5.255.122.133 - - [12/May/2026:22:23:54 +0700] "GET /.well-known/jwks.json HTTP/1.1" 400 52 "-" "Mozilla/5.0 (Macintosh; Intel Mac OS X 10_15_7) AppleWebKit/605.1.15 (KHTML, like Gecko) Version/18.1 Safari/605.1.15"
5.255.122.133 - - [12/May/2026:22:23:54 +0700] "GET /openapi.json HTTP/1.1" 400 52 "-" "Mozilla/5.0 (X11; Linux x86_64) AppleWebKit/537.36 (KHTML, like Gecko) Chrome/131.0.0.0 Safari/537.36"
5.255.122.133 - - [12/May/2026:22:23:54 +0700] "GET /env.js HTTP/1.1" 400 52 "-" "Mozilla/5.0 (Windows NT 10.0; Win64; x64) AppleWebKit/537.36 (KHTML, like Gecko) Chrome/129.0.0.0 Safari/537.36"
5.255.122.133 - - [12/May/2026:22:23:56 +0700] "GET /manifest.webmanifest HTTP/1.1" 400 52 "-" "Mozilla/5.0 (Windows NT 10.0; Win64; x64) AppleWebKit/537.36 (KHTML, like Gecko) Chrome/129.0.0.0 Safari/537.36"
5.255.122.133 - - [12/May/2026:22:23:56 +0700] "GET /api/v1/env HTTP/1.1" 400 52 "-" "Mozilla/5.0 (Windows NT 10.0; Win64; x64; rv:133.0) Gecko/20100101 Firefox/133.0"
5.255.122.133 - - [12/May/2026:22:23:56 +0700] "GET /app-config.json HTTP/1.1" 400 52 "-" "Mozilla/5.0 (Windows NT 10.0; Win64; x64; rv:132.0) Gecko/20100101 Firefox/132.0"
114.119.149.89 - - [12/May/2026:22:27:44 +0700] "GET /buy.php?%3Fr=151007003 HTTP/1.1" 200 1100 "https://1888v.org/buy.php?sitemap231.xml" "Mozilla/5.0 (Linux; Android 7.0;) AppleWebKit/537.36 (HTML, like Gecko) Mobile Safari/537.36 (compatible; PetalBot;+https://webmaster.petalsearch.com/site/petalbot)"
114.119.144.41 - - [12/May/2026:22:31:46 +0700] "GET /buy.php??c=062042100 HTTP/1.1" 200 1100 "https://1888v.org/buy.php?sitemap231.xml" "Mozilla/5.0 (Linux; Android 7.0;) AppleWebKit/537.36 (KHTML, like Gecko) Mobile Safari/537.36 (compatible; PetalBot;+https://webmaster.petalsearch.com/site/petalbot)"
74.7.228.59 - - [12/May/2026:22:31:48 +0700] "GET /robots.txt HTTP/1.1" 200 1100 "-" "Mozilla/5.0 (Macintosh; Intel Mac OS X 10_15_7) AppleWebKit/537.36 (KHTML, like Gecko) Chrome/131.0.0.0 Safari/537.36; compatible; OAI-SearchBot/1.3; robots.txt; +https://openai.com/searchbot"
114.119.132.85 - - [12/May/2026:22:33:36 +0700] "GET /buy.php??b=128030940 HTTP/1.1" 200 1100 "https://1888v.org/buy.php?sitemap231.xml" "Mozilla/5.0 (Linux; Android 7.0;) AppleWebKit/537.36 (KHTML, like Gecko) Mobile Safari/537.36 (compatible; PetalBot;+https://webmaster.petalsearch.com/site/petalbot)"
114.119.144.41 - - [12/May/2026:22:34:41 +0700] "GET /?_z=295037136 HTTP/1.1" 200 1100 "https://1888v.org/?sitemap645.xml" "Mozilla/5.0 (Linux; Android 7.0;) AppleWebKit/537.36 (HTML, like Gecko) Mobile Safari/537.36 (compatible; PetalBot;+https://webmaster.petalsearch.com/site/petalbot)"
116.99.248.88 - - [12/May/2026:22:35:54 +0700] "GET / HTTP/1.1" 200 1100 "-" "Mozilla/5.0 (iPhone; CPU iPhone OS 15_8_7 like Mac OS X) AppleWebKit/605.1.15 (KHTML, like Gecko) Version/15.6.8 Mobile/15E148 Safari/604.1"
195.184.76.46 - - [12/May/2026:22:36:37 +0700] "GET /program/js/app.js HTTP/1.1" 404 5749 "-" "Mozilla/5.0 (X11; Ubuntu; Linux x86_64; rv:134.0) Gecko/20100101 Firefox/134.0"
195.184.76.46 - - [12/May/2026:22:36:39 +0700] "GET /installer/index.php HTTP/1.1" 404 5749 "-" "Mozilla/5.0 (X11; Ubuntu; Linux x86_64; rv:134.0) Gecko/20100101 Firefox/134.0"
